{"id":2082,"date":"2025-12-05T16:05:56","date_gmt":"2025-12-05T15:05:56","guid":{"rendered":"https:\/\/woo.audacieuse-galerie.ch\/?post_type=product&#038;p=2082"},"modified":"2026-04-09T21:51:47","modified_gmt":"2026-04-09T19:51:47","slug":"un-photographe-pour-vous-et-votre-bebe","status":"publish","type":"product","link":"https:\/\/www.audacieuse-galerie.ch\/de\/produit\/un-photographe-pour-vous-et-votre-bebe\/","title":{"rendered":"Ein Fotograf f\u00fcr dich und dein Baby"},"content":{"rendered":"<h2><strong>Wie funktioniert Ihre Neugeborenen-Fotosession?<\/strong><\/h2>\n<p>Wir hei\u00dfen Sie in einem ruhigen und warmen Studio willkommen, das vollst\u00e4ndig auf das Wohlbefinden Ihres Babys vorbereitet ist. Die Temperatur ist angepasst, die Atmosph\u00e4re beruhigend und der Rhythmus entspricht seinen Bed\u00fcrfnissen. <\/p>\n<p>Die Sitzung dauert mindestens eine Stunde. Wir nehmen uns jedoch die n\u00f6tige Zeit. Pausen, Kuscheleinheiten, Stillen oder Flaschenf\u00fcttern geh\u00f6ren ganz nat\u00fcrlich zum Erlebnis.  <\/p>\n<p>Wir fotografieren Ihr Baby wach oder schlafend. Sie k\u00f6nnen eine zarte Inszenierung mit Accessoires w\u00e4hlen oder einen raffinierteren Ansatz bevorzugen. Au\u00dferdem machen wir Portr\u00e4ts in Ihren Armen, mit Mama, Papa oder als Paar. Wir f\u00fchren Sie einfach dazu, nat\u00fcrliche und harmonische Installationen zu erreichen.   <\/p>\n<p>Nach der Sitzung w\u00e4hlen wir die Bilder sorgf\u00e4ltig aus. Anschlie\u00dfend charakterisieren wir das Bild, um Licht, Farben, Rahmung und Details zu betonen und gleichzeitig die Authentizit\u00e4t zu bewahren.  Ihre Fotos werden Ihnen einige Tage nach Ihrer Sitzung in unserer sicheren Cloud geliefert.  <\/p>\n<p>Wir empfehlen, ab der zweiten Woche zu buchen oder wenn Sie sich vollst\u00e4ndig verf\u00fcgbar f\u00fchlen. W\u00e4hlen Sie die Zeit, die am besten zum Tempo Ihres Babys passt. Gemeinsam schaffen wir zeitlose Bilder, die den Beginn seiner Geschichte markieren werden.  <\/p>\n","protected":false},"excerpt":{"rendered":"<p>In einem Kokon, einem kleinen Korb, einer Rose, einem Kohl oder in Ihren Armen fotografieren wir das Baby in der sanften W\u00e4rme unseres Studios.<\/p>\n","protected":false},"featured_media":150550,"comment_status":"open","ping_status":"closed","template":"","meta":{"_glsr_average":0,"_glsr_ranking":0,"_glsr_reviews":0,"jetpack_publicize_message":"","jetpack_publicize_feature_enabled":true,"jetpack_social_post_already_shared":true,"jetpack_social_options":{"image_generator_settings":{"template":"highway","default_image_id":0,"font":"","enabled":false},"version":2}},"product_brand":[],"product_cat":[138,51,93],"product_tag":[2245,2252,2243,2150,2636,2427],"class_list":{"0":"post-2082","1":"product","2":"type-product","3":"status-publish","4":"has-post-thumbnail","6":"product_cat-familienfotografie","7":"product_cat-familienfotos","8":"product_cat-fotostudio-in-carouge-genf","9":"product_tag-baby","10":"product_tag-fotobuch-de","11":"product_tag-fotografien","12":"product_tag-professioneller-fotograf","13":"product_tag-schachtel","14":"product_tag-studio-de","15":"bookacti-activity","17":"first","18":"instock","19":"sale","20":"virtual","21":"taxable","22":"purchasable","23":"product-type-simple"},"yoast_head":"<!-- This site is optimized with the Yoast SEO plugin v27.4 - https:\/\/yoast.com\/product\/yoast-seo-wordpress\/ -->\n<title>Baby- und Neugeborenen-Session mit Fotograf in Carouge Genf<\/title>\n<meta name=\"description\" content=\"Geben Sie Ihrem Baby seine ersten sanften und intimen Portr\u00e4ts im Studio. Sanfte, intime Bilder, eine gro\u00dfe Auswahl an B\u00fcchern und Drucken, in Carouge Genf.\" \/>\n<meta name=\"robots\" content=\"index, follow, max-snippet:-1, max-image-preview:large, max-video-preview:-1\" \/>\n<link rel=\"canonical\" href=\"https:\/\/www.audacieuse-galerie.ch\/de\/produit\/un-photographe-pour-vous-et-votre-bebe\/\" \/>\n<meta property=\"og:locale\" content=\"de_DE\" \/>\n<meta property=\"og:type\" content=\"article\" \/>\n<meta property=\"og:title\" content=\"Baby- und Neugeborenen-Session mit Fotograf in Carouge Genf\" \/>\n<meta property=\"og:description\" content=\"Geben Sie Ihrem Baby seine ersten sanften und intimen Portr\u00e4ts im Studio. Sanfte, intime Bilder, eine gro\u00dfe Auswahl an B\u00fcchern und Drucken, in Carouge Genf.\" \/>\n<meta property=\"og:url\" content=\"https:\/\/www.audacieuse-galerie.ch\/de\/produit\/un-photographe-pour-vous-et-votre-bebe\/\" \/>\n<meta property=\"og:site_name\" content=\"Audacieuse-Galerie\" \/>\n<meta property=\"article:publisher\" content=\"https:\/\/www.facebook.com\/audacieuse.galerie\" \/>\n<meta property=\"article:modified_time\" content=\"2026-04-09T19:51:47+00:00\" \/>\n<meta property=\"og:image\" content=\"https:\/\/www.audacieuse-galerie.ch\/wp-content\/uploads\/2025\/12\/photographe-bebe-baby-carouge-geneve-scaled.webp\" \/>\n\t<meta property=\"og:image:width\" content=\"2560\" \/>\n\t<meta property=\"og:image:height\" content=\"2560\" \/>\n\t<meta property=\"og:image:type\" content=\"image\/webp\" \/>\n<meta name=\"twitter:card\" content=\"summary_large_image\" \/>\n<meta name=\"twitter:label1\" content=\"Gesch\u00e4tzte Lesezeit\" \/>\n\t<meta name=\"twitter:data1\" content=\"1 Minute\" \/>\n<script type=\"application\/ld+json\" class=\"yoast-schema-graph\">{\"@context\":\"https:\\\/\\\/schema.org\",\"@graph\":[{\"@type\":\"WebPage\",\"@id\":\"https:\\\/\\\/www.audacieuse-galerie.ch\\\/de\\\/produit\\\/un-photographe-pour-vous-et-votre-bebe\\\/\",\"url\":\"https:\\\/\\\/www.audacieuse-galerie.ch\\\/de\\\/produit\\\/un-photographe-pour-vous-et-votre-bebe\\\/\",\"name\":\"Baby- und Neugeborenen-Session mit Fotograf in Carouge Genf\",\"isPartOf\":{\"@id\":\"https:\\\/\\\/www.audacieuse-galerie.ch\\\/de\\\/#website\"},\"primaryImageOfPage\":{\"@id\":\"https:\\\/\\\/www.audacieuse-galerie.ch\\\/de\\\/produit\\\/un-photographe-pour-vous-et-votre-bebe\\\/#primaryimage\"},\"image\":{\"@id\":\"https:\\\/\\\/www.audacieuse-galerie.ch\\\/de\\\/produit\\\/un-photographe-pour-vous-et-votre-bebe\\\/#primaryimage\"},\"thumbnailUrl\":\"https:\\\/\\\/www.audacieuse-galerie.ch\\\/wp-content\\\/uploads\\\/2025\\\/12\\\/photographe-bebe-baby-carouge-geneve-scaled.webp\",\"datePublished\":\"2025-12-05T15:05:56+00:00\",\"dateModified\":\"2026-04-09T19:51:47+00:00\",\"description\":\"Geben Sie Ihrem Baby seine ersten sanften und intimen Portr\u00e4ts im Studio. Sanfte, intime Bilder, eine gro\u00dfe Auswahl an B\u00fcchern und Drucken, in Carouge Genf.\",\"breadcrumb\":{\"@id\":\"https:\\\/\\\/www.audacieuse-galerie.ch\\\/de\\\/produit\\\/un-photographe-pour-vous-et-votre-bebe\\\/#breadcrumb\"},\"inLanguage\":\"de\",\"potentialAction\":[{\"@type\":\"ReadAction\",\"target\":[\"https:\\\/\\\/www.audacieuse-galerie.ch\\\/de\\\/produit\\\/un-photographe-pour-vous-et-votre-bebe\\\/\"]}]},{\"@type\":\"ImageObject\",\"inLanguage\":\"de\",\"@id\":\"https:\\\/\\\/www.audacieuse-galerie.ch\\\/de\\\/produit\\\/un-photographe-pour-vous-et-votre-bebe\\\/#primaryimage\",\"url\":\"https:\\\/\\\/www.audacieuse-galerie.ch\\\/wp-content\\\/uploads\\\/2025\\\/12\\\/photographe-bebe-baby-carouge-geneve-scaled.webp\",\"contentUrl\":\"https:\\\/\\\/www.audacieuse-galerie.ch\\\/wp-content\\\/uploads\\\/2025\\\/12\\\/photographe-bebe-baby-carouge-geneve-scaled.webp\",\"width\":2560,\"height\":2560,\"caption\":\"Baby- und Geburtsfotograf in Carouge Genf\"},{\"@type\":\"BreadcrumbList\",\"@id\":\"https:\\\/\\\/www.audacieuse-galerie.ch\\\/de\\\/produit\\\/un-photographe-pour-vous-et-votre-bebe\\\/#breadcrumb\",\"itemListElement\":[{\"@type\":\"ListItem\",\"position\":1,\"name\":\"Heim\",\"item\":\"https:\\\/\\\/www.audacieuse-galerie.ch\\\/de\\\/\"},{\"@type\":\"ListItem\",\"position\":2,\"name\":\"Laden\",\"item\":\"https:\\\/\\\/www.audacieuse-galerie.ch\\\/de\\\/laden\\\/\"},{\"@type\":\"ListItem\",\"position\":3,\"name\":\"Ein Fotograf f\u00fcr dich und dein Baby\"}]},{\"@type\":\"WebSite\",\"@id\":\"https:\\\/\\\/www.audacieuse-galerie.ch\\\/de\\\/#website\",\"url\":\"https:\\\/\\\/www.audacieuse-galerie.ch\\\/de\\\/\",\"name\":\"Audacieuse-Galerie\",\"description\":\"Mode et Images\",\"potentialAction\":[{\"@type\":\"SearchAction\",\"target\":{\"@type\":\"EntryPoint\",\"urlTemplate\":\"https:\\\/\\\/www.audacieuse-galerie.ch\\\/de\\\/?s={search_term_string}\"},\"query-input\":{\"@type\":\"PropertyValueSpecification\",\"valueRequired\":true,\"valueName\":\"search_term_string\"}}],\"inLanguage\":\"de\"}]}<\/script>\n<!-- \/ Yoast SEO plugin. -->","yoast_head_json":{"title":"Baby- und Neugeborenen-Session mit Fotograf in Carouge Genf","description":"Geben Sie Ihrem Baby seine ersten sanften und intimen Portr\u00e4ts im Studio. Sanfte, intime Bilder, eine gro\u00dfe Auswahl an B\u00fcchern und Drucken, in Carouge Genf.","robots":{"index":"index","follow":"follow","max-snippet":"max-snippet:-1","max-image-preview":"max-image-preview:large","max-video-preview":"max-video-preview:-1"},"canonical":"https:\/\/www.audacieuse-galerie.ch\/de\/produit\/un-photographe-pour-vous-et-votre-bebe\/","og_locale":"de_DE","og_type":"article","og_title":"Baby- und Neugeborenen-Session mit Fotograf in Carouge Genf","og_description":"Geben Sie Ihrem Baby seine ersten sanften und intimen Portr\u00e4ts im Studio. Sanfte, intime Bilder, eine gro\u00dfe Auswahl an B\u00fcchern und Drucken, in Carouge Genf.","og_url":"https:\/\/www.audacieuse-galerie.ch\/de\/produit\/un-photographe-pour-vous-et-votre-bebe\/","og_site_name":"Audacieuse-Galerie","article_publisher":"https:\/\/www.facebook.com\/audacieuse.galerie","article_modified_time":"2026-04-09T19:51:47+00:00","og_image":[{"width":2560,"height":2560,"url":"https:\/\/www.audacieuse-galerie.ch\/wp-content\/uploads\/2025\/12\/photographe-bebe-baby-carouge-geneve-scaled.webp","type":"image\/webp"}],"twitter_card":"summary_large_image","twitter_misc":{"Gesch\u00e4tzte Lesezeit":"1 Minute"},"schema":{"@context":"https:\/\/schema.org","@graph":[{"@type":"WebPage","@id":"https:\/\/www.audacieuse-galerie.ch\/de\/produit\/un-photographe-pour-vous-et-votre-bebe\/","url":"https:\/\/www.audacieuse-galerie.ch\/de\/produit\/un-photographe-pour-vous-et-votre-bebe\/","name":"Baby- und Neugeborenen-Session mit Fotograf in Carouge Genf","isPartOf":{"@id":"https:\/\/www.audacieuse-galerie.ch\/de\/#website"},"primaryImageOfPage":{"@id":"https:\/\/www.audacieuse-galerie.ch\/de\/produit\/un-photographe-pour-vous-et-votre-bebe\/#primaryimage"},"image":{"@id":"https:\/\/www.audacieuse-galerie.ch\/de\/produit\/un-photographe-pour-vous-et-votre-bebe\/#primaryimage"},"thumbnailUrl":"https:\/\/www.audacieuse-galerie.ch\/wp-content\/uploads\/2025\/12\/photographe-bebe-baby-carouge-geneve-scaled.webp","datePublished":"2025-12-05T15:05:56+00:00","dateModified":"2026-04-09T19:51:47+00:00","description":"Geben Sie Ihrem Baby seine ersten sanften und intimen Portr\u00e4ts im Studio. Sanfte, intime Bilder, eine gro\u00dfe Auswahl an B\u00fcchern und Drucken, in Carouge Genf.","breadcrumb":{"@id":"https:\/\/www.audacieuse-galerie.ch\/de\/produit\/un-photographe-pour-vous-et-votre-bebe\/#breadcrumb"},"inLanguage":"de","potentialAction":[{"@type":"ReadAction","target":["https:\/\/www.audacieuse-galerie.ch\/de\/produit\/un-photographe-pour-vous-et-votre-bebe\/"]}]},{"@type":"ImageObject","inLanguage":"de","@id":"https:\/\/www.audacieuse-galerie.ch\/de\/produit\/un-photographe-pour-vous-et-votre-bebe\/#primaryimage","url":"https:\/\/www.audacieuse-galerie.ch\/wp-content\/uploads\/2025\/12\/photographe-bebe-baby-carouge-geneve-scaled.webp","contentUrl":"https:\/\/www.audacieuse-galerie.ch\/wp-content\/uploads\/2025\/12\/photographe-bebe-baby-carouge-geneve-scaled.webp","width":2560,"height":2560,"caption":"Baby- und Geburtsfotograf in Carouge Genf"},{"@type":"BreadcrumbList","@id":"https:\/\/www.audacieuse-galerie.ch\/de\/produit\/un-photographe-pour-vous-et-votre-bebe\/#breadcrumb","itemListElement":[{"@type":"ListItem","position":1,"name":"Heim","item":"https:\/\/www.audacieuse-galerie.ch\/de\/"},{"@type":"ListItem","position":2,"name":"Laden","item":"https:\/\/www.audacieuse-galerie.ch\/de\/laden\/"},{"@type":"ListItem","position":3,"name":"Ein Fotograf f\u00fcr dich und dein Baby"}]},{"@type":"WebSite","@id":"https:\/\/www.audacieuse-galerie.ch\/de\/#website","url":"https:\/\/www.audacieuse-galerie.ch\/de\/","name":"Audacieuse-Galerie","description":"Mode et Images","potentialAction":[{"@type":"SearchAction","target":{"@type":"EntryPoint","urlTemplate":"https:\/\/www.audacieuse-galerie.ch\/de\/?s={search_term_string}"},"query-input":{"@type":"PropertyValueSpecification","valueRequired":true,"valueName":"search_term_string"}}],"inLanguage":"de"}]}},"jetpack_publicize_connections":[],"_links":{"self":[{"href":"https:\/\/www.audacieuse-galerie.ch\/de\/wp-json\/wp\/v2\/product\/2082","targetHints":{"allow":["GET"]}}],"collection":[{"href":"https:\/\/www.audacieuse-galerie.ch\/de\/wp-json\/wp\/v2\/product"}],"about":[{"href":"https:\/\/www.audacieuse-galerie.ch\/de\/wp-json\/wp\/v2\/types\/product"}],"replies":[{"embeddable":true,"href":"https:\/\/www.audacieuse-galerie.ch\/de\/wp-json\/wp\/v2\/comments?post=2082"}],"version-history":[{"count":0,"href":"https:\/\/www.audacieuse-galerie.ch\/de\/wp-json\/wp\/v2\/product\/2082\/revisions"}],"wp:featuredmedia":[{"embeddable":true,"href":"https:\/\/www.audacieuse-galerie.ch\/de\/wp-json\/wp\/v2\/media\/150550"}],"wp:attachment":[{"href":"https:\/\/www.audacieuse-galerie.ch\/de\/wp-json\/wp\/v2\/media?parent=2082"}],"wp:term":[{"taxonomy":"product_brand","embeddable":true,"href":"https:\/\/www.audacieuse-galerie.ch\/de\/wp-json\/wp\/v2\/product_brand?post=2082"},{"taxonomy":"product_cat","embeddable":true,"href":"https:\/\/www.audacieuse-galerie.ch\/de\/wp-json\/wp\/v2\/product_cat?post=2082"},{"taxonomy":"product_tag","embeddable":true,"href":"https:\/\/www.audacieuse-galerie.ch\/de\/wp-json\/wp\/v2\/product_tag?post=2082"}],"curies":[{"name":"wp","href":"https:\/\/api.w.org\/{rel}","templated":true}]}}

Ein Fotograf für dich und dein Baby

<h2><strong>Wie funktioniert Ihre Neugeborenen-Fotosession?</strong></h2>
<p>Wir heißen Sie in einem ruhigen und warmen Studio willkommen, das vollständig auf das Wohlbefinden Ihres Babys vorbereitet ist. Die Temperatur ist angepasst, die Atmosphäre beruhigend und der Rhythmus entspricht seinen Bedürfnissen. </p>
<p>Die Sitzung dauert mindestens eine Stunde. Wir nehmen uns jedoch die nötige Zeit. Pausen, Kuscheleinheiten, Stillen oder Flaschenfüttern gehören ganz natürlich zum Erlebnis.  </p>
<p>Wir fotografieren Ihr Baby wach oder schlafend. Sie können eine zarte Inszenierung mit Accessoires wählen oder einen raffinierteren Ansatz bevorzugen. Außerdem machen wir Porträts in Ihren Armen, mit Mama, Papa oder als Paar. Wir führen Sie einfach dazu, natürliche und harmonische Installationen zu erreichen.   </p>
<p>Nach der Sitzung wählen wir die Bilder sorgfältig aus. Anschließend charakterisieren wir das Bild, um Licht, Farben, Rahmung und Details zu betonen und gleichzeitig die Authentizität zu bewahren.  Ihre Fotos werden Ihnen einige Tage nach Ihrer Sitzung in unserer sicheren Cloud geliefert.  </p>
<p>Wir empfehlen, ab der zweiten Woche zu buchen oder wenn Sie sich vollständig verfügbar fühlen. Wählen Sie die Zeit, die am besten zum Tempo Ihres Babys passt. Gemeinsam schaffen wir zeitlose Bilder, die den Beginn seiner Geschichte markieren werden.  </p>

<p>In einem Kokon, einem kleinen Korb, einer Rose, einem Kohl oder in Ihren Armen fotografieren wir das Baby in der sanften Wärme unseres Studios.</p>

<!-- This site is optimized with the Yoast SEO plugin v27.4 - https://yoast.com/product/yoast-seo-wordpress/ -->
<title>Baby- und Neugeborenen-Session mit Fotograf in Carouge Genf</title>
<meta name="description" content="Geben Sie Ihrem Baby seine ersten sanften und intimen Porträts im Studio. Sanfte, intime Bilder, eine große Auswahl an Büchern und Drucken, in Carouge Genf." />
<meta name="robots" content="index, follow, max-snippet:-1, max-image-preview:large, max-video-preview:-1" />
<link rel="canonical" href="https://www.audacieuse-galerie.ch/de/produit/un-photographe-pour-vous-et-votre-bebe/" />
<meta property="og:locale" content="de_DE" />
<meta property="og:type" content="article" />
<meta property="og:title" content="Baby- und Neugeborenen-Session mit Fotograf in Carouge Genf" />
<meta property="og:description" content="Geben Sie Ihrem Baby seine ersten sanften und intimen Porträts im Studio. Sanfte, intime Bilder, eine große Auswahl an Büchern und Drucken, in Carouge Genf." />
<meta property="og:url" content="https://www.audacieuse-galerie.ch/de/produit/un-photographe-pour-vous-et-votre-bebe/" />
<meta property="og:site_name" content="Audacieuse-Galerie" />
<meta property="article:publisher" content="https://www.facebook.com/audacieuse.galerie" />
<meta property="article:modified_time" content="2026-04-09T19:51:47+00:00" />
<meta property="og:image" content="https://www.audacieuse-galerie.ch/wp-content/uploads/2025/12/photographe-bebe-baby-carouge-geneve-scaled.webp" />
	<meta property="og:image:width" content="2560" />
	<meta property="og:image:height" content="2560" />
	<meta property="og:image:type" content="image/webp" />
<meta name="twitter:card" content="summary_large_image" />
<meta name="twitter:label1" content="Geschätzte Lesezeit" />
	<meta name="twitter:data1" content="1 Minute" />
<script type="application/ld+json" class="yoast-schema-graph">{"@context":"https:\/\/schema.org","@graph":[{"@type":"WebPage","@id":"https:\/\/www.audacieuse-galerie.ch\/de\/produit\/un-photographe-pour-vous-et-votre-bebe\/","url":"https:\/\/www.audacieuse-galerie.ch\/de\/produit\/un-photographe-pour-vous-et-votre-bebe\/","name":"Baby- und Neugeborenen-Session mit Fotograf in Carouge Genf","isPartOf":{"@id":"https:\/\/www.audacieuse-galerie.ch\/de\/#website"},"primaryImageOfPage":{"@id":"https:\/\/www.audacieuse-galerie.ch\/de\/produit\/un-photographe-pour-vous-et-votre-bebe\/#primaryimage"},"image":{"@id":"https:\/\/www.audacieuse-galerie.ch\/de\/produit\/un-photographe-pour-vous-et-votre-bebe\/#primaryimage"},"thumbnailUrl":"https:\/\/www.audacieuse-galerie.ch\/wp-content\/uploads\/2025\/12\/photographe-bebe-baby-carouge-geneve-scaled.webp","datePublished":"2025-12-05T15:05:56+00:00","dateModified":"2026-04-09T19:51:47+00:00","description":"Geben Sie Ihrem Baby seine ersten sanften und intimen Porträts im Studio. Sanfte, intime Bilder, eine große Auswahl an Büchern und Drucken, in Carouge Genf.","breadcrumb":{"@id":"https:\/\/www.audacieuse-galerie.ch\/de\/produit\/un-photographe-pour-vous-et-votre-bebe\/#breadcrumb"},"inLanguage":"de","potentialAction":[{"@type":"ReadAction","target":["https:\/\/www.audacieuse-galerie.ch\/de\/produit\/un-photographe-pour-vous-et-votre-bebe\/"]}]},{"@type":"ImageObject","inLanguage":"de","@id":"https:\/\/www.audacieuse-galerie.ch\/de\/produit\/un-photographe-pour-vous-et-votre-bebe\/#primaryimage","url":"https:\/\/www.audacieuse-galerie.ch\/wp-content\/uploads\/2025\/12\/photographe-bebe-baby-carouge-geneve-scaled.webp","contentUrl":"https:\/\/www.audacieuse-galerie.ch\/wp-content\/uploads\/2025\/12\/photographe-bebe-baby-carouge-geneve-scaled.webp","width":2560,"height":2560,"caption":"Baby- und Geburtsfotograf in Carouge Genf"},{"@type":"BreadcrumbList","@id":"https:\/\/www.audacieuse-galerie.ch\/de\/produit\/un-photographe-pour-vous-et-votre-bebe\/#breadcrumb","itemListElement":[{"@type":"ListItem","position":1,"name":"Heim","item":"https:\/\/www.audacieuse-galerie.ch\/de\/"},{"@type":"ListItem","position":2,"name":"Laden","item":"https:\/\/www.audacieuse-galerie.ch\/de\/laden\/"},{"@type":"ListItem","position":3,"name":"Ein Fotograf für dich und dein Baby"}]},{"@type":"WebSite","@id":"https:\/\/www.audacieuse-galerie.ch\/de\/#website","url":"https:\/\/www.audacieuse-galerie.ch\/de\/","name":"Audacieuse-Galerie","description":"Mode et Images","potentialAction":[{"@type":"SearchAction","target":{"@type":"EntryPoint","urlTemplate":"https:\/\/www.audacieuse-galerie.ch\/de\/?s={search_term_string}"},"query-input":{"@type":"PropertyValueSpecification","valueRequired":true,"valueName":"search_term_string"}}],"inLanguage":"de"}]}</script>
<!-- / Yoast SEO plugin. -->

Geben Sie Ihrem Baby seine ersten sanften und intimen Porträts im Studio. Sanfte, intime Bilder, eine große Auswahl an Büchern und Drucken, in Carouge Genf.
