{"id":34961,"date":"2017-11-10T18:20:38","date_gmt":"2017-11-10T17:20:38","guid":{"rendered":"https:\/\/woo.audacieuse-galerie.ch\/produit\/orca-et-les-mouettes-2\/"},"modified":"2026-08-20T22:30:00","modified_gmt":"2026-08-20T20:30:00","slug":"orca-et-les-mouettes-2","status":"publish","type":"product","link":"https:\/\/www.audacieuse-galerie.ch\/de\/produit\/orca-et-les-mouettes-2\/","title":{"rendered":"Kunstfotografie: Orca und die M\u00f6wen"},"content":{"rendered":"<p>Wir bieten &#8218;Orca and the Seagulls&#8216; an, ein originelles Werk, das die Vision eines Autors und einen einzigartigen Look vermittelt, gedruckt auf Fine Art Hahnem\u00fchle-Papier und in einer amerikanischen Kiste gerahmt.<\/p>\n<p>Ein originelles fotografisches Werk zu erwerben, bedeutet, die eigene Vision eines Autors, eine einzigartige Sicht auf die Welt, in die eigene Umgebung einzubringen. Diese Kreation wurde ausgew\u00e4hlt, um das Gleichgewicht zwischen visueller St\u00e4rke, k\u00fcnstlerischer Sensibilit\u00e4t und Ausf\u00fchrungsqualit\u00e4t zu gew\u00e4hrleisten.  Seine Pr\u00e4senz zeigt sich mit Eleganz, bewahrt dabei aber einen Teil des Geheimnisses, der die Fantasie n\u00e4hrt und zur Reflexion einl\u00e4dt.<\/p>\n<p>Um seinen au\u00dfergew\u00f6hnlichen Charakter zu bewahren, wird dieses Foto in einer limitierten und nummerierten Serie ver\u00f6ffentlicht. Die Anzahl der Kopien ist streng definiert und kontrolliert. Jeder Abzug wird von einem Echtheitszertifikat begleitet, das vom fotografischen K\u00fcnstler unterschrieben ist. Dieses offizielle Dokument garantiert den Ursprung des Werks und best\u00e4tigt, dass es zur Originalausgabe geh\u00f6rt.   <\/p>\n<p>Diese hochwertige Kunstfotografie ist Teil einer Logik kontrollierter Edition, bei der jedes Werk einen ausgewogenen Platz in der Serie beh\u00e4lt.<\/p>\n","protected":false},"excerpt":{"rendered":"<p>&#8222;Orca und die M\u00f6wen&#8220;, ein Originalwerk, das auf Hahnem\u00fchle gedruckt wurde. Diese hochwertige Kunstfotografie ist Teil einer Logik kontrollierter Edition, bei der jedes Werk einen ausgewogenen Platz in der Serie beh\u00e4lt. <\/p>\n","protected":false},"featured_media":34917,"comment_status":"open","ping_status":"closed","template":"","meta":{"_glsr_average":0,"_glsr_ranking":0,"_glsr_reviews":0,"jetpack_publicize_message":"","jetpack_publicize_feature_enabled":true,"jetpack_social_post_already_shared":true,"jetpack_social_options":{"image_generator_settings":{"template":"highway","default_image_id":0,"font":"","enabled":false},"version":2}},"product_brand":[],"product_cat":[189,111,2229,240,237,243],"product_tag":[],"class_list":["post-34961","product","type-product","status-publish","has-post-thumbnail","product_cat-amerika","product_cat-farben","product_cat-fotograf-hiro-tanaka","product_cat-landschaftsbilder","product_cat-natur","product_cat-tierwelt","pa_dimensions-40x60cm-de","pa_dimensions-50x75cm-de","pa_encadrements-creme-de","pa_encadrements-dunklesholz-de","pa_encadrements-grau-de","pa_encadrements-hellesholz-de","pa_encadrements-keinen-de","pa_encadrements-schwarz-de","pa_encadrements-weiss-de","pa_oeuvresnumerotees_limitees-30exemplaren-de","pa_protectionfinitionsupport-20-kunstpapieraufdibondr_alu-de","pa_protectionfinitionsupport-druckunterglasacrylglass-de","pa_protectionfinitionsupport-e4-kunstpapieraufholzplatteu-de","pa_techniquesphotographiques-farbe-de","pa_themesphotographiques-amerika-de","pa_themesphotographiques-landschaft-de","pa_themesphotographiques-natur-de","pa_themesphotographiques-tierwelt-de","first","instock","taxable","shipping-taxable","purchasable","product-type-variable","has-default-attributes"],"yoast_head":"<!-- This site is optimized with the Yoast SEO plugin v28.4 - https:\/\/yoast.com\/product\/yoast-seo-wordpress\/ -->\n<title>Kunstfotografie: Orca und die M\u00f6wen - Audacieuse-Galerie<\/title>\n<meta name=\"description\" content=\"Kunstfotografie: Orca und die M\u00f6wen - Audacieuse-Galerie\" \/>\n<meta name=\"robots\" content=\"index, follow, max-snippet:-1, max-image-preview:large, max-video-preview:-1\" \/>\n<link rel=\"canonical\" href=\"https:\/\/www.audacieuse-galerie.ch\/de\/produit\/orca-et-les-mouettes-2\/\" \/>\n<meta property=\"og:locale\" content=\"de_DE\" \/>\n<meta property=\"og:type\" content=\"article\" \/>\n<meta property=\"og:title\" content=\"Kunstfotografie: Orca und die M\u00f6wen - Audacieuse-Galerie\" \/>\n<meta property=\"og:description\" content=\"Kunstfotografie: Orca und die M\u00f6wen - Audacieuse-Galerie\" \/>\n<meta property=\"og:url\" content=\"https:\/\/www.audacieuse-galerie.ch\/de\/produit\/orca-et-les-mouettes-2\/\" \/>\n<meta property=\"og:site_name\" content=\"Audacieuse-Galerie\" \/>\n<meta property=\"article:publisher\" content=\"https:\/\/www.facebook.com\/audacieuse.galerie\" \/>\n<meta property=\"article:modified_time\" content=\"2026-08-20T20:30:00+00:00\" \/>\n<meta property=\"og:image\" content=\"https:\/\/www.audacieuse-galerie.ch\/wp-content\/uploads\/2017\/11\/375-Orca-et-les-mouettes.jpg\" \/>\n\t<meta property=\"og:image:width\" content=\"1000\" \/>\n\t<meta property=\"og:image:height\" content=\"750\" \/>\n\t<meta property=\"og:image:type\" content=\"image\/jpeg\" \/>\n<meta name=\"twitter:card\" content=\"summary_large_image\" \/>\n<meta name=\"twitter:label1\" content=\"Gesch\u00e4tzte Lesezeit\" \/>\n\t<meta name=\"twitter:data1\" content=\"1 Minute\" \/>\n<script type=\"application\/ld+json\" class=\"yoast-schema-graph\">{\"@context\":\"https:\\\/\\\/schema.org\",\"@graph\":[{\"@type\":\"WebPage\",\"@id\":\"https:\\\/\\\/www.audacieuse-galerie.ch\\\/de\\\/produit\\\/orca-et-les-mouettes-2\\\/\",\"url\":\"https:\\\/\\\/www.audacieuse-galerie.ch\\\/de\\\/produit\\\/orca-et-les-mouettes-2\\\/\",\"name\":\"Kunstfotografie: Orca und die M\u00f6wen - Audacieuse-Galerie\",\"isPartOf\":{\"@id\":\"https:\\\/\\\/www.audacieuse-galerie.ch\\\/de\\\/#website\"},\"primaryImageOfPage\":{\"@id\":\"https:\\\/\\\/www.audacieuse-galerie.ch\\\/de\\\/produit\\\/orca-et-les-mouettes-2\\\/#primaryimage\"},\"image\":{\"@id\":\"https:\\\/\\\/www.audacieuse-galerie.ch\\\/de\\\/produit\\\/orca-et-les-mouettes-2\\\/#primaryimage\"},\"thumbnailUrl\":\"https:\\\/\\\/www.audacieuse-galerie.ch\\\/wp-content\\\/uploads\\\/2017\\\/11\\\/375-Orca-et-les-mouettes.jpg\",\"datePublished\":\"2017-11-10T17:20:38+00:00\",\"dateModified\":\"2026-08-20T20:30:00+00:00\",\"description\":\"Kunstfotografie: Orca und die M\u00f6wen - Audacieuse-Galerie\",\"breadcrumb\":{\"@id\":\"https:\\\/\\\/www.audacieuse-galerie.ch\\\/de\\\/produit\\\/orca-et-les-mouettes-2\\\/#breadcrumb\"},\"inLanguage\":\"de\",\"potentialAction\":[{\"@type\":\"ReadAction\",\"target\":[\"https:\\\/\\\/www.audacieuse-galerie.ch\\\/de\\\/produit\\\/orca-et-les-mouettes-2\\\/\"]}]},{\"@type\":\"ImageObject\",\"inLanguage\":\"de\",\"@id\":\"https:\\\/\\\/www.audacieuse-galerie.ch\\\/de\\\/produit\\\/orca-et-les-mouettes-2\\\/#primaryimage\",\"url\":\"https:\\\/\\\/www.audacieuse-galerie.ch\\\/wp-content\\\/uploads\\\/2017\\\/11\\\/375-Orca-et-les-mouettes.jpg\",\"contentUrl\":\"https:\\\/\\\/www.audacieuse-galerie.ch\\\/wp-content\\\/uploads\\\/2017\\\/11\\\/375-Orca-et-les-mouettes.jpg\",\"width\":1000,\"height\":750,\"caption\":\"Orca und die M\u00f6wen\"},{\"@type\":\"BreadcrumbList\",\"@id\":\"https:\\\/\\\/www.audacieuse-galerie.ch\\\/de\\\/produit\\\/orca-et-les-mouettes-2\\\/#breadcrumb\",\"itemListElement\":[{\"@type\":\"ListItem\",\"position\":1,\"name\":\"Heim\",\"item\":\"https:\\\/\\\/www.audacieuse-galerie.ch\\\/de\\\/\"},{\"@type\":\"ListItem\",\"position\":2,\"name\":\"Laden\",\"item\":\"https:\\\/\\\/www.audacieuse-galerie.ch\\\/de\\\/laden\\\/\"},{\"@type\":\"ListItem\",\"position\":3,\"name\":\"Kunstfotografie: Orca und die M\u00f6wen\"}]},{\"@type\":\"WebSite\",\"@id\":\"https:\\\/\\\/www.audacieuse-galerie.ch\\\/de\\\/#website\",\"url\":\"https:\\\/\\\/www.audacieuse-galerie.ch\\\/de\\\/\",\"name\":\"Audacieuse-Galerie\",\"description\":\"Mode et Images\",\"potentialAction\":[{\"@type\":\"SearchAction\",\"target\":{\"@type\":\"EntryPoint\",\"urlTemplate\":\"https:\\\/\\\/www.audacieuse-galerie.ch\\\/de\\\/?s={search_term_string}\"},\"query-input\":{\"@type\":\"PropertyValueSpecification\",\"valueRequired\":true,\"valueName\":\"search_term_string\"}}],\"inLanguage\":\"de\"}]}<\/script>\n<!-- \/ Yoast SEO plugin. -->","yoast_head_json":{"title":"Kunstfotografie: Orca und die M\u00f6wen - Audacieuse-Galerie","description":"Kunstfotografie: Orca und die M\u00f6wen - Audacieuse-Galerie","robots":{"index":"index","follow":"follow","max-snippet":"max-snippet:-1","max-image-preview":"max-image-preview:large","max-video-preview":"max-video-preview:-1"},"canonical":"https:\/\/www.audacieuse-galerie.ch\/de\/produit\/orca-et-les-mouettes-2\/","og_locale":"de_DE","og_type":"article","og_title":"Kunstfotografie: Orca und die M\u00f6wen - Audacieuse-Galerie","og_description":"Kunstfotografie: Orca und die M\u00f6wen - Audacieuse-Galerie","og_url":"https:\/\/www.audacieuse-galerie.ch\/de\/produit\/orca-et-les-mouettes-2\/","og_site_name":"Audacieuse-Galerie","article_publisher":"https:\/\/www.facebook.com\/audacieuse.galerie","article_modified_time":"2026-08-20T20:30:00+00:00","og_image":[{"width":1000,"height":750,"url":"https:\/\/www.audacieuse-galerie.ch\/wp-content\/uploads\/2017\/11\/375-Orca-et-les-mouettes.jpg","type":"image\/jpeg"}],"twitter_card":"summary_large_image","twitter_misc":{"Gesch\u00e4tzte Lesezeit":"1 Minute"},"schema":{"@context":"https:\/\/schema.org","@graph":[{"@type":"WebPage","@id":"https:\/\/www.audacieuse-galerie.ch\/de\/produit\/orca-et-les-mouettes-2\/","url":"https:\/\/www.audacieuse-galerie.ch\/de\/produit\/orca-et-les-mouettes-2\/","name":"Kunstfotografie: Orca und die M\u00f6wen - Audacieuse-Galerie","isPartOf":{"@id":"https:\/\/www.audacieuse-galerie.ch\/de\/#website"},"primaryImageOfPage":{"@id":"https:\/\/www.audacieuse-galerie.ch\/de\/produit\/orca-et-les-mouettes-2\/#primaryimage"},"image":{"@id":"https:\/\/www.audacieuse-galerie.ch\/de\/produit\/orca-et-les-mouettes-2\/#primaryimage"},"thumbnailUrl":"https:\/\/www.audacieuse-galerie.ch\/wp-content\/uploads\/2017\/11\/375-Orca-et-les-mouettes.jpg","datePublished":"2017-11-10T17:20:38+00:00","dateModified":"2026-08-20T20:30:00+00:00","description":"Kunstfotografie: Orca und die M\u00f6wen - Audacieuse-Galerie","breadcrumb":{"@id":"https:\/\/www.audacieuse-galerie.ch\/de\/produit\/orca-et-les-mouettes-2\/#breadcrumb"},"inLanguage":"de","potentialAction":[{"@type":"ReadAction","target":["https:\/\/www.audacieuse-galerie.ch\/de\/produit\/orca-et-les-mouettes-2\/"]}]},{"@type":"ImageObject","inLanguage":"de","@id":"https:\/\/www.audacieuse-galerie.ch\/de\/produit\/orca-et-les-mouettes-2\/#primaryimage","url":"https:\/\/www.audacieuse-galerie.ch\/wp-content\/uploads\/2017\/11\/375-Orca-et-les-mouettes.jpg","contentUrl":"https:\/\/www.audacieuse-galerie.ch\/wp-content\/uploads\/2017\/11\/375-Orca-et-les-mouettes.jpg","width":1000,"height":750,"caption":"Orca und die M\u00f6wen"},{"@type":"BreadcrumbList","@id":"https:\/\/www.audacieuse-galerie.ch\/de\/produit\/orca-et-les-mouettes-2\/#breadcrumb","itemListElement":[{"@type":"ListItem","position":1,"name":"Heim","item":"https:\/\/www.audacieuse-galerie.ch\/de\/"},{"@type":"ListItem","position":2,"name":"Laden","item":"https:\/\/www.audacieuse-galerie.ch\/de\/laden\/"},{"@type":"ListItem","position":3,"name":"Kunstfotografie: Orca und die M\u00f6wen"}]},{"@type":"WebSite","@id":"https:\/\/www.audacieuse-galerie.ch\/de\/#website","url":"https:\/\/www.audacieuse-galerie.ch\/de\/","name":"Audacieuse-Galerie","description":"Mode et Images","potentialAction":[{"@type":"SearchAction","target":{"@type":"EntryPoint","urlTemplate":"https:\/\/www.audacieuse-galerie.ch\/de\/?s={search_term_string}"},"query-input":{"@type":"PropertyValueSpecification","valueRequired":true,"valueName":"search_term_string"}}],"inLanguage":"de"}]}},"jetpack_publicize_connections":[],"_links":{"self":[{"href":"https:\/\/www.audacieuse-galerie.ch\/de\/wp-json\/wp\/v2\/product\/34961","targetHints":{"allow":["GET"]}}],"collection":[{"href":"https:\/\/www.audacieuse-galerie.ch\/de\/wp-json\/wp\/v2\/product"}],"about":[{"href":"https:\/\/www.audacieuse-galerie.ch\/de\/wp-json\/wp\/v2\/types\/product"}],"replies":[{"embeddable":true,"href":"https:\/\/www.audacieuse-galerie.ch\/de\/wp-json\/wp\/v2\/comments?post=34961"}],"version-history":[{"count":1,"href":"https:\/\/www.audacieuse-galerie.ch\/de\/wp-json\/wp\/v2\/product\/34961\/revisions"}],"predecessor-version":[{"id":167214,"href":"https:\/\/www.audacieuse-galerie.ch\/de\/wp-json\/wp\/v2\/product\/34961\/revisions\/167214"}],"wp:featuredmedia":[{"embeddable":true,"href":"https:\/\/www.audacieuse-galerie.ch\/de\/wp-json\/wp\/v2\/media\/34917"}],"wp:attachment":[{"href":"https:\/\/www.audacieuse-galerie.ch\/de\/wp-json\/wp\/v2\/media?parent=34961"}],"wp:term":[{"taxonomy":"product_brand","embeddable":true,"href":"https:\/\/www.audacieuse-galerie.ch\/de\/wp-json\/wp\/v2\/product_brand?post=34961"},{"taxonomy":"product_cat","embeddable":true,"href":"https:\/\/www.audacieuse-galerie.ch\/de\/wp-json\/wp\/v2\/product_cat?post=34961"},{"taxonomy":"product_tag","embeddable":true,"href":"https:\/\/www.audacieuse-galerie.ch\/de\/wp-json\/wp\/v2\/product_tag?post=34961"}],"curies":[{"name":"wp","href":"https:\/\/api.w.org\/{rel}","templated":true}]}}

Kunstfotografie: Orca und die Möwen

<p>Wir bieten &#8218;Orca and the Seagulls&#8216; an, ein originelles Werk, das die Vision eines Autors und einen einzigartigen Look vermittelt, gedruckt auf Fine Art Hahnemühle-Papier und in einer amerikanischen Kiste gerahmt.</p>
<p>Ein originelles fotografisches Werk zu erwerben, bedeutet, die eigene Vision eines Autors, eine einzigartige Sicht auf die Welt, in die eigene Umgebung einzubringen. Diese Kreation wurde ausgewählt, um das Gleichgewicht zwischen visueller Stärke, künstlerischer Sensibilität und Ausführungsqualität zu gewährleisten.  Seine Präsenz zeigt sich mit Eleganz, bewahrt dabei aber einen Teil des Geheimnisses, der die Fantasie nährt und zur Reflexion einlädt.</p>
<p>Um seinen außergewöhnlichen Charakter zu bewahren, wird dieses Foto in einer limitierten und nummerierten Serie veröffentlicht. Die Anzahl der Kopien ist streng definiert und kontrolliert. Jeder Abzug wird von einem Echtheitszertifikat begleitet, das vom fotografischen Künstler unterschrieben ist. Dieses offizielle Dokument garantiert den Ursprung des Werks und bestätigt, dass es zur Originalausgabe gehört.   </p>
<p>Diese hochwertige Kunstfotografie ist Teil einer Logik kontrollierter Edition, bei der jedes Werk einen ausgewogenen Platz in der Serie behält.</p>

<p>&#8222;Orca und die Möwen&#8220;, ein Originalwerk, das auf Hahnemühle gedruckt wurde. Diese hochwertige Kunstfotografie ist Teil einer Logik kontrollierter Edition, bei der jedes Werk einen ausgewogenen Platz in der Serie behält. </p>

<!-- This site is optimized with the Yoast SEO plugin v28.4 - https://yoast.com/product/yoast-seo-wordpress/ -->
<title>Kunstfotografie: Orca und die Möwen - Audacieuse-Galerie</title>
<meta name="description" content="Kunstfotografie: Orca und die Möwen - Audacieuse-Galerie" />
<meta name="robots" content="index, follow, max-snippet:-1, max-image-preview:large, max-video-preview:-1" />
<link rel="canonical" href="https://www.audacieuse-galerie.ch/de/produit/orca-et-les-mouettes-2/" />
<meta property="og:locale" content="de_DE" />
<meta property="og:type" content="article" />
<meta property="og:title" content="Kunstfotografie: Orca und die Möwen - Audacieuse-Galerie" />
<meta property="og:description" content="Kunstfotografie: Orca und die Möwen - Audacieuse-Galerie" />
<meta property="og:url" content="https://www.audacieuse-galerie.ch/de/produit/orca-et-les-mouettes-2/" />
<meta property="og:site_name" content="Audacieuse-Galerie" />
<meta property="article:publisher" content="https://www.facebook.com/audacieuse.galerie" />
<meta property="article:modified_time" content="2026-08-20T20:30:00+00:00" />
<meta property="og:image" content="https://www.audacieuse-galerie.ch/wp-content/uploads/2017/11/375-Orca-et-les-mouettes.jpg" />
	<meta property="og:image:width" content="1000" />
	<meta property="og:image:height" content="750" />
	<meta property="og:image:type" content="image/jpeg" />
<meta name="twitter:card" content="summary_large_image" />
<meta name="twitter:label1" content="Geschätzte Lesezeit" />
	<meta name="twitter:data1" content="1 Minute" />
<script type="application/ld+json" class="yoast-schema-graph">{"@context":"https:\/\/schema.org","@graph":[{"@type":"WebPage","@id":"https:\/\/www.audacieuse-galerie.ch\/de\/produit\/orca-et-les-mouettes-2\/","url":"https:\/\/www.audacieuse-galerie.ch\/de\/produit\/orca-et-les-mouettes-2\/","name":"Kunstfotografie: Orca und die Möwen - Audacieuse-Galerie","isPartOf":{"@id":"https:\/\/www.audacieuse-galerie.ch\/de\/#website"},"primaryImageOfPage":{"@id":"https:\/\/www.audacieuse-galerie.ch\/de\/produit\/orca-et-les-mouettes-2\/#primaryimage"},"image":{"@id":"https:\/\/www.audacieuse-galerie.ch\/de\/produit\/orca-et-les-mouettes-2\/#primaryimage"},"thumbnailUrl":"https:\/\/www.audacieuse-galerie.ch\/wp-content\/uploads\/2017\/11\/375-Orca-et-les-mouettes.jpg","datePublished":"2017-11-10T17:20:38+00:00","dateModified":"2026-08-20T20:30:00+00:00","description":"Kunstfotografie: Orca und die Möwen - Audacieuse-Galerie","breadcrumb":{"@id":"https:\/\/www.audacieuse-galerie.ch\/de\/produit\/orca-et-les-mouettes-2\/#breadcrumb"},"inLanguage":"de","potentialAction":[{"@type":"ReadAction","target":["https:\/\/www.audacieuse-galerie.ch\/de\/produit\/orca-et-les-mouettes-2\/"]}]},{"@type":"ImageObject","inLanguage":"de","@id":"https:\/\/www.audacieuse-galerie.ch\/de\/produit\/orca-et-les-mouettes-2\/#primaryimage","url":"https:\/\/www.audacieuse-galerie.ch\/wp-content\/uploads\/2017\/11\/375-Orca-et-les-mouettes.jpg","contentUrl":"https:\/\/www.audacieuse-galerie.ch\/wp-content\/uploads\/2017\/11\/375-Orca-et-les-mouettes.jpg","width":1000,"height":750,"caption":"Orca und die Möwen"},{"@type":"BreadcrumbList","@id":"https:\/\/www.audacieuse-galerie.ch\/de\/produit\/orca-et-les-mouettes-2\/#breadcrumb","itemListElement":[{"@type":"ListItem","position":1,"name":"Heim","item":"https:\/\/www.audacieuse-galerie.ch\/de\/"},{"@type":"ListItem","position":2,"name":"Laden","item":"https:\/\/www.audacieuse-galerie.ch\/de\/laden\/"},{"@type":"ListItem","position":3,"name":"Kunstfotografie: Orca und die Möwen"}]},{"@type":"WebSite","@id":"https:\/\/www.audacieuse-galerie.ch\/de\/#website","url":"https:\/\/www.audacieuse-galerie.ch\/de\/","name":"Audacieuse-Galerie","description":"Mode et Images","potentialAction":[{"@type":"SearchAction","target":{"@type":"EntryPoint","urlTemplate":"https:\/\/www.audacieuse-galerie.ch\/de\/?s={search_term_string}"},"query-input":{"@type":"PropertyValueSpecification","valueRequired":true,"valueName":"search_term_string"}}],"inLanguage":"de"}]}</script>
<!-- / Yoast SEO plugin. -->

Kunstfotografie: Orca und die Möwen - Audacieuse-Galerie

Orca und die Möwen
