{"id":36623,"date":"2018-11-12T19:19:11","date_gmt":"2018-11-12T18:19:11","guid":{"rendered":"https:\/\/woo.audacieuse-galerie.ch\/produit\/angel-s-eyes-2\/"},"modified":"2026-08-12T14:17:50","modified_gmt":"2026-08-12T12:17:50","slug":"angel-s-eyes-2","status":"publish","type":"product","link":"https:\/\/www.audacieuse-galerie.ch\/de\/produit\/angel-s-eyes-2\/","title":{"rendered":"Kunstfotografie: Angel&#8217;s Eyes"},"content":{"rendered":"<p>Wir pr\u00e4sentieren &#8218;Angel&#8217;s eyes&#8216;, ein zeitgen\u00f6ssisches fotografisches Werk, das in begrenzter Auflage ver\u00f6ffentlicht wurde, auf Hahnem\u00fchle Fine Art-Papier gedruckt und sorgf\u00e4ltig gerahmt.<\/p>\n<p>Dieses zeitgen\u00f6ssische fotografische Werk wurde wegen seiner Suggestionskraft und der Eleganz seiner Komposition ausgew\u00e4hlt. Es l\u00e4sst bewusst Raum f\u00fcr Interpretation, sodass jeder eine pers\u00f6nliche Verbindung zum Bild herstellen kann. Diese Lesefreiheit ist oft die St\u00e4rke der eindrucksvollsten Werke.  <\/p>\n<p>Das Foto wird in einer begrenzten Anzahl von Exemplaren ver\u00f6ffentlicht und einzeln nummeriert. Jeder Abzug wird von einem Echtheitszertifikat begleitet, das vom fotografischen K\u00fcnstler unterschrieben ist. <\/p>\n<p>Dieses limitierte Galeriefoto basiert auf einem bedachten k\u00fcnstlerischen Ansatz, ohne Konkurrenz oder demonstrativen Effekt.<\/p>\n<p>Diese Kunstfotografie in einer limitierten Auflage von 10 Exemplaren mit dem Titel &#8222;Engelsaugen&#8220; wurde an einem Sommertag in Slowenien in einem kleinen Fischerdorf an der Adria aufgenommen. Was f\u00fcr eine seltsame Atmosph\u00e4re hier&#8230; Farben und Bilder verschmelzen in meinem Kopf, wenn ich mitten im LUNA PARK spazieren gehe. Ich bin fasziniert und unwiderstehlich angezogen von diesen bunten Fahrgesch\u00e4ften, die mich unter die Sonne rufen. Ihre gemalten Augen, als w\u00e4ren sie auf mich gerichtet, diese Frau, die mich zu kommen zu winken scheint, mit diesem Schatten zu meinen F\u00fc\u00dfen, der erscheint. Da beschloss ich, zu triggern.    <\/p>\n","protected":false},"excerpt":{"rendered":"<p>Diese Kunstfotografie in einer limitierten Auflage von 10 Exemplaren mit dem Titel &#8222;Engelsaugen&#8220; wurde an einem Sommertag in Slowenien in einem kleinen Fischerdorf an der Adria aufgenommen.<\/p>\n<p>Nummerierter Kunstdruck f\u00fcr Liebhaber zeitgen\u00f6ssischer Kunst.<\/p>\n<p>Exklusive Kunstfotografie in kontrollierter Auflage.<\/p>\n<p>Entdecken Sie &#8218;Angel&#8217;s eyes&#8216;, ein fotografisches Werk, das in limitierter Auflage ver\u00f6ffentlicht wurde<\/p>\n","protected":false},"featured_media":36516,"comment_status":"open","ping_status":"closed","template":"","meta":{"_glsr_average":0,"_glsr_ranking":0,"_glsr_reviews":0,"jetpack_publicize_message":"","jetpack_publicize_feature_enabled":true,"jetpack_social_post_already_shared":true,"jetpack_social_options":{"image_generator_settings":{"template":"highway","default_image_id":0,"font":"","enabled":false},"version":2}},"product_brand":[],"product_cat":[222,111,2227,234],"product_tag":[],"class_list":["post-36623","product","type-product","status-publish","has-post-thumbnail","product_cat-europa","product_cat-farben","product_cat-fotograf-daniele-verjus","product_cat-staedtisch","pa_dimensions-60x90cm-de","pa_encadrements-creme-de","pa_encadrements-dunklesholz-de","pa_encadrements-grau-de","pa_encadrements-hellesholz-de","pa_encadrements-keinen-de","pa_encadrements-schwarz-de","pa_encadrements-weiss-de","pa_oeuvresnumerotees_limitees-10exemplaren-de","pa_protectionfinitionsupport-druckunterglasacrylglass-de","pa_protectionfinitionsupport-e4-kunstpapieraufholzplatteu-de","pa_protectionfinitionsupport-20-kunstpapieraufdibondr_alu-de","pa_techniquesphotographiques-farbe-de","pa_themesphotographiques-europa-de","pa_themesphotographiques-stadtisch-de","first","instock","taxable","shipping-taxable","purchasable","product-type-variable","has-default-attributes"],"yoast_head":"<!-- This site is optimized with the Yoast SEO plugin v28.3 - https:\/\/yoast.com\/product\/yoast-seo-wordpress\/ -->\n<title>Kunstfotografie: Angel&#039;s Eyes - Audacieuse-Galerie<\/title>\n<meta name=\"description\" content=\"Kunstfotografie: Angel&#039;s Eyes - Audacieuse-Galerie\" \/>\n<meta name=\"robots\" content=\"index, follow, max-snippet:-1, max-image-preview:large, max-video-preview:-1\" \/>\n<link rel=\"canonical\" href=\"https:\/\/www.audacieuse-galerie.ch\/de\/produit\/angel-s-eyes-2\/\" \/>\n<meta property=\"og:locale\" content=\"de_DE\" \/>\n<meta property=\"og:type\" content=\"article\" \/>\n<meta property=\"og:title\" content=\"Kunstfotografie: Angel&#039;s Eyes - Audacieuse-Galerie\" \/>\n<meta property=\"og:description\" content=\"Kunstfotografie: Angel&#039;s Eyes - Audacieuse-Galerie\" \/>\n<meta property=\"og:url\" content=\"https:\/\/www.audacieuse-galerie.ch\/de\/produit\/angel-s-eyes-2\/\" \/>\n<meta property=\"og:site_name\" content=\"Audacieuse-Galerie\" \/>\n<meta property=\"article:publisher\" content=\"https:\/\/www.facebook.com\/audacieuse.galerie\" \/>\n<meta property=\"article:modified_time\" content=\"2026-08-12T12:17:50+00:00\" \/>\n<meta property=\"og:image\" content=\"https:\/\/www.audacieuse-galerie.ch\/wp-content\/uploads\/2018\/11\/567-Angels-eyes.jpg\" \/>\n\t<meta property=\"og:image:width\" content=\"1000\" \/>\n\t<meta property=\"og:image:height\" content=\"667\" \/>\n\t<meta property=\"og:image:type\" content=\"image\/jpeg\" \/>\n<meta name=\"twitter:card\" content=\"summary_large_image\" \/>\n<meta name=\"twitter:label1\" content=\"Gesch\u00e4tzte Lesezeit\" \/>\n\t<meta name=\"twitter:data1\" content=\"1 Minute\" \/>\n<script type=\"application\/ld+json\" class=\"yoast-schema-graph\">{\"@context\":\"https:\\\/\\\/schema.org\",\"@graph\":[{\"@type\":\"WebPage\",\"@id\":\"https:\\\/\\\/www.audacieuse-galerie.ch\\\/de\\\/produit\\\/angel-s-eyes-2\\\/\",\"url\":\"https:\\\/\\\/www.audacieuse-galerie.ch\\\/de\\\/produit\\\/angel-s-eyes-2\\\/\",\"name\":\"Kunstfotografie: Angel's Eyes - Audacieuse-Galerie\",\"isPartOf\":{\"@id\":\"https:\\\/\\\/www.audacieuse-galerie.ch\\\/de\\\/#website\"},\"primaryImageOfPage\":{\"@id\":\"https:\\\/\\\/www.audacieuse-galerie.ch\\\/de\\\/produit\\\/angel-s-eyes-2\\\/#primaryimage\"},\"image\":{\"@id\":\"https:\\\/\\\/www.audacieuse-galerie.ch\\\/de\\\/produit\\\/angel-s-eyes-2\\\/#primaryimage\"},\"thumbnailUrl\":\"https:\\\/\\\/www.audacieuse-galerie.ch\\\/wp-content\\\/uploads\\\/2018\\\/11\\\/567-Angels-eyes.jpg\",\"datePublished\":\"2018-11-12T18:19:11+00:00\",\"dateModified\":\"2026-08-12T12:17:50+00:00\",\"description\":\"Kunstfotografie: Angel's Eyes - Audacieuse-Galerie\",\"breadcrumb\":{\"@id\":\"https:\\\/\\\/www.audacieuse-galerie.ch\\\/de\\\/produit\\\/angel-s-eyes-2\\\/#breadcrumb\"},\"inLanguage\":\"de\",\"potentialAction\":[{\"@type\":\"ReadAction\",\"target\":[\"https:\\\/\\\/www.audacieuse-galerie.ch\\\/de\\\/produit\\\/angel-s-eyes-2\\\/\"]}]},{\"@type\":\"ImageObject\",\"inLanguage\":\"de\",\"@id\":\"https:\\\/\\\/www.audacieuse-galerie.ch\\\/de\\\/produit\\\/angel-s-eyes-2\\\/#primaryimage\",\"url\":\"https:\\\/\\\/www.audacieuse-galerie.ch\\\/wp-content\\\/uploads\\\/2018\\\/11\\\/567-Angels-eyes.jpg\",\"contentUrl\":\"https:\\\/\\\/www.audacieuse-galerie.ch\\\/wp-content\\\/uploads\\\/2018\\\/11\\\/567-Angels-eyes.jpg\",\"width\":1000,\"height\":667,\"caption\":\"Engelsaugen\"},{\"@type\":\"BreadcrumbList\",\"@id\":\"https:\\\/\\\/www.audacieuse-galerie.ch\\\/de\\\/produit\\\/angel-s-eyes-2\\\/#breadcrumb\",\"itemListElement\":[{\"@type\":\"ListItem\",\"position\":1,\"name\":\"Heim\",\"item\":\"https:\\\/\\\/www.audacieuse-galerie.ch\\\/de\\\/\"},{\"@type\":\"ListItem\",\"position\":2,\"name\":\"Laden\",\"item\":\"https:\\\/\\\/www.audacieuse-galerie.ch\\\/de\\\/laden\\\/\"},{\"@type\":\"ListItem\",\"position\":3,\"name\":\"Kunstfotografie: Angel&rsquo;s Eyes\"}]},{\"@type\":\"WebSite\",\"@id\":\"https:\\\/\\\/www.audacieuse-galerie.ch\\\/de\\\/#website\",\"url\":\"https:\\\/\\\/www.audacieuse-galerie.ch\\\/de\\\/\",\"name\":\"Audacieuse-Galerie\",\"description\":\"Mode et Images\",\"potentialAction\":[{\"@type\":\"SearchAction\",\"target\":{\"@type\":\"EntryPoint\",\"urlTemplate\":\"https:\\\/\\\/www.audacieuse-galerie.ch\\\/de\\\/?s={search_term_string}\"},\"query-input\":{\"@type\":\"PropertyValueSpecification\",\"valueRequired\":true,\"valueName\":\"search_term_string\"}}],\"inLanguage\":\"de\"}]}<\/script>\n<!-- \/ Yoast SEO plugin. -->","yoast_head_json":{"title":"Kunstfotografie: Angel's Eyes - Audacieuse-Galerie","description":"Kunstfotografie: Angel's Eyes - Audacieuse-Galerie","robots":{"index":"index","follow":"follow","max-snippet":"max-snippet:-1","max-image-preview":"max-image-preview:large","max-video-preview":"max-video-preview:-1"},"canonical":"https:\/\/www.audacieuse-galerie.ch\/de\/produit\/angel-s-eyes-2\/","og_locale":"de_DE","og_type":"article","og_title":"Kunstfotografie: Angel's Eyes - Audacieuse-Galerie","og_description":"Kunstfotografie: Angel's Eyes - Audacieuse-Galerie","og_url":"https:\/\/www.audacieuse-galerie.ch\/de\/produit\/angel-s-eyes-2\/","og_site_name":"Audacieuse-Galerie","article_publisher":"https:\/\/www.facebook.com\/audacieuse.galerie","article_modified_time":"2026-08-12T12:17:50+00:00","og_image":[{"width":1000,"height":667,"url":"https:\/\/www.audacieuse-galerie.ch\/wp-content\/uploads\/2018\/11\/567-Angels-eyes.jpg","type":"image\/jpeg"}],"twitter_card":"summary_large_image","twitter_misc":{"Gesch\u00e4tzte Lesezeit":"1 Minute"},"schema":{"@context":"https:\/\/schema.org","@graph":[{"@type":"WebPage","@id":"https:\/\/www.audacieuse-galerie.ch\/de\/produit\/angel-s-eyes-2\/","url":"https:\/\/www.audacieuse-galerie.ch\/de\/produit\/angel-s-eyes-2\/","name":"Kunstfotografie: Angel's Eyes - Audacieuse-Galerie","isPartOf":{"@id":"https:\/\/www.audacieuse-galerie.ch\/de\/#website"},"primaryImageOfPage":{"@id":"https:\/\/www.audacieuse-galerie.ch\/de\/produit\/angel-s-eyes-2\/#primaryimage"},"image":{"@id":"https:\/\/www.audacieuse-galerie.ch\/de\/produit\/angel-s-eyes-2\/#primaryimage"},"thumbnailUrl":"https:\/\/www.audacieuse-galerie.ch\/wp-content\/uploads\/2018\/11\/567-Angels-eyes.jpg","datePublished":"2018-11-12T18:19:11+00:00","dateModified":"2026-08-12T12:17:50+00:00","description":"Kunstfotografie: Angel's Eyes - Audacieuse-Galerie","breadcrumb":{"@id":"https:\/\/www.audacieuse-galerie.ch\/de\/produit\/angel-s-eyes-2\/#breadcrumb"},"inLanguage":"de","potentialAction":[{"@type":"ReadAction","target":["https:\/\/www.audacieuse-galerie.ch\/de\/produit\/angel-s-eyes-2\/"]}]},{"@type":"ImageObject","inLanguage":"de","@id":"https:\/\/www.audacieuse-galerie.ch\/de\/produit\/angel-s-eyes-2\/#primaryimage","url":"https:\/\/www.audacieuse-galerie.ch\/wp-content\/uploads\/2018\/11\/567-Angels-eyes.jpg","contentUrl":"https:\/\/www.audacieuse-galerie.ch\/wp-content\/uploads\/2018\/11\/567-Angels-eyes.jpg","width":1000,"height":667,"caption":"Engelsaugen"},{"@type":"BreadcrumbList","@id":"https:\/\/www.audacieuse-galerie.ch\/de\/produit\/angel-s-eyes-2\/#breadcrumb","itemListElement":[{"@type":"ListItem","position":1,"name":"Heim","item":"https:\/\/www.audacieuse-galerie.ch\/de\/"},{"@type":"ListItem","position":2,"name":"Laden","item":"https:\/\/www.audacieuse-galerie.ch\/de\/laden\/"},{"@type":"ListItem","position":3,"name":"Kunstfotografie: Angel&rsquo;s Eyes"}]},{"@type":"WebSite","@id":"https:\/\/www.audacieuse-galerie.ch\/de\/#website","url":"https:\/\/www.audacieuse-galerie.ch\/de\/","name":"Audacieuse-Galerie","description":"Mode et Images","potentialAction":[{"@type":"SearchAction","target":{"@type":"EntryPoint","urlTemplate":"https:\/\/www.audacieuse-galerie.ch\/de\/?s={search_term_string}"},"query-input":{"@type":"PropertyValueSpecification","valueRequired":true,"valueName":"search_term_string"}}],"inLanguage":"de"}]}},"jetpack_publicize_connections":[],"_links":{"self":[{"href":"https:\/\/www.audacieuse-galerie.ch\/de\/wp-json\/wp\/v2\/product\/36623","targetHints":{"allow":["GET"]}}],"collection":[{"href":"https:\/\/www.audacieuse-galerie.ch\/de\/wp-json\/wp\/v2\/product"}],"about":[{"href":"https:\/\/www.audacieuse-galerie.ch\/de\/wp-json\/wp\/v2\/types\/product"}],"replies":[{"embeddable":true,"href":"https:\/\/www.audacieuse-galerie.ch\/de\/wp-json\/wp\/v2\/comments?post=36623"}],"version-history":[{"count":0,"href":"https:\/\/www.audacieuse-galerie.ch\/de\/wp-json\/wp\/v2\/product\/36623\/revisions"}],"wp:featuredmedia":[{"embeddable":true,"href":"https:\/\/www.audacieuse-galerie.ch\/de\/wp-json\/wp\/v2\/media\/36516"}],"wp:attachment":[{"href":"https:\/\/www.audacieuse-galerie.ch\/de\/wp-json\/wp\/v2\/media?parent=36623"}],"wp:term":[{"taxonomy":"product_brand","embeddable":true,"href":"https:\/\/www.audacieuse-galerie.ch\/de\/wp-json\/wp\/v2\/product_brand?post=36623"},{"taxonomy":"product_cat","embeddable":true,"href":"https:\/\/www.audacieuse-galerie.ch\/de\/wp-json\/wp\/v2\/product_cat?post=36623"},{"taxonomy":"product_tag","embeddable":true,"href":"https:\/\/www.audacieuse-galerie.ch\/de\/wp-json\/wp\/v2\/product_tag?post=36623"}],"curies":[{"name":"wp","href":"https:\/\/api.w.org\/{rel}","templated":true}]}}

<p>Wir präsentieren &#8218;Angel&#8217;s eyes&#8216;, ein zeitgenössisches fotografisches Werk, das in begrenzter Auflage veröffentlicht wurde, auf Hahnemühle Fine Art-Papier gedruckt und sorgfältig gerahmt.</p>
<p>Dieses zeitgenössische fotografische Werk wurde wegen seiner Suggestionskraft und der Eleganz seiner Komposition ausgewählt. Es lässt bewusst Raum für Interpretation, sodass jeder eine persönliche Verbindung zum Bild herstellen kann. Diese Lesefreiheit ist oft die Stärke der eindrucksvollsten Werke.  </p>
<p>Das Foto wird in einer begrenzten Anzahl von Exemplaren veröffentlicht und einzeln nummeriert. Jeder Abzug wird von einem Echtheitszertifikat begleitet, das vom fotografischen Künstler unterschrieben ist. </p>
<p>Dieses limitierte Galeriefoto basiert auf einem bedachten künstlerischen Ansatz, ohne Konkurrenz oder demonstrativen Effekt.</p>
<p>Diese Kunstfotografie in einer limitierten Auflage von 10 Exemplaren mit dem Titel &#8222;Engelsaugen&#8220; wurde an einem Sommertag in Slowenien in einem kleinen Fischerdorf an der Adria aufgenommen. Was für eine seltsame Atmosphäre hier&#8230; Farben und Bilder verschmelzen in meinem Kopf, wenn ich mitten im LUNA PARK spazieren gehe. Ich bin fasziniert und unwiderstehlich angezogen von diesen bunten Fahrgeschäften, die mich unter die Sonne rufen. Ihre gemalten Augen, als wären sie auf mich gerichtet, diese Frau, die mich zu kommen zu winken scheint, mit diesem Schatten zu meinen Füßen, der erscheint. Da beschloss ich, zu triggern.    </p>

<p>Diese Kunstfotografie in einer limitierten Auflage von 10 Exemplaren mit dem Titel &#8222;Engelsaugen&#8220; wurde an einem Sommertag in Slowenien in einem kleinen Fischerdorf an der Adria aufgenommen.</p>
<p>Nummerierter Kunstdruck für Liebhaber zeitgenössischer Kunst.</p>
<p>Exklusive Kunstfotografie in kontrollierter Auflage.</p>
<p>Entdecken Sie &#8218;Angel&#8217;s eyes&#8216;, ein fotografisches Werk, das in limitierter Auflage veröffentlicht wurde</p>

<!-- This site is optimized with the Yoast SEO plugin v28.3 - https://yoast.com/product/yoast-seo-wordpress/ -->
<title>Kunstfotografie: Angel&#039;s Eyes - Audacieuse-Galerie</title>
<meta name="description" content="Kunstfotografie: Angel&#039;s Eyes - Audacieuse-Galerie" />
<meta name="robots" content="index, follow, max-snippet:-1, max-image-preview:large, max-video-preview:-1" />
<link rel="canonical" href="https://www.audacieuse-galerie.ch/de/produit/angel-s-eyes-2/" />
<meta property="og:locale" content="de_DE" />
<meta property="og:type" content="article" />
<meta property="og:title" content="Kunstfotografie: Angel&#039;s Eyes - Audacieuse-Galerie" />
<meta property="og:description" content="Kunstfotografie: Angel&#039;s Eyes - Audacieuse-Galerie" />
<meta property="og:url" content="https://www.audacieuse-galerie.ch/de/produit/angel-s-eyes-2/" />
<meta property="og:site_name" content="Audacieuse-Galerie" />
<meta property="article:publisher" content="https://www.facebook.com/audacieuse.galerie" />
<meta property="article:modified_time" content="2026-08-12T12:17:50+00:00" />
<meta property="og:image" content="https://www.audacieuse-galerie.ch/wp-content/uploads/2018/11/567-Angels-eyes.jpg" />
	<meta property="og:image:width" content="1000" />
	<meta property="og:image:height" content="667" />
	<meta property="og:image:type" content="image/jpeg" />
<meta name="twitter:card" content="summary_large_image" />
<meta name="twitter:label1" content="Geschätzte Lesezeit" />
	<meta name="twitter:data1" content="1 Minute" />
<script type="application/ld+json" class="yoast-schema-graph">{"@context":"https:\/\/schema.org","@graph":[{"@type":"WebPage","@id":"https:\/\/www.audacieuse-galerie.ch\/de\/produit\/angel-s-eyes-2\/","url":"https:\/\/www.audacieuse-galerie.ch\/de\/produit\/angel-s-eyes-2\/","name":"Kunstfotografie: Angel's Eyes - Audacieuse-Galerie","isPartOf":{"@id":"https:\/\/www.audacieuse-galerie.ch\/de\/#website"},"primaryImageOfPage":{"@id":"https:\/\/www.audacieuse-galerie.ch\/de\/produit\/angel-s-eyes-2\/#primaryimage"},"image":{"@id":"https:\/\/www.audacieuse-galerie.ch\/de\/produit\/angel-s-eyes-2\/#primaryimage"},"thumbnailUrl":"https:\/\/www.audacieuse-galerie.ch\/wp-content\/uploads\/2018\/11\/567-Angels-eyes.jpg","datePublished":"2018-11-12T18:19:11+00:00","dateModified":"2026-08-12T12:17:50+00:00","description":"Kunstfotografie: Angel's Eyes - Audacieuse-Galerie","breadcrumb":{"@id":"https:\/\/www.audacieuse-galerie.ch\/de\/produit\/angel-s-eyes-2\/#breadcrumb"},"inLanguage":"de","potentialAction":[{"@type":"ReadAction","target":["https:\/\/www.audacieuse-galerie.ch\/de\/produit\/angel-s-eyes-2\/"]}]},{"@type":"ImageObject","inLanguage":"de","@id":"https:\/\/www.audacieuse-galerie.ch\/de\/produit\/angel-s-eyes-2\/#primaryimage","url":"https:\/\/www.audacieuse-galerie.ch\/wp-content\/uploads\/2018\/11\/567-Angels-eyes.jpg","contentUrl":"https:\/\/www.audacieuse-galerie.ch\/wp-content\/uploads\/2018\/11\/567-Angels-eyes.jpg","width":1000,"height":667,"caption":"Engelsaugen"},{"@type":"BreadcrumbList","@id":"https:\/\/www.audacieuse-galerie.ch\/de\/produit\/angel-s-eyes-2\/#breadcrumb","itemListElement":[{"@type":"ListItem","position":1,"name":"Heim","item":"https:\/\/www.audacieuse-galerie.ch\/de\/"},{"@type":"ListItem","position":2,"name":"Laden","item":"https:\/\/www.audacieuse-galerie.ch\/de\/laden\/"},{"@type":"ListItem","position":3,"name":"Kunstfotografie: Angel&rsquo;s Eyes"}]},{"@type":"WebSite","@id":"https:\/\/www.audacieuse-galerie.ch\/de\/#website","url":"https:\/\/www.audacieuse-galerie.ch\/de\/","name":"Audacieuse-Galerie","description":"Mode et Images","potentialAction":[{"@type":"SearchAction","target":{"@type":"EntryPoint","urlTemplate":"https:\/\/www.audacieuse-galerie.ch\/de\/?s={search_term_string}"},"query-input":{"@type":"PropertyValueSpecification","valueRequired":true,"valueName":"search_term_string"}}],"inLanguage":"de"}]}</script>
<!-- / Yoast SEO plugin. -->
