{"id":36944,"date":"2018-11-13T17:51:59","date_gmt":"2018-11-13T16:51:59","guid":{"rendered":"https:\/\/woo.audacieuse-galerie.ch\/produit\/behind-the-scene-2\/"},"modified":"2026-08-12T14:17:41","modified_gmt":"2026-08-12T12:17:41","slug":"behind-the-scene-2","status":"publish","type":"product","link":"https:\/\/www.audacieuse-galerie.ch\/de\/produit\/behind-the-scene-2\/","title":{"rendered":"Kunstfotografie: Hinter den Kulissen"},"content":{"rendered":"<p>Hinter den Kulissen, ein fotografisches Werk, das wegen seiner k\u00fcnstlerischen Vision ausgew\u00e4hlt wurde, auf Fine Art Hahnem\u00fchle-Papier gedruckt und in einer amerikanischen Kiste gerahmt ist, stellen wir seine Authentizit\u00e4t sicher.<\/p>\n<p>Dieses fotografische Werk wurde wegen der Koh\u00e4renz seiner k\u00fcnstlerischen Vision und seiner F\u00e4higkeit, bleibende Emotionen hervorzurufen, ausgew\u00e4hlt. Sie begleitet Orte mit besonderem Umfeld und ist naturgem\u00e4\u00df Teil ihrer Geschichte. Seine eindrucksvolle Kraft ist \u00fcber die Jahre erhalten geblieben.  <\/p>\n<p>Jedes Exemplar ist Teil einer limitierten und nummerierten Ausgabe. Ein vom Fotograf unterschriebenes Echtheitszertifikat liegt jedem Erwerb bei. <\/p>\n<p>Diese Fine-Art-Fotografie ist das Ergebnis eines strukturierten kreativen Prozesses, bei dem jeder Druck als eigenst\u00e4ndiges Gesamtwerk betrachtet wird.<\/p>\n<p>Was f\u00fcr eine seltsame Atmosph\u00e4re hier&#8230; Die verblichenen Farben des Karussells verschmelzen mit denen des alten Kamins. Das Orange der Mechaniker unter der Sonne vermischt sich fast mit Rost und Ziegeln. Funktioniert dieses Fahrgesch\u00e4ft noch oder wird es abgebaut? Ich kreiste herum, fasziniert, suchte nach dem richtigen Winkel, um es zu fotografieren, dann fand ich es, dann machte ich die Aufnahme.  <\/p>\n","protected":false},"excerpt":{"rendered":"<p>Die Farben des Karussells verschmelzen mit denen des Kamins. Das Orange der Mechaniker unter der Sonne vermischt sich fast mit Rost und Ziegeln. <\/p>\n<p>Hinter den Kulissen, limitierte Fotografie der Fine-Art-Fotografie<\/p>\n","protected":false},"featured_media":36837,"comment_status":"open","ping_status":"closed","template":"","meta":{"_glsr_average":0,"_glsr_ranking":0,"_glsr_reviews":0,"jetpack_publicize_message":"","jetpack_publicize_feature_enabled":true,"jetpack_social_post_already_shared":true,"jetpack_social_options":{"image_generator_settings":{"template":"highway","default_image_id":0,"font":"","enabled":false},"version":2}},"product_brand":[],"product_cat":[222,111,2227,234],"product_tag":[],"class_list":["post-36944","product","type-product","status-publish","has-post-thumbnail","product_cat-europa","product_cat-farben","product_cat-fotograf-daniele-verjus","product_cat-staedtisch","pa_dimensions-60x90cm-de","pa_encadrements-creme-de","pa_encadrements-dunklesholz-de","pa_encadrements-grau-de","pa_encadrements-hellesholz-de","pa_encadrements-keinen-de","pa_encadrements-schwarz-de","pa_encadrements-weiss-de","pa_oeuvresnumerotees_limitees-10exemplaren-de","pa_protectionfinitionsupport-druckunterglasacrylglass-de","pa_protectionfinitionsupport-e4-kunstpapieraufholzplatteu-de","pa_protectionfinitionsupport-20-kunstpapieraufdibondr_alu-de","pa_techniquesphotographiques-farbe-de","pa_themesphotographiques-europa-de","pa_themesphotographiques-stadtisch-de","first","instock","taxable","shipping-taxable","purchasable","product-type-variable","has-default-attributes"],"yoast_head":"<!-- This site is optimized with the Yoast SEO plugin v28.3 - https:\/\/yoast.com\/product\/yoast-seo-wordpress\/ -->\n<title>Kunstfotografie: Hinter den Kulissen - Audacieuse-Galerie<\/title>\n<meta name=\"description\" content=\"Kunstfotografie: Hinter den Kulissen - Audacieuse-Galerie\" \/>\n<meta name=\"robots\" content=\"index, follow, max-snippet:-1, max-image-preview:large, max-video-preview:-1\" \/>\n<link rel=\"canonical\" href=\"https:\/\/www.audacieuse-galerie.ch\/de\/produit\/behind-the-scene-2\/\" \/>\n<meta property=\"og:locale\" content=\"de_DE\" \/>\n<meta property=\"og:type\" content=\"article\" \/>\n<meta property=\"og:title\" content=\"Kunstfotografie: Hinter den Kulissen - Audacieuse-Galerie\" \/>\n<meta property=\"og:description\" content=\"Kunstfotografie: Hinter den Kulissen - Audacieuse-Galerie\" \/>\n<meta property=\"og:url\" content=\"https:\/\/www.audacieuse-galerie.ch\/de\/produit\/behind-the-scene-2\/\" \/>\n<meta property=\"og:site_name\" content=\"Audacieuse-Galerie\" \/>\n<meta property=\"article:publisher\" content=\"https:\/\/www.facebook.com\/audacieuse.galerie\" \/>\n<meta property=\"article:modified_time\" content=\"2026-08-12T12:17:41+00:00\" \/>\n<meta property=\"og:image\" content=\"https:\/\/www.audacieuse-galerie.ch\/wp-content\/uploads\/2018\/11\/568-Behind-the-scene.jpg\" \/>\n\t<meta property=\"og:image:width\" content=\"667\" \/>\n\t<meta property=\"og:image:height\" content=\"1000\" \/>\n\t<meta property=\"og:image:type\" content=\"image\/jpeg\" \/>\n<meta name=\"twitter:card\" content=\"summary_large_image\" \/>\n<meta name=\"twitter:label1\" content=\"Gesch\u00e4tzte Lesezeit\" \/>\n\t<meta name=\"twitter:data1\" content=\"1 Minute\" \/>\n<script type=\"application\/ld+json\" class=\"yoast-schema-graph\">{\"@context\":\"https:\\\/\\\/schema.org\",\"@graph\":[{\"@type\":\"WebPage\",\"@id\":\"https:\\\/\\\/www.audacieuse-galerie.ch\\\/de\\\/produit\\\/behind-the-scene-2\\\/\",\"url\":\"https:\\\/\\\/www.audacieuse-galerie.ch\\\/de\\\/produit\\\/behind-the-scene-2\\\/\",\"name\":\"Kunstfotografie: Hinter den Kulissen - Audacieuse-Galerie\",\"isPartOf\":{\"@id\":\"https:\\\/\\\/www.audacieuse-galerie.ch\\\/de\\\/#website\"},\"primaryImageOfPage\":{\"@id\":\"https:\\\/\\\/www.audacieuse-galerie.ch\\\/de\\\/produit\\\/behind-the-scene-2\\\/#primaryimage\"},\"image\":{\"@id\":\"https:\\\/\\\/www.audacieuse-galerie.ch\\\/de\\\/produit\\\/behind-the-scene-2\\\/#primaryimage\"},\"thumbnailUrl\":\"https:\\\/\\\/www.audacieuse-galerie.ch\\\/wp-content\\\/uploads\\\/2018\\\/11\\\/568-Behind-the-scene.jpg\",\"datePublished\":\"2018-11-13T16:51:59+00:00\",\"dateModified\":\"2026-08-12T12:17:41+00:00\",\"description\":\"Kunstfotografie: Hinter den Kulissen - Audacieuse-Galerie\",\"breadcrumb\":{\"@id\":\"https:\\\/\\\/www.audacieuse-galerie.ch\\\/de\\\/produit\\\/behind-the-scene-2\\\/#breadcrumb\"},\"inLanguage\":\"de\",\"potentialAction\":[{\"@type\":\"ReadAction\",\"target\":[\"https:\\\/\\\/www.audacieuse-galerie.ch\\\/de\\\/produit\\\/behind-the-scene-2\\\/\"]}]},{\"@type\":\"ImageObject\",\"inLanguage\":\"de\",\"@id\":\"https:\\\/\\\/www.audacieuse-galerie.ch\\\/de\\\/produit\\\/behind-the-scene-2\\\/#primaryimage\",\"url\":\"https:\\\/\\\/www.audacieuse-galerie.ch\\\/wp-content\\\/uploads\\\/2018\\\/11\\\/568-Behind-the-scene.jpg\",\"contentUrl\":\"https:\\\/\\\/www.audacieuse-galerie.ch\\\/wp-content\\\/uploads\\\/2018\\\/11\\\/568-Behind-the-scene.jpg\",\"width\":667,\"height\":1000,\"caption\":\"Hinter den Kulissen\"},{\"@type\":\"BreadcrumbList\",\"@id\":\"https:\\\/\\\/www.audacieuse-galerie.ch\\\/de\\\/produit\\\/behind-the-scene-2\\\/#breadcrumb\",\"itemListElement\":[{\"@type\":\"ListItem\",\"position\":1,\"name\":\"Heim\",\"item\":\"https:\\\/\\\/www.audacieuse-galerie.ch\\\/de\\\/\"},{\"@type\":\"ListItem\",\"position\":2,\"name\":\"Laden\",\"item\":\"https:\\\/\\\/www.audacieuse-galerie.ch\\\/de\\\/laden\\\/\"},{\"@type\":\"ListItem\",\"position\":3,\"name\":\"Kunstfotografie: Hinter den Kulissen\"}]},{\"@type\":\"WebSite\",\"@id\":\"https:\\\/\\\/www.audacieuse-galerie.ch\\\/de\\\/#website\",\"url\":\"https:\\\/\\\/www.audacieuse-galerie.ch\\\/de\\\/\",\"name\":\"Audacieuse-Galerie\",\"description\":\"Mode et Images\",\"potentialAction\":[{\"@type\":\"SearchAction\",\"target\":{\"@type\":\"EntryPoint\",\"urlTemplate\":\"https:\\\/\\\/www.audacieuse-galerie.ch\\\/de\\\/?s={search_term_string}\"},\"query-input\":{\"@type\":\"PropertyValueSpecification\",\"valueRequired\":true,\"valueName\":\"search_term_string\"}}],\"inLanguage\":\"de\"}]}<\/script>\n<!-- \/ Yoast SEO plugin. -->","yoast_head_json":{"title":"Kunstfotografie: Hinter den Kulissen - Audacieuse-Galerie","description":"Kunstfotografie: Hinter den Kulissen - Audacieuse-Galerie","robots":{"index":"index","follow":"follow","max-snippet":"max-snippet:-1","max-image-preview":"max-image-preview:large","max-video-preview":"max-video-preview:-1"},"canonical":"https:\/\/www.audacieuse-galerie.ch\/de\/produit\/behind-the-scene-2\/","og_locale":"de_DE","og_type":"article","og_title":"Kunstfotografie: Hinter den Kulissen - Audacieuse-Galerie","og_description":"Kunstfotografie: Hinter den Kulissen - Audacieuse-Galerie","og_url":"https:\/\/www.audacieuse-galerie.ch\/de\/produit\/behind-the-scene-2\/","og_site_name":"Audacieuse-Galerie","article_publisher":"https:\/\/www.facebook.com\/audacieuse.galerie","article_modified_time":"2026-08-12T12:17:41+00:00","og_image":[{"width":667,"height":1000,"url":"https:\/\/www.audacieuse-galerie.ch\/wp-content\/uploads\/2018\/11\/568-Behind-the-scene.jpg","type":"image\/jpeg"}],"twitter_card":"summary_large_image","twitter_misc":{"Gesch\u00e4tzte Lesezeit":"1 Minute"},"schema":{"@context":"https:\/\/schema.org","@graph":[{"@type":"WebPage","@id":"https:\/\/www.audacieuse-galerie.ch\/de\/produit\/behind-the-scene-2\/","url":"https:\/\/www.audacieuse-galerie.ch\/de\/produit\/behind-the-scene-2\/","name":"Kunstfotografie: Hinter den Kulissen - Audacieuse-Galerie","isPartOf":{"@id":"https:\/\/www.audacieuse-galerie.ch\/de\/#website"},"primaryImageOfPage":{"@id":"https:\/\/www.audacieuse-galerie.ch\/de\/produit\/behind-the-scene-2\/#primaryimage"},"image":{"@id":"https:\/\/www.audacieuse-galerie.ch\/de\/produit\/behind-the-scene-2\/#primaryimage"},"thumbnailUrl":"https:\/\/www.audacieuse-galerie.ch\/wp-content\/uploads\/2018\/11\/568-Behind-the-scene.jpg","datePublished":"2018-11-13T16:51:59+00:00","dateModified":"2026-08-12T12:17:41+00:00","description":"Kunstfotografie: Hinter den Kulissen - Audacieuse-Galerie","breadcrumb":{"@id":"https:\/\/www.audacieuse-galerie.ch\/de\/produit\/behind-the-scene-2\/#breadcrumb"},"inLanguage":"de","potentialAction":[{"@type":"ReadAction","target":["https:\/\/www.audacieuse-galerie.ch\/de\/produit\/behind-the-scene-2\/"]}]},{"@type":"ImageObject","inLanguage":"de","@id":"https:\/\/www.audacieuse-galerie.ch\/de\/produit\/behind-the-scene-2\/#primaryimage","url":"https:\/\/www.audacieuse-galerie.ch\/wp-content\/uploads\/2018\/11\/568-Behind-the-scene.jpg","contentUrl":"https:\/\/www.audacieuse-galerie.ch\/wp-content\/uploads\/2018\/11\/568-Behind-the-scene.jpg","width":667,"height":1000,"caption":"Hinter den Kulissen"},{"@type":"BreadcrumbList","@id":"https:\/\/www.audacieuse-galerie.ch\/de\/produit\/behind-the-scene-2\/#breadcrumb","itemListElement":[{"@type":"ListItem","position":1,"name":"Heim","item":"https:\/\/www.audacieuse-galerie.ch\/de\/"},{"@type":"ListItem","position":2,"name":"Laden","item":"https:\/\/www.audacieuse-galerie.ch\/de\/laden\/"},{"@type":"ListItem","position":3,"name":"Kunstfotografie: Hinter den Kulissen"}]},{"@type":"WebSite","@id":"https:\/\/www.audacieuse-galerie.ch\/de\/#website","url":"https:\/\/www.audacieuse-galerie.ch\/de\/","name":"Audacieuse-Galerie","description":"Mode et Images","potentialAction":[{"@type":"SearchAction","target":{"@type":"EntryPoint","urlTemplate":"https:\/\/www.audacieuse-galerie.ch\/de\/?s={search_term_string}"},"query-input":{"@type":"PropertyValueSpecification","valueRequired":true,"valueName":"search_term_string"}}],"inLanguage":"de"}]}},"jetpack_publicize_connections":[],"_links":{"self":[{"href":"https:\/\/www.audacieuse-galerie.ch\/de\/wp-json\/wp\/v2\/product\/36944","targetHints":{"allow":["GET"]}}],"collection":[{"href":"https:\/\/www.audacieuse-galerie.ch\/de\/wp-json\/wp\/v2\/product"}],"about":[{"href":"https:\/\/www.audacieuse-galerie.ch\/de\/wp-json\/wp\/v2\/types\/product"}],"replies":[{"embeddable":true,"href":"https:\/\/www.audacieuse-galerie.ch\/de\/wp-json\/wp\/v2\/comments?post=36944"}],"version-history":[{"count":0,"href":"https:\/\/www.audacieuse-galerie.ch\/de\/wp-json\/wp\/v2\/product\/36944\/revisions"}],"wp:featuredmedia":[{"embeddable":true,"href":"https:\/\/www.audacieuse-galerie.ch\/de\/wp-json\/wp\/v2\/media\/36837"}],"wp:attachment":[{"href":"https:\/\/www.audacieuse-galerie.ch\/de\/wp-json\/wp\/v2\/media?parent=36944"}],"wp:term":[{"taxonomy":"product_brand","embeddable":true,"href":"https:\/\/www.audacieuse-galerie.ch\/de\/wp-json\/wp\/v2\/product_brand?post=36944"},{"taxonomy":"product_cat","embeddable":true,"href":"https:\/\/www.audacieuse-galerie.ch\/de\/wp-json\/wp\/v2\/product_cat?post=36944"},{"taxonomy":"product_tag","embeddable":true,"href":"https:\/\/www.audacieuse-galerie.ch\/de\/wp-json\/wp\/v2\/product_tag?post=36944"}],"curies":[{"name":"wp","href":"https:\/\/api.w.org\/{rel}","templated":true}]}}

<p>Hinter den Kulissen, ein fotografisches Werk, das wegen seiner künstlerischen Vision ausgewählt wurde, auf Fine Art Hahnemühle-Papier gedruckt und in einer amerikanischen Kiste gerahmt ist, stellen wir seine Authentizität sicher.</p>
<p>Dieses fotografische Werk wurde wegen der Kohärenz seiner künstlerischen Vision und seiner Fähigkeit, bleibende Emotionen hervorzurufen, ausgewählt. Sie begleitet Orte mit besonderem Umfeld und ist naturgemäß Teil ihrer Geschichte. Seine eindrucksvolle Kraft ist über die Jahre erhalten geblieben.  </p>
<p>Jedes Exemplar ist Teil einer limitierten und nummerierten Ausgabe. Ein vom Fotograf unterschriebenes Echtheitszertifikat liegt jedem Erwerb bei. </p>
<p>Diese Fine-Art-Fotografie ist das Ergebnis eines strukturierten kreativen Prozesses, bei dem jeder Druck als eigenständiges Gesamtwerk betrachtet wird.</p>
<p>Was für eine seltsame Atmosphäre hier&#8230; Die verblichenen Farben des Karussells verschmelzen mit denen des alten Kamins. Das Orange der Mechaniker unter der Sonne vermischt sich fast mit Rost und Ziegeln. Funktioniert dieses Fahrgeschäft noch oder wird es abgebaut? Ich kreiste herum, fasziniert, suchte nach dem richtigen Winkel, um es zu fotografieren, dann fand ich es, dann machte ich die Aufnahme.  </p>

<!-- This site is optimized with the Yoast SEO plugin v28.3 - https://yoast.com/product/yoast-seo-wordpress/ -->
<title>Kunstfotografie: Hinter den Kulissen - Audacieuse-Galerie</title>
<meta name="description" content="Kunstfotografie: Hinter den Kulissen - Audacieuse-Galerie" />
<meta name="robots" content="index, follow, max-snippet:-1, max-image-preview:large, max-video-preview:-1" />
<link rel="canonical" href="https://www.audacieuse-galerie.ch/de/produit/behind-the-scene-2/" />
<meta property="og:locale" content="de_DE" />
<meta property="og:type" content="article" />
<meta property="og:title" content="Kunstfotografie: Hinter den Kulissen - Audacieuse-Galerie" />
<meta property="og:description" content="Kunstfotografie: Hinter den Kulissen - Audacieuse-Galerie" />
<meta property="og:url" content="https://www.audacieuse-galerie.ch/de/produit/behind-the-scene-2/" />
<meta property="og:site_name" content="Audacieuse-Galerie" />
<meta property="article:publisher" content="https://www.facebook.com/audacieuse.galerie" />
<meta property="article:modified_time" content="2026-08-12T12:17:41+00:00" />
<meta property="og:image" content="https://www.audacieuse-galerie.ch/wp-content/uploads/2018/11/568-Behind-the-scene.jpg" />
	<meta property="og:image:width" content="667" />
	<meta property="og:image:height" content="1000" />
	<meta property="og:image:type" content="image/jpeg" />
<meta name="twitter:card" content="summary_large_image" />
<meta name="twitter:label1" content="Geschätzte Lesezeit" />
	<meta name="twitter:data1" content="1 Minute" />
<script type="application/ld+json" class="yoast-schema-graph">{"@context":"https:\/\/schema.org","@graph":[{"@type":"WebPage","@id":"https:\/\/www.audacieuse-galerie.ch\/de\/produit\/behind-the-scene-2\/","url":"https:\/\/www.audacieuse-galerie.ch\/de\/produit\/behind-the-scene-2\/","name":"Kunstfotografie: Hinter den Kulissen - Audacieuse-Galerie","isPartOf":{"@id":"https:\/\/www.audacieuse-galerie.ch\/de\/#website"},"primaryImageOfPage":{"@id":"https:\/\/www.audacieuse-galerie.ch\/de\/produit\/behind-the-scene-2\/#primaryimage"},"image":{"@id":"https:\/\/www.audacieuse-galerie.ch\/de\/produit\/behind-the-scene-2\/#primaryimage"},"thumbnailUrl":"https:\/\/www.audacieuse-galerie.ch\/wp-content\/uploads\/2018\/11\/568-Behind-the-scene.jpg","datePublished":"2018-11-13T16:51:59+00:00","dateModified":"2026-08-12T12:17:41+00:00","description":"Kunstfotografie: Hinter den Kulissen - Audacieuse-Galerie","breadcrumb":{"@id":"https:\/\/www.audacieuse-galerie.ch\/de\/produit\/behind-the-scene-2\/#breadcrumb"},"inLanguage":"de","potentialAction":[{"@type":"ReadAction","target":["https:\/\/www.audacieuse-galerie.ch\/de\/produit\/behind-the-scene-2\/"]}]},{"@type":"ImageObject","inLanguage":"de","@id":"https:\/\/www.audacieuse-galerie.ch\/de\/produit\/behind-the-scene-2\/#primaryimage","url":"https:\/\/www.audacieuse-galerie.ch\/wp-content\/uploads\/2018\/11\/568-Behind-the-scene.jpg","contentUrl":"https:\/\/www.audacieuse-galerie.ch\/wp-content\/uploads\/2018\/11\/568-Behind-the-scene.jpg","width":667,"height":1000,"caption":"Hinter den Kulissen"},{"@type":"BreadcrumbList","@id":"https:\/\/www.audacieuse-galerie.ch\/de\/produit\/behind-the-scene-2\/#breadcrumb","itemListElement":[{"@type":"ListItem","position":1,"name":"Heim","item":"https:\/\/www.audacieuse-galerie.ch\/de\/"},{"@type":"ListItem","position":2,"name":"Laden","item":"https:\/\/www.audacieuse-galerie.ch\/de\/laden\/"},{"@type":"ListItem","position":3,"name":"Kunstfotografie: Hinter den Kulissen"}]},{"@type":"WebSite","@id":"https:\/\/www.audacieuse-galerie.ch\/de\/#website","url":"https:\/\/www.audacieuse-galerie.ch\/de\/","name":"Audacieuse-Galerie","description":"Mode et Images","potentialAction":[{"@type":"SearchAction","target":{"@type":"EntryPoint","urlTemplate":"https:\/\/www.audacieuse-galerie.ch\/de\/?s={search_term_string}"},"query-input":{"@type":"PropertyValueSpecification","valueRequired":true,"valueName":"search_term_string"}}],"inLanguage":"de"}]}</script>
<!-- / Yoast SEO plugin. -->
