{"id":40124,"date":"2018-12-08T15:02:06","date_gmt":"2018-12-08T14:02:06","guid":{"rendered":"https:\/\/woo.audacieuse-galerie.ch\/produit\/retired-colorado-2\/"},"modified":"2026-08-12T14:16:39","modified_gmt":"2026-08-12T12:16:39","slug":"retired-colorado-2","status":"publish","type":"product","link":"https:\/\/www.audacieuse-galerie.ch\/de\/produit\/retired-colorado-2\/","title":{"rendered":"Bildende Kunstfotografie: Im Ruhestand, Colorado"},"content":{"rendered":"<p>Wir pr\u00e4sentieren &#8218;Retired, Colorado&#8216;, ein zeitgen\u00f6ssisches fotografisches Werk, das bleibende Emotionen weckt, gedruckt auf Hahnem\u00fchle Fine Art Papier und gerahmt in einer amerikanischen Kiste.<\/p>\n<p>Dieses zeitgen\u00f6ssische fotografische Werk wurde gew\u00e4hlt, weil es bleibende Emotionen hervorrufen und gleichzeitig Raum f\u00fcr pers\u00f6nliche Interpretation l\u00e4sst. Ihr Interesse liegt nicht nur in dem, was sie zeigt, sondern auch in dem, was sie suggeriert. Er l\u00e4dt zu einer erneuerten Kontemplation ein, bei der jeder Blick ein Detail, eine Empfindung oder eine andere Lesart offenbaren kann. Dieser Reichtum der Interpretation ist eines der wesentlichen Merkmale von Werken, die der Zeit \u00fcberdauern werden.   <\/p>\n<p>Das Foto ist in limitierten und nummerierten Auflagen erh\u00e4ltlich. Jede Kopie nimmt einen definierten Platz innerhalb einer Reihe ein, deren Verteilung freiwillig eingeschr\u00e4nkt bleibt. Diese Seltenheit tr\u00e4gt vollst\u00e4ndig zum exklusiven Charakter des Werks bei. Ein vom Fotograf unterschriebenes Echtheitszertifikat begleitet jeden Abzug und garantiert sowohl Herkunft als auch Echtheit.   <\/p>\n<p>Dieses Sammlerfoto ist f\u00fcr alle, die sensibel f\u00fcr Bilder und zeitgen\u00f6ssische Schaffen sind.<\/p>\n<p>Die Funktion &#8222;Autobahnen vermeiden&#8220; auf dem GPS hat die direkte Folge, dass sie oft in Sackgassen endet. Aber es erlaubte mir auch, Szenen zu sehen, als w\u00e4ren sie aus einer anderen Zeit.<\/p>\n","protected":false},"excerpt":{"rendered":"<p>Die Funktion &#8222;Autobahnen meiden&#8220; auf dem GPS hat die direkte Folge, dass sie oft in Sackgassen landet.<\/p>\n<p>Signiertes und nummeriertes Sammlerfoto.<\/p>\n<p>Fotografische Arbeiten in limitierter Auflage erh\u00e4ltlich.<\/p>\n<p>&#8218;Retired, Colorado&#8216;, ein zeitgen\u00f6ssisches fotografisches Werk, gedruckt auf Hahnem\u00fchle.<\/p>\n","protected":false},"featured_media":40059,"comment_status":"open","ping_status":"closed","template":"","meta":{"_glsr_average":0,"_glsr_ranking":0,"_glsr_reviews":0,"jetpack_publicize_message":"","jetpack_publicize_feature_enabled":true,"jetpack_social_post_already_shared":true,"jetpack_social_options":{"image_generator_settings":{"template":"highway","default_image_id":0,"font":"","enabled":false},"version":2}},"product_brand":[],"product_cat":[189,111,2226,240],"product_tag":[],"class_list":["post-40124","product","type-product","status-publish","has-post-thumbnail","product_cat-amerika","product_cat-farben","product_cat-fotograf-charlotte-bresson","product_cat-landschaftsbilder","pa_dimensions-30x45cm-de","pa_dimensions-50x75cm-de","pa_dimensions-60x90cm-de","pa_encadrements-creme-de","pa_encadrements-dunklesholz-de","pa_encadrements-grau-de","pa_encadrements-hellesholz-de","pa_encadrements-keinen-de","pa_encadrements-schwarz-de","pa_encadrements-weiss-de","pa_oeuvresnumerotees_limitees-10exemplaren-de","pa_protectionfinitionsupport-druckunterglasacrylglass-de","pa_protectionfinitionsupport-e4-kunstpapieraufholzplatteu-de","pa_protectionfinitionsupport-20-kunstpapieraufdibondr_alu-de","pa_techniquesphotographiques-farbe-de","pa_themesphotographiques-amerika-de","pa_themesphotographiques-landschaft-de","first","instock","taxable","shipping-taxable","purchasable","product-type-variable","has-default-attributes"],"yoast_head":"<!-- This site is optimized with the Yoast SEO plugin v28.3 - https:\/\/yoast.com\/product\/yoast-seo-wordpress\/ -->\n<title>Bildende Kunstfotografie: Im Ruhestand, Colorado - Audacieuse-Galerie<\/title>\n<meta name=\"description\" content=\"Bildende Kunstfotografie: Im Ruhestand, Colorado - Audacieuse-Galerie\" \/>\n<meta name=\"robots\" content=\"index, follow, max-snippet:-1, max-image-preview:large, max-video-preview:-1\" \/>\n<link rel=\"canonical\" href=\"https:\/\/www.audacieuse-galerie.ch\/de\/produit\/retired-colorado-2\/\" \/>\n<meta property=\"og:locale\" content=\"de_DE\" \/>\n<meta property=\"og:type\" content=\"article\" \/>\n<meta property=\"og:title\" content=\"Bildende Kunstfotografie: Im Ruhestand, Colorado - Audacieuse-Galerie\" \/>\n<meta property=\"og:description\" content=\"Bildende Kunstfotografie: Im Ruhestand, Colorado - Audacieuse-Galerie\" \/>\n<meta property=\"og:url\" content=\"https:\/\/www.audacieuse-galerie.ch\/de\/produit\/retired-colorado-2\/\" \/>\n<meta property=\"og:site_name\" content=\"Audacieuse-Galerie\" \/>\n<meta property=\"article:publisher\" content=\"https:\/\/www.facebook.com\/audacieuse.galerie\" \/>\n<meta property=\"article:modified_time\" content=\"2026-08-12T12:16:39+00:00\" \/>\n<meta property=\"og:image\" content=\"https:\/\/www.audacieuse-galerie.ch\/wp-content\/uploads\/2018\/12\/580-Retired-Colorado.jpg\" \/>\n\t<meta property=\"og:image:width\" content=\"1000\" \/>\n\t<meta property=\"og:image:height\" content=\"667\" \/>\n\t<meta property=\"og:image:type\" content=\"image\/jpeg\" \/>\n<meta name=\"twitter:card\" content=\"summary_large_image\" \/>\n<meta name=\"twitter:label1\" content=\"Gesch\u00e4tzte Lesezeit\" \/>\n\t<meta name=\"twitter:data1\" content=\"1 Minute\" \/>\n<script type=\"application\/ld+json\" class=\"yoast-schema-graph\">{\"@context\":\"https:\\\/\\\/schema.org\",\"@graph\":[{\"@type\":\"WebPage\",\"@id\":\"https:\\\/\\\/www.audacieuse-galerie.ch\\\/de\\\/produit\\\/retired-colorado-2\\\/\",\"url\":\"https:\\\/\\\/www.audacieuse-galerie.ch\\\/de\\\/produit\\\/retired-colorado-2\\\/\",\"name\":\"Bildende Kunstfotografie: Im Ruhestand, Colorado - Audacieuse-Galerie\",\"isPartOf\":{\"@id\":\"https:\\\/\\\/www.audacieuse-galerie.ch\\\/de\\\/#website\"},\"primaryImageOfPage\":{\"@id\":\"https:\\\/\\\/www.audacieuse-galerie.ch\\\/de\\\/produit\\\/retired-colorado-2\\\/#primaryimage\"},\"image\":{\"@id\":\"https:\\\/\\\/www.audacieuse-galerie.ch\\\/de\\\/produit\\\/retired-colorado-2\\\/#primaryimage\"},\"thumbnailUrl\":\"https:\\\/\\\/www.audacieuse-galerie.ch\\\/wp-content\\\/uploads\\\/2018\\\/12\\\/580-Retired-Colorado.jpg\",\"datePublished\":\"2018-12-08T14:02:06+00:00\",\"dateModified\":\"2026-08-12T12:16:39+00:00\",\"description\":\"Bildende Kunstfotografie: Im Ruhestand, Colorado - Audacieuse-Galerie\",\"breadcrumb\":{\"@id\":\"https:\\\/\\\/www.audacieuse-galerie.ch\\\/de\\\/produit\\\/retired-colorado-2\\\/#breadcrumb\"},\"inLanguage\":\"de\",\"potentialAction\":[{\"@type\":\"ReadAction\",\"target\":[\"https:\\\/\\\/www.audacieuse-galerie.ch\\\/de\\\/produit\\\/retired-colorado-2\\\/\"]}]},{\"@type\":\"ImageObject\",\"inLanguage\":\"de\",\"@id\":\"https:\\\/\\\/www.audacieuse-galerie.ch\\\/de\\\/produit\\\/retired-colorado-2\\\/#primaryimage\",\"url\":\"https:\\\/\\\/www.audacieuse-galerie.ch\\\/wp-content\\\/uploads\\\/2018\\\/12\\\/580-Retired-Colorado.jpg\",\"contentUrl\":\"https:\\\/\\\/www.audacieuse-galerie.ch\\\/wp-content\\\/uploads\\\/2018\\\/12\\\/580-Retired-Colorado.jpg\",\"width\":1000,\"height\":667,\"caption\":\"Im Ruhestand, Colorado\"},{\"@type\":\"BreadcrumbList\",\"@id\":\"https:\\\/\\\/www.audacieuse-galerie.ch\\\/de\\\/produit\\\/retired-colorado-2\\\/#breadcrumb\",\"itemListElement\":[{\"@type\":\"ListItem\",\"position\":1,\"name\":\"Heim\",\"item\":\"https:\\\/\\\/www.audacieuse-galerie.ch\\\/de\\\/\"},{\"@type\":\"ListItem\",\"position\":2,\"name\":\"Laden\",\"item\":\"https:\\\/\\\/www.audacieuse-galerie.ch\\\/de\\\/laden\\\/\"},{\"@type\":\"ListItem\",\"position\":3,\"name\":\"Bildende Kunstfotografie: Im Ruhestand, Colorado\"}]},{\"@type\":\"WebSite\",\"@id\":\"https:\\\/\\\/www.audacieuse-galerie.ch\\\/de\\\/#website\",\"url\":\"https:\\\/\\\/www.audacieuse-galerie.ch\\\/de\\\/\",\"name\":\"Audacieuse-Galerie\",\"description\":\"Mode et Images\",\"potentialAction\":[{\"@type\":\"SearchAction\",\"target\":{\"@type\":\"EntryPoint\",\"urlTemplate\":\"https:\\\/\\\/www.audacieuse-galerie.ch\\\/de\\\/?s={search_term_string}\"},\"query-input\":{\"@type\":\"PropertyValueSpecification\",\"valueRequired\":true,\"valueName\":\"search_term_string\"}}],\"inLanguage\":\"de\"}]}<\/script>\n<!-- \/ Yoast SEO plugin. -->","yoast_head_json":{"title":"Bildende Kunstfotografie: Im Ruhestand, Colorado - Audacieuse-Galerie","description":"Bildende Kunstfotografie: Im Ruhestand, Colorado - Audacieuse-Galerie","robots":{"index":"index","follow":"follow","max-snippet":"max-snippet:-1","max-image-preview":"max-image-preview:large","max-video-preview":"max-video-preview:-1"},"canonical":"https:\/\/www.audacieuse-galerie.ch\/de\/produit\/retired-colorado-2\/","og_locale":"de_DE","og_type":"article","og_title":"Bildende Kunstfotografie: Im Ruhestand, Colorado - Audacieuse-Galerie","og_description":"Bildende Kunstfotografie: Im Ruhestand, Colorado - Audacieuse-Galerie","og_url":"https:\/\/www.audacieuse-galerie.ch\/de\/produit\/retired-colorado-2\/","og_site_name":"Audacieuse-Galerie","article_publisher":"https:\/\/www.facebook.com\/audacieuse.galerie","article_modified_time":"2026-08-12T12:16:39+00:00","og_image":[{"width":1000,"height":667,"url":"https:\/\/www.audacieuse-galerie.ch\/wp-content\/uploads\/2018\/12\/580-Retired-Colorado.jpg","type":"image\/jpeg"}],"twitter_card":"summary_large_image","twitter_misc":{"Gesch\u00e4tzte Lesezeit":"1 Minute"},"schema":{"@context":"https:\/\/schema.org","@graph":[{"@type":"WebPage","@id":"https:\/\/www.audacieuse-galerie.ch\/de\/produit\/retired-colorado-2\/","url":"https:\/\/www.audacieuse-galerie.ch\/de\/produit\/retired-colorado-2\/","name":"Bildende Kunstfotografie: Im Ruhestand, Colorado - Audacieuse-Galerie","isPartOf":{"@id":"https:\/\/www.audacieuse-galerie.ch\/de\/#website"},"primaryImageOfPage":{"@id":"https:\/\/www.audacieuse-galerie.ch\/de\/produit\/retired-colorado-2\/#primaryimage"},"image":{"@id":"https:\/\/www.audacieuse-galerie.ch\/de\/produit\/retired-colorado-2\/#primaryimage"},"thumbnailUrl":"https:\/\/www.audacieuse-galerie.ch\/wp-content\/uploads\/2018\/12\/580-Retired-Colorado.jpg","datePublished":"2018-12-08T14:02:06+00:00","dateModified":"2026-08-12T12:16:39+00:00","description":"Bildende Kunstfotografie: Im Ruhestand, Colorado - Audacieuse-Galerie","breadcrumb":{"@id":"https:\/\/www.audacieuse-galerie.ch\/de\/produit\/retired-colorado-2\/#breadcrumb"},"inLanguage":"de","potentialAction":[{"@type":"ReadAction","target":["https:\/\/www.audacieuse-galerie.ch\/de\/produit\/retired-colorado-2\/"]}]},{"@type":"ImageObject","inLanguage":"de","@id":"https:\/\/www.audacieuse-galerie.ch\/de\/produit\/retired-colorado-2\/#primaryimage","url":"https:\/\/www.audacieuse-galerie.ch\/wp-content\/uploads\/2018\/12\/580-Retired-Colorado.jpg","contentUrl":"https:\/\/www.audacieuse-galerie.ch\/wp-content\/uploads\/2018\/12\/580-Retired-Colorado.jpg","width":1000,"height":667,"caption":"Im Ruhestand, Colorado"},{"@type":"BreadcrumbList","@id":"https:\/\/www.audacieuse-galerie.ch\/de\/produit\/retired-colorado-2\/#breadcrumb","itemListElement":[{"@type":"ListItem","position":1,"name":"Heim","item":"https:\/\/www.audacieuse-galerie.ch\/de\/"},{"@type":"ListItem","position":2,"name":"Laden","item":"https:\/\/www.audacieuse-galerie.ch\/de\/laden\/"},{"@type":"ListItem","position":3,"name":"Bildende Kunstfotografie: Im Ruhestand, Colorado"}]},{"@type":"WebSite","@id":"https:\/\/www.audacieuse-galerie.ch\/de\/#website","url":"https:\/\/www.audacieuse-galerie.ch\/de\/","name":"Audacieuse-Galerie","description":"Mode et Images","potentialAction":[{"@type":"SearchAction","target":{"@type":"EntryPoint","urlTemplate":"https:\/\/www.audacieuse-galerie.ch\/de\/?s={search_term_string}"},"query-input":{"@type":"PropertyValueSpecification","valueRequired":true,"valueName":"search_term_string"}}],"inLanguage":"de"}]}},"jetpack_publicize_connections":[],"_links":{"self":[{"href":"https:\/\/www.audacieuse-galerie.ch\/de\/wp-json\/wp\/v2\/product\/40124","targetHints":{"allow":["GET"]}}],"collection":[{"href":"https:\/\/www.audacieuse-galerie.ch\/de\/wp-json\/wp\/v2\/product"}],"about":[{"href":"https:\/\/www.audacieuse-galerie.ch\/de\/wp-json\/wp\/v2\/types\/product"}],"replies":[{"embeddable":true,"href":"https:\/\/www.audacieuse-galerie.ch\/de\/wp-json\/wp\/v2\/comments?post=40124"}],"version-history":[{"count":0,"href":"https:\/\/www.audacieuse-galerie.ch\/de\/wp-json\/wp\/v2\/product\/40124\/revisions"}],"wp:featuredmedia":[{"embeddable":true,"href":"https:\/\/www.audacieuse-galerie.ch\/de\/wp-json\/wp\/v2\/media\/40059"}],"wp:attachment":[{"href":"https:\/\/www.audacieuse-galerie.ch\/de\/wp-json\/wp\/v2\/media?parent=40124"}],"wp:term":[{"taxonomy":"product_brand","embeddable":true,"href":"https:\/\/www.audacieuse-galerie.ch\/de\/wp-json\/wp\/v2\/product_brand?post=40124"},{"taxonomy":"product_cat","embeddable":true,"href":"https:\/\/www.audacieuse-galerie.ch\/de\/wp-json\/wp\/v2\/product_cat?post=40124"},{"taxonomy":"product_tag","embeddable":true,"href":"https:\/\/www.audacieuse-galerie.ch\/de\/wp-json\/wp\/v2\/product_tag?post=40124"}],"curies":[{"name":"wp","href":"https:\/\/api.w.org\/{rel}","templated":true}]}}

<p>Wir präsentieren &#8218;Retired, Colorado&#8216;, ein zeitgenössisches fotografisches Werk, das bleibende Emotionen weckt, gedruckt auf Hahnemühle Fine Art Papier und gerahmt in einer amerikanischen Kiste.</p>
<p>Dieses zeitgenössische fotografische Werk wurde gewählt, weil es bleibende Emotionen hervorrufen und gleichzeitig Raum für persönliche Interpretation lässt. Ihr Interesse liegt nicht nur in dem, was sie zeigt, sondern auch in dem, was sie suggeriert. Er lädt zu einer erneuerten Kontemplation ein, bei der jeder Blick ein Detail, eine Empfindung oder eine andere Lesart offenbaren kann. Dieser Reichtum der Interpretation ist eines der wesentlichen Merkmale von Werken, die der Zeit überdauern werden.   </p>
<p>Das Foto ist in limitierten und nummerierten Auflagen erhältlich. Jede Kopie nimmt einen definierten Platz innerhalb einer Reihe ein, deren Verteilung freiwillig eingeschränkt bleibt. Diese Seltenheit trägt vollständig zum exklusiven Charakter des Werks bei. Ein vom Fotograf unterschriebenes Echtheitszertifikat begleitet jeden Abzug und garantiert sowohl Herkunft als auch Echtheit.   </p>
<p>Dieses Sammlerfoto ist für alle, die sensibel für Bilder und zeitgenössische Schaffen sind.</p>
<p>Die Funktion &#8222;Autobahnen vermeiden&#8220; auf dem GPS hat die direkte Folge, dass sie oft in Sackgassen endet. Aber es erlaubte mir auch, Szenen zu sehen, als wären sie aus einer anderen Zeit.</p>

<p>Die Funktion &#8222;Autobahnen meiden&#8220; auf dem GPS hat die direkte Folge, dass sie oft in Sackgassen landet.</p>
<p>Signiertes und nummeriertes Sammlerfoto.</p>
<p>Fotografische Arbeiten in limitierter Auflage erhältlich.</p>
<p>&#8218;Retired, Colorado&#8216;, ein zeitgenössisches fotografisches Werk, gedruckt auf Hahnemühle.</p>

<!-- This site is optimized with the Yoast SEO plugin v28.3 - https://yoast.com/product/yoast-seo-wordpress/ -->
<title>Bildende Kunstfotografie: Im Ruhestand, Colorado - Audacieuse-Galerie</title>
<meta name="description" content="Bildende Kunstfotografie: Im Ruhestand, Colorado - Audacieuse-Galerie" />
<meta name="robots" content="index, follow, max-snippet:-1, max-image-preview:large, max-video-preview:-1" />
<link rel="canonical" href="https://www.audacieuse-galerie.ch/de/produit/retired-colorado-2/" />
<meta property="og:locale" content="de_DE" />
<meta property="og:type" content="article" />
<meta property="og:title" content="Bildende Kunstfotografie: Im Ruhestand, Colorado - Audacieuse-Galerie" />
<meta property="og:description" content="Bildende Kunstfotografie: Im Ruhestand, Colorado - Audacieuse-Galerie" />
<meta property="og:url" content="https://www.audacieuse-galerie.ch/de/produit/retired-colorado-2/" />
<meta property="og:site_name" content="Audacieuse-Galerie" />
<meta property="article:publisher" content="https://www.facebook.com/audacieuse.galerie" />
<meta property="article:modified_time" content="2026-08-12T12:16:39+00:00" />
<meta property="og:image" content="https://www.audacieuse-galerie.ch/wp-content/uploads/2018/12/580-Retired-Colorado.jpg" />
	<meta property="og:image:width" content="1000" />
	<meta property="og:image:height" content="667" />
	<meta property="og:image:type" content="image/jpeg" />
<meta name="twitter:card" content="summary_large_image" />
<meta name="twitter:label1" content="Geschätzte Lesezeit" />
	<meta name="twitter:data1" content="1 Minute" />
<script type="application/ld+json" class="yoast-schema-graph">{"@context":"https:\/\/schema.org","@graph":[{"@type":"WebPage","@id":"https:\/\/www.audacieuse-galerie.ch\/de\/produit\/retired-colorado-2\/","url":"https:\/\/www.audacieuse-galerie.ch\/de\/produit\/retired-colorado-2\/","name":"Bildende Kunstfotografie: Im Ruhestand, Colorado - Audacieuse-Galerie","isPartOf":{"@id":"https:\/\/www.audacieuse-galerie.ch\/de\/#website"},"primaryImageOfPage":{"@id":"https:\/\/www.audacieuse-galerie.ch\/de\/produit\/retired-colorado-2\/#primaryimage"},"image":{"@id":"https:\/\/www.audacieuse-galerie.ch\/de\/produit\/retired-colorado-2\/#primaryimage"},"thumbnailUrl":"https:\/\/www.audacieuse-galerie.ch\/wp-content\/uploads\/2018\/12\/580-Retired-Colorado.jpg","datePublished":"2018-12-08T14:02:06+00:00","dateModified":"2026-08-12T12:16:39+00:00","description":"Bildende Kunstfotografie: Im Ruhestand, Colorado - Audacieuse-Galerie","breadcrumb":{"@id":"https:\/\/www.audacieuse-galerie.ch\/de\/produit\/retired-colorado-2\/#breadcrumb"},"inLanguage":"de","potentialAction":[{"@type":"ReadAction","target":["https:\/\/www.audacieuse-galerie.ch\/de\/produit\/retired-colorado-2\/"]}]},{"@type":"ImageObject","inLanguage":"de","@id":"https:\/\/www.audacieuse-galerie.ch\/de\/produit\/retired-colorado-2\/#primaryimage","url":"https:\/\/www.audacieuse-galerie.ch\/wp-content\/uploads\/2018\/12\/580-Retired-Colorado.jpg","contentUrl":"https:\/\/www.audacieuse-galerie.ch\/wp-content\/uploads\/2018\/12\/580-Retired-Colorado.jpg","width":1000,"height":667,"caption":"Im Ruhestand, Colorado"},{"@type":"BreadcrumbList","@id":"https:\/\/www.audacieuse-galerie.ch\/de\/produit\/retired-colorado-2\/#breadcrumb","itemListElement":[{"@type":"ListItem","position":1,"name":"Heim","item":"https:\/\/www.audacieuse-galerie.ch\/de\/"},{"@type":"ListItem","position":2,"name":"Laden","item":"https:\/\/www.audacieuse-galerie.ch\/de\/laden\/"},{"@type":"ListItem","position":3,"name":"Bildende Kunstfotografie: Im Ruhestand, Colorado"}]},{"@type":"WebSite","@id":"https:\/\/www.audacieuse-galerie.ch\/de\/#website","url":"https:\/\/www.audacieuse-galerie.ch\/de\/","name":"Audacieuse-Galerie","description":"Mode et Images","potentialAction":[{"@type":"SearchAction","target":{"@type":"EntryPoint","urlTemplate":"https:\/\/www.audacieuse-galerie.ch\/de\/?s={search_term_string}"},"query-input":{"@type":"PropertyValueSpecification","valueRequired":true,"valueName":"search_term_string"}}],"inLanguage":"de"}]}</script>
<!-- / Yoast SEO plugin. -->
