{"id":52438,"date":"2019-10-17T15:49:12","date_gmt":"2019-10-17T13:49:12","guid":{"rendered":"https:\/\/woo.audacieuse-galerie.ch\/produit\/lip-sync-for-your-life-on-stage-2\/"},"modified":"2026-08-11T08:55:38","modified_gmt":"2026-08-11T06:55:38","slug":"lip-sync-for-your-life-on-stage-2","status":"publish","type":"product","link":"https:\/\/www.audacieuse-galerie.ch\/de\/produit\/lip-sync-for-your-life-on-stage-2\/","title":{"rendered":"Art Photography: Lip Sync f\u00fcr dein Leben \u2013 Auf der B\u00fchne"},"content":{"rendered":"<p>Dieses Werk von gro\u00dfer emotionaler Tiefe durchdringt den Raum mit Charakteren. Wir drucken es auf Hahnem\u00fchle-Papier in limitierter Auflage, gesch\u00fctzt durch einen amerikanischen Boxrahmen. <\/p>\n<p>Dieses Foto zeugt von einer k\u00fcnstlerischen Forschung, in der die scheinbare Schlichtheit eine gro\u00dfe Lesevielfalt offenbart. Sein visuelles Gleichgewicht und seine emotionale Tiefe laden zu aufmerksamer Kontemplation ein. Sie begleitet den Ort mit Charakter, ohne ihn jemals zu dominieren.  <\/p>\n<p>Jeder Druck geh\u00f6rt zu einer limitierten und nummerierten Auflage. Ein vom Fotograf unterschriebenes Echtheitszertifikat garantiert den Ursprung und die Echtheit des Werks. <\/p>\n<p>Fotografische Kreation, signiert und in begrenzten St\u00fcckzahlen produziert, entworfen, um in verschiedenen Kontexten ohne Interpretationszwang zu existieren.<\/p>\n<p>Das Erscheinen dieser Figur, die das Bild &#8222;frisst&#8220; und sich vollst\u00e4ndig im Bild wiederfindet, zeigt uns jemanden, der neutral ist. Ihr Kost\u00fcm und ihr halb ausgeschnittenes Gesicht geben uns nicht wirklich Auskunft \u00fcber das Genre und lassen uns daher sehen, wen wir wollen. Farben sind sehr wichtig und bringen das Bild in die Sph\u00e4re des Spektakels und der Repr\u00e4sentation.  <\/p>\n","protected":false},"excerpt":{"rendered":"<p>Das Erscheinen dieser Figur, die das Bild &#8222;frisst&#8220; und sich v\u00f6llig im Bild wiederfindet, zeigt uns jemanden, der neutral ist.<\/p>\n<p>Ein Werk von einzigartiger Tiefe, von uns auf Hahnem\u00fchle in limitierter Auflage gedruckt.<\/p>\n","protected":false},"featured_media":52373,"comment_status":"open","ping_status":"closed","template":"","meta":{"_glsr_average":0,"_glsr_ranking":0,"_glsr_reviews":0,"jetpack_publicize_message":"","jetpack_publicize_feature_enabled":true,"jetpack_social_post_already_shared":true,"jetpack_social_options":{"image_generator_settings":{"template":"highway","default_image_id":0,"font":"","enabled":false},"version":2}},"product_brand":[],"product_cat":[111,2232,153,108,132],"product_tag":[],"class_list":["post-52438","product","type-product","status-publish","has-post-thumbnail","product_cat-farben","product_cat-fotografin-manon-boyer","product_cat-grafik","product_cat-mensch","product_cat-portraets","pa_dimensions-40x60cm-de","pa_dimensions-50x65cm-de","pa_dimensions-60x90cm-de","pa_encadrements-creme-de","pa_encadrements-dunklesholz-de","pa_encadrements-grau-de","pa_encadrements-hellesholz-de","pa_encadrements-keinen-de","pa_encadrements-schwarz-de","pa_encadrements-weiss-de","pa_oeuvresnumerotees_limitees-15exemplaren-de","pa_papiers-satinbarytpapier-de","pa_protectionfinitionsupport-druckunterglasacrylglass-de","pa_protectionfinitionsupport-e4-kunstpapieraufholzplatteu-de","pa_protectionfinitionsupport-20-kunstpapieraufdibondr_alu-de","pa_techniquesphotographiques-farbe-de","pa_themesphotographiques-grafik-de","pa_themesphotographiques-mensch-de","pa_themesphotographiques-portrat-de","first","instock","taxable","shipping-taxable","purchasable","product-type-variable","has-default-attributes"],"yoast_head":"<!-- This site is optimized with the Yoast SEO plugin v28.3 - https:\/\/yoast.com\/product\/yoast-seo-wordpress\/ -->\n<title>Art Photography: Lip Sync f\u00fcr dein Leben \u2013 Auf der B\u00fchne - Audacieuse-Galerie<\/title>\n<meta name=\"description\" content=\"Art Photography: Lip Sync f\u00fcr dein Leben \u2013 Auf der B\u00fchne - Audacieuse-Galerie\" \/>\n<meta name=\"robots\" content=\"index, follow, max-snippet:-1, max-image-preview:large, max-video-preview:-1\" \/>\n<link rel=\"canonical\" href=\"https:\/\/www.audacieuse-galerie.ch\/de\/produit\/lip-sync-for-your-life-on-stage-2\/\" \/>\n<meta property=\"og:locale\" content=\"de_DE\" \/>\n<meta property=\"og:type\" content=\"article\" \/>\n<meta property=\"og:title\" content=\"Art Photography: Lip Sync f\u00fcr dein Leben \u2013 Auf der B\u00fchne - Audacieuse-Galerie\" \/>\n<meta property=\"og:description\" content=\"Art Photography: Lip Sync f\u00fcr dein Leben \u2013 Auf der B\u00fchne - Audacieuse-Galerie\" \/>\n<meta property=\"og:url\" content=\"https:\/\/www.audacieuse-galerie.ch\/de\/produit\/lip-sync-for-your-life-on-stage-2\/\" \/>\n<meta property=\"og:site_name\" content=\"Audacieuse-Galerie\" \/>\n<meta property=\"article:publisher\" content=\"https:\/\/www.facebook.com\/audacieuse.galerie\" \/>\n<meta property=\"article:modified_time\" content=\"2026-08-11T06:55:38+00:00\" \/>\n<meta property=\"og:image\" content=\"https:\/\/www.audacieuse-galerie.ch\/wp-content\/uploads\/2019\/10\/680-Lip-sync-for-your-life-On-stage.jpg\" \/>\n\t<meta property=\"og:image:width\" content=\"1000\" \/>\n\t<meta property=\"og:image:height\" content=\"667\" \/>\n\t<meta property=\"og:image:type\" content=\"image\/jpeg\" \/>\n<meta name=\"twitter:card\" content=\"summary_large_image\" \/>\n<meta name=\"twitter:label1\" content=\"Gesch\u00e4tzte Lesezeit\" \/>\n\t<meta name=\"twitter:data1\" content=\"1 Minute\" \/>\n<script type=\"application\/ld+json\" class=\"yoast-schema-graph\">{\"@context\":\"https:\\\/\\\/schema.org\",\"@graph\":[{\"@type\":\"WebPage\",\"@id\":\"https:\\\/\\\/www.audacieuse-galerie.ch\\\/de\\\/produit\\\/lip-sync-for-your-life-on-stage-2\\\/\",\"url\":\"https:\\\/\\\/www.audacieuse-galerie.ch\\\/de\\\/produit\\\/lip-sync-for-your-life-on-stage-2\\\/\",\"name\":\"Art Photography: Lip Sync f\u00fcr dein Leben \u2013 Auf der B\u00fchne - Audacieuse-Galerie\",\"isPartOf\":{\"@id\":\"https:\\\/\\\/www.audacieuse-galerie.ch\\\/de\\\/#website\"},\"primaryImageOfPage\":{\"@id\":\"https:\\\/\\\/www.audacieuse-galerie.ch\\\/de\\\/produit\\\/lip-sync-for-your-life-on-stage-2\\\/#primaryimage\"},\"image\":{\"@id\":\"https:\\\/\\\/www.audacieuse-galerie.ch\\\/de\\\/produit\\\/lip-sync-for-your-life-on-stage-2\\\/#primaryimage\"},\"thumbnailUrl\":\"https:\\\/\\\/www.audacieuse-galerie.ch\\\/wp-content\\\/uploads\\\/2019\\\/10\\\/680-Lip-sync-for-your-life-On-stage.jpg\",\"datePublished\":\"2019-10-17T13:49:12+00:00\",\"dateModified\":\"2026-08-11T06:55:38+00:00\",\"description\":\"Art Photography: Lip Sync f\u00fcr dein Leben \u2013 Auf der B\u00fchne - Audacieuse-Galerie\",\"breadcrumb\":{\"@id\":\"https:\\\/\\\/www.audacieuse-galerie.ch\\\/de\\\/produit\\\/lip-sync-for-your-life-on-stage-2\\\/#breadcrumb\"},\"inLanguage\":\"de\",\"potentialAction\":[{\"@type\":\"ReadAction\",\"target\":[\"https:\\\/\\\/www.audacieuse-galerie.ch\\\/de\\\/produit\\\/lip-sync-for-your-life-on-stage-2\\\/\"]}]},{\"@type\":\"ImageObject\",\"inLanguage\":\"de\",\"@id\":\"https:\\\/\\\/www.audacieuse-galerie.ch\\\/de\\\/produit\\\/lip-sync-for-your-life-on-stage-2\\\/#primaryimage\",\"url\":\"https:\\\/\\\/www.audacieuse-galerie.ch\\\/wp-content\\\/uploads\\\/2019\\\/10\\\/680-Lip-sync-for-your-life-On-stage.jpg\",\"contentUrl\":\"https:\\\/\\\/www.audacieuse-galerie.ch\\\/wp-content\\\/uploads\\\/2019\\\/10\\\/680-Lip-sync-for-your-life-On-stage.jpg\",\"width\":1000,\"height\":667,\"caption\":\"Lippensynchronisation f\u00fcr Ihr Leben - Auf der B\u00fchne\"},{\"@type\":\"BreadcrumbList\",\"@id\":\"https:\\\/\\\/www.audacieuse-galerie.ch\\\/de\\\/produit\\\/lip-sync-for-your-life-on-stage-2\\\/#breadcrumb\",\"itemListElement\":[{\"@type\":\"ListItem\",\"position\":1,\"name\":\"Heim\",\"item\":\"https:\\\/\\\/www.audacieuse-galerie.ch\\\/de\\\/\"},{\"@type\":\"ListItem\",\"position\":2,\"name\":\"Laden\",\"item\":\"https:\\\/\\\/www.audacieuse-galerie.ch\\\/de\\\/laden\\\/\"},{\"@type\":\"ListItem\",\"position\":3,\"name\":\"Art Photography: Lip Sync f\u00fcr dein Leben \u2013 Auf der B\u00fchne\"}]},{\"@type\":\"WebSite\",\"@id\":\"https:\\\/\\\/www.audacieuse-galerie.ch\\\/de\\\/#website\",\"url\":\"https:\\\/\\\/www.audacieuse-galerie.ch\\\/de\\\/\",\"name\":\"Audacieuse-Galerie\",\"description\":\"Mode et Images\",\"potentialAction\":[{\"@type\":\"SearchAction\",\"target\":{\"@type\":\"EntryPoint\",\"urlTemplate\":\"https:\\\/\\\/www.audacieuse-galerie.ch\\\/de\\\/?s={search_term_string}\"},\"query-input\":{\"@type\":\"PropertyValueSpecification\",\"valueRequired\":true,\"valueName\":\"search_term_string\"}}],\"inLanguage\":\"de\"}]}<\/script>\n<!-- \/ Yoast SEO plugin. -->","yoast_head_json":{"title":"Art Photography: Lip Sync f\u00fcr dein Leben \u2013 Auf der B\u00fchne - Audacieuse-Galerie","description":"Art Photography: Lip Sync f\u00fcr dein Leben \u2013 Auf der B\u00fchne - Audacieuse-Galerie","robots":{"index":"index","follow":"follow","max-snippet":"max-snippet:-1","max-image-preview":"max-image-preview:large","max-video-preview":"max-video-preview:-1"},"canonical":"https:\/\/www.audacieuse-galerie.ch\/de\/produit\/lip-sync-for-your-life-on-stage-2\/","og_locale":"de_DE","og_type":"article","og_title":"Art Photography: Lip Sync f\u00fcr dein Leben \u2013 Auf der B\u00fchne - Audacieuse-Galerie","og_description":"Art Photography: Lip Sync f\u00fcr dein Leben \u2013 Auf der B\u00fchne - Audacieuse-Galerie","og_url":"https:\/\/www.audacieuse-galerie.ch\/de\/produit\/lip-sync-for-your-life-on-stage-2\/","og_site_name":"Audacieuse-Galerie","article_publisher":"https:\/\/www.facebook.com\/audacieuse.galerie","article_modified_time":"2026-08-11T06:55:38+00:00","og_image":[{"width":1000,"height":667,"url":"https:\/\/www.audacieuse-galerie.ch\/wp-content\/uploads\/2019\/10\/680-Lip-sync-for-your-life-On-stage.jpg","type":"image\/jpeg"}],"twitter_card":"summary_large_image","twitter_misc":{"Gesch\u00e4tzte Lesezeit":"1 Minute"},"schema":{"@context":"https:\/\/schema.org","@graph":[{"@type":"WebPage","@id":"https:\/\/www.audacieuse-galerie.ch\/de\/produit\/lip-sync-for-your-life-on-stage-2\/","url":"https:\/\/www.audacieuse-galerie.ch\/de\/produit\/lip-sync-for-your-life-on-stage-2\/","name":"Art Photography: Lip Sync f\u00fcr dein Leben \u2013 Auf der B\u00fchne - Audacieuse-Galerie","isPartOf":{"@id":"https:\/\/www.audacieuse-galerie.ch\/de\/#website"},"primaryImageOfPage":{"@id":"https:\/\/www.audacieuse-galerie.ch\/de\/produit\/lip-sync-for-your-life-on-stage-2\/#primaryimage"},"image":{"@id":"https:\/\/www.audacieuse-galerie.ch\/de\/produit\/lip-sync-for-your-life-on-stage-2\/#primaryimage"},"thumbnailUrl":"https:\/\/www.audacieuse-galerie.ch\/wp-content\/uploads\/2019\/10\/680-Lip-sync-for-your-life-On-stage.jpg","datePublished":"2019-10-17T13:49:12+00:00","dateModified":"2026-08-11T06:55:38+00:00","description":"Art Photography: Lip Sync f\u00fcr dein Leben \u2013 Auf der B\u00fchne - Audacieuse-Galerie","breadcrumb":{"@id":"https:\/\/www.audacieuse-galerie.ch\/de\/produit\/lip-sync-for-your-life-on-stage-2\/#breadcrumb"},"inLanguage":"de","potentialAction":[{"@type":"ReadAction","target":["https:\/\/www.audacieuse-galerie.ch\/de\/produit\/lip-sync-for-your-life-on-stage-2\/"]}]},{"@type":"ImageObject","inLanguage":"de","@id":"https:\/\/www.audacieuse-galerie.ch\/de\/produit\/lip-sync-for-your-life-on-stage-2\/#primaryimage","url":"https:\/\/www.audacieuse-galerie.ch\/wp-content\/uploads\/2019\/10\/680-Lip-sync-for-your-life-On-stage.jpg","contentUrl":"https:\/\/www.audacieuse-galerie.ch\/wp-content\/uploads\/2019\/10\/680-Lip-sync-for-your-life-On-stage.jpg","width":1000,"height":667,"caption":"Lippensynchronisation f\u00fcr Ihr Leben - Auf der B\u00fchne"},{"@type":"BreadcrumbList","@id":"https:\/\/www.audacieuse-galerie.ch\/de\/produit\/lip-sync-for-your-life-on-stage-2\/#breadcrumb","itemListElement":[{"@type":"ListItem","position":1,"name":"Heim","item":"https:\/\/www.audacieuse-galerie.ch\/de\/"},{"@type":"ListItem","position":2,"name":"Laden","item":"https:\/\/www.audacieuse-galerie.ch\/de\/laden\/"},{"@type":"ListItem","position":3,"name":"Art Photography: Lip Sync f\u00fcr dein Leben \u2013 Auf der B\u00fchne"}]},{"@type":"WebSite","@id":"https:\/\/www.audacieuse-galerie.ch\/de\/#website","url":"https:\/\/www.audacieuse-galerie.ch\/de\/","name":"Audacieuse-Galerie","description":"Mode et Images","potentialAction":[{"@type":"SearchAction","target":{"@type":"EntryPoint","urlTemplate":"https:\/\/www.audacieuse-galerie.ch\/de\/?s={search_term_string}"},"query-input":{"@type":"PropertyValueSpecification","valueRequired":true,"valueName":"search_term_string"}}],"inLanguage":"de"}]}},"jetpack_publicize_connections":[],"_links":{"self":[{"href":"https:\/\/www.audacieuse-galerie.ch\/de\/wp-json\/wp\/v2\/product\/52438","targetHints":{"allow":["GET"]}}],"collection":[{"href":"https:\/\/www.audacieuse-galerie.ch\/de\/wp-json\/wp\/v2\/product"}],"about":[{"href":"https:\/\/www.audacieuse-galerie.ch\/de\/wp-json\/wp\/v2\/types\/product"}],"replies":[{"embeddable":true,"href":"https:\/\/www.audacieuse-galerie.ch\/de\/wp-json\/wp\/v2\/comments?post=52438"}],"version-history":[{"count":0,"href":"https:\/\/www.audacieuse-galerie.ch\/de\/wp-json\/wp\/v2\/product\/52438\/revisions"}],"wp:featuredmedia":[{"embeddable":true,"href":"https:\/\/www.audacieuse-galerie.ch\/de\/wp-json\/wp\/v2\/media\/52373"}],"wp:attachment":[{"href":"https:\/\/www.audacieuse-galerie.ch\/de\/wp-json\/wp\/v2\/media?parent=52438"}],"wp:term":[{"taxonomy":"product_brand","embeddable":true,"href":"https:\/\/www.audacieuse-galerie.ch\/de\/wp-json\/wp\/v2\/product_brand?post=52438"},{"taxonomy":"product_cat","embeddable":true,"href":"https:\/\/www.audacieuse-galerie.ch\/de\/wp-json\/wp\/v2\/product_cat?post=52438"},{"taxonomy":"product_tag","embeddable":true,"href":"https:\/\/www.audacieuse-galerie.ch\/de\/wp-json\/wp\/v2\/product_tag?post=52438"}],"curies":[{"name":"wp","href":"https:\/\/api.w.org\/{rel}","templated":true}]}}

Art Photography: Lip Sync für dein Leben – Auf der Bühne

<p>Dieses Werk von großer emotionaler Tiefe durchdringt den Raum mit Charakteren. Wir drucken es auf Hahnemühle-Papier in limitierter Auflage, geschützt durch einen amerikanischen Boxrahmen. </p>
<p>Dieses Foto zeugt von einer künstlerischen Forschung, in der die scheinbare Schlichtheit eine große Lesevielfalt offenbart. Sein visuelles Gleichgewicht und seine emotionale Tiefe laden zu aufmerksamer Kontemplation ein. Sie begleitet den Ort mit Charakter, ohne ihn jemals zu dominieren.  </p>
<p>Jeder Druck gehört zu einer limitierten und nummerierten Auflage. Ein vom Fotograf unterschriebenes Echtheitszertifikat garantiert den Ursprung und die Echtheit des Werks. </p>
<p>Fotografische Kreation, signiert und in begrenzten Stückzahlen produziert, entworfen, um in verschiedenen Kontexten ohne Interpretationszwang zu existieren.</p>
<p>Das Erscheinen dieser Figur, die das Bild &#8222;frisst&#8220; und sich vollständig im Bild wiederfindet, zeigt uns jemanden, der neutral ist. Ihr Kostüm und ihr halb ausgeschnittenes Gesicht geben uns nicht wirklich Auskunft über das Genre und lassen uns daher sehen, wen wir wollen. Farben sind sehr wichtig und bringen das Bild in die Sphäre des Spektakels und der Repräsentation.  </p>

<p>Das Erscheinen dieser Figur, die das Bild &#8222;frisst&#8220; und sich völlig im Bild wiederfindet, zeigt uns jemanden, der neutral ist.</p>
<p>Ein Werk von einzigartiger Tiefe, von uns auf Hahnemühle in limitierter Auflage gedruckt.</p>

<!-- This site is optimized with the Yoast SEO plugin v28.3 - https://yoast.com/product/yoast-seo-wordpress/ -->
<title>Art Photography: Lip Sync für dein Leben – Auf der Bühne - Audacieuse-Galerie</title>
<meta name="description" content="Art Photography: Lip Sync für dein Leben – Auf der Bühne - Audacieuse-Galerie" />
<meta name="robots" content="index, follow, max-snippet:-1, max-image-preview:large, max-video-preview:-1" />
<link rel="canonical" href="https://www.audacieuse-galerie.ch/de/produit/lip-sync-for-your-life-on-stage-2/" />
<meta property="og:locale" content="de_DE" />
<meta property="og:type" content="article" />
<meta property="og:title" content="Art Photography: Lip Sync für dein Leben – Auf der Bühne - Audacieuse-Galerie" />
<meta property="og:description" content="Art Photography: Lip Sync für dein Leben – Auf der Bühne - Audacieuse-Galerie" />
<meta property="og:url" content="https://www.audacieuse-galerie.ch/de/produit/lip-sync-for-your-life-on-stage-2/" />
<meta property="og:site_name" content="Audacieuse-Galerie" />
<meta property="article:publisher" content="https://www.facebook.com/audacieuse.galerie" />
<meta property="article:modified_time" content="2026-08-11T06:55:38+00:00" />
<meta property="og:image" content="https://www.audacieuse-galerie.ch/wp-content/uploads/2019/10/680-Lip-sync-for-your-life-On-stage.jpg" />
	<meta property="og:image:width" content="1000" />
	<meta property="og:image:height" content="667" />
	<meta property="og:image:type" content="image/jpeg" />
<meta name="twitter:card" content="summary_large_image" />
<meta name="twitter:label1" content="Geschätzte Lesezeit" />
	<meta name="twitter:data1" content="1 Minute" />
<script type="application/ld+json" class="yoast-schema-graph">{"@context":"https:\/\/schema.org","@graph":[{"@type":"WebPage","@id":"https:\/\/www.audacieuse-galerie.ch\/de\/produit\/lip-sync-for-your-life-on-stage-2\/","url":"https:\/\/www.audacieuse-galerie.ch\/de\/produit\/lip-sync-for-your-life-on-stage-2\/","name":"Art Photography: Lip Sync für dein Leben – Auf der Bühne - Audacieuse-Galerie","isPartOf":{"@id":"https:\/\/www.audacieuse-galerie.ch\/de\/#website"},"primaryImageOfPage":{"@id":"https:\/\/www.audacieuse-galerie.ch\/de\/produit\/lip-sync-for-your-life-on-stage-2\/#primaryimage"},"image":{"@id":"https:\/\/www.audacieuse-galerie.ch\/de\/produit\/lip-sync-for-your-life-on-stage-2\/#primaryimage"},"thumbnailUrl":"https:\/\/www.audacieuse-galerie.ch\/wp-content\/uploads\/2019\/10\/680-Lip-sync-for-your-life-On-stage.jpg","datePublished":"2019-10-17T13:49:12+00:00","dateModified":"2026-08-11T06:55:38+00:00","description":"Art Photography: Lip Sync für dein Leben – Auf der Bühne - Audacieuse-Galerie","breadcrumb":{"@id":"https:\/\/www.audacieuse-galerie.ch\/de\/produit\/lip-sync-for-your-life-on-stage-2\/#breadcrumb"},"inLanguage":"de","potentialAction":[{"@type":"ReadAction","target":["https:\/\/www.audacieuse-galerie.ch\/de\/produit\/lip-sync-for-your-life-on-stage-2\/"]}]},{"@type":"ImageObject","inLanguage":"de","@id":"https:\/\/www.audacieuse-galerie.ch\/de\/produit\/lip-sync-for-your-life-on-stage-2\/#primaryimage","url":"https:\/\/www.audacieuse-galerie.ch\/wp-content\/uploads\/2019\/10\/680-Lip-sync-for-your-life-On-stage.jpg","contentUrl":"https:\/\/www.audacieuse-galerie.ch\/wp-content\/uploads\/2019\/10\/680-Lip-sync-for-your-life-On-stage.jpg","width":1000,"height":667,"caption":"Lippensynchronisation für Ihr Leben - Auf der Bühne"},{"@type":"BreadcrumbList","@id":"https:\/\/www.audacieuse-galerie.ch\/de\/produit\/lip-sync-for-your-life-on-stage-2\/#breadcrumb","itemListElement":[{"@type":"ListItem","position":1,"name":"Heim","item":"https:\/\/www.audacieuse-galerie.ch\/de\/"},{"@type":"ListItem","position":2,"name":"Laden","item":"https:\/\/www.audacieuse-galerie.ch\/de\/laden\/"},{"@type":"ListItem","position":3,"name":"Art Photography: Lip Sync für dein Leben – Auf der Bühne"}]},{"@type":"WebSite","@id":"https:\/\/www.audacieuse-galerie.ch\/de\/#website","url":"https:\/\/www.audacieuse-galerie.ch\/de\/","name":"Audacieuse-Galerie","description":"Mode et Images","potentialAction":[{"@type":"SearchAction","target":{"@type":"EntryPoint","urlTemplate":"https:\/\/www.audacieuse-galerie.ch\/de\/?s={search_term_string}"},"query-input":{"@type":"PropertyValueSpecification","valueRequired":true,"valueName":"search_term_string"}}],"inLanguage":"de"}]}</script>
<!-- / Yoast SEO plugin. -->

Art Photography: Lip Sync für dein Leben – Auf der Bühne - Audacieuse-Galerie

Lippensynchronisation für Ihr Leben - Auf der Bühne
