{"id":56569,"date":"2021-03-29T14:32:20","date_gmt":"2021-03-29T12:32:20","guid":{"rendered":"https:\/\/woo.audacieuse-galerie.ch\/produit\/maske-n95\/"},"modified":"2024-06-07T16:58:24","modified_gmt":"2024-06-07T14:58:24","slug":"maske-n95","status":"publish","type":"product","link":"https:\/\/www.audacieuse-galerie.ch\/de\/produit\/maske-n95\/","title":{"rendered":"Packung mit 10 KN95-Masken FFP2 \u00e4quivalent"},"content":{"rendered":"<h2>Eine Maske, die starken Schutz bietet.<\/h2>\n<p>Diese Maske sch\u00fctzt Sie viel besser als eine gew\u00f6hnliche oder selbstgemachte Maske: Diese Maske mit der Norm KN95 GB2626-2006 (eine Norm, die der europ\u00e4ischen FFP2-Norm nahe kommt) sch\u00fctzt Sie besser als eine gew\u00f6hnliche Maske. Die Maske filtert viel besser als eine einfachere Maske. Wenn sie gut positioniert ist, liegt die Maske flacher an den Wangen an. Sie ist weniger undicht als eine gew\u00f6hnliche Maske. Diese Maske passt sehr gut um den Mund und die Nase. Sie besteht aus 5 Schichten PTFE-Schutz. Seine Vliesfasern k\u00f6nnen Partikel gr\u00f6\u00dfer als 2 um mit einer Filtrationsrate von 95 % f\u00fcr eine effiziente Filterung blockieren.<\/p>\n<h2>Eine atmungsaktivere, komfortablere Maske.<\/h2>\n<p>Wenn Sie bei starker Anstrengung stark atmen m\u00f6chten, oder wenn Sie einen noch weicheren Kontakt mit der Haut w\u00fcnschen, aber mit weniger Schutz, laden wir Sie ein, unsere andere\u00a0<a href=\"https:\/\/www.audacieuse-galerie.ch\/pret-a-porter\/de\/schutzmasken\/529-waschbare-maske.html\">waschbare und atmungsaktive Maske<\/a> zu entdecken.<\/p>\n","protected":false},"excerpt":{"rendered":"<p>Maske KN95 (Ein Schutzstandard \u00e4hnlich dem FFP2 Norm).<\/p>\n","protected":false},"featured_media":56549,"comment_status":"open","ping_status":"closed","template":"","meta":{"_glsr_average":0,"_glsr_ranking":0,"_glsr_reviews":0,"jetpack_publicize_message":"","jetpack_publicize_feature_enabled":true,"jetpack_social_post_already_shared":false,"jetpack_social_options":{"image_generator_settings":{"template":"highway","default_image_id":0,"font":"","enabled":false},"version":2}},"product_brand":[],"product_cat":[32],"product_tag":[],"class_list":["post-56569","product","type-product","status-publish","has-post-thumbnail","product_cat-galerie-d-art-et-de-photographies-artistiques-a-carouge-geneve-suisse","pa_color-grau-de","pa_color-schwarz-de","pa_color-weiss-de","pa_composition-synthetisch-de","pa_genre-frau-de","pa_genre-man-de","pa_grandeur-gross-de","pa_lieudefabrication-asien-de","first","instock","taxable","shipping-taxable","purchasable","product-type-variable","has-default-attributes"],"yoast_head":"<!-- This site is optimized with the Yoast SEO plugin v28.3 - https:\/\/yoast.com\/product\/yoast-seo-wordpress\/ -->\n<title>Packung mit 10 KN95-Masken FFP2 \u00e4quivalent - Audacieuse-Galerie<\/title>\n<meta name=\"description\" content=\"Packung mit 10 KN95-Masken FFP2 \u00e4quivalent - Audacieuse-Galerie\" \/>\n<meta name=\"robots\" content=\"index, follow, max-snippet:-1, max-image-preview:large, max-video-preview:-1\" \/>\n<link rel=\"canonical\" href=\"https:\/\/www.audacieuse-galerie.ch\/de\/produit\/maske-n95\/\" \/>\n<meta property=\"og:locale\" content=\"de_DE\" \/>\n<meta property=\"og:type\" content=\"article\" \/>\n<meta property=\"og:title\" content=\"Packung mit 10 KN95-Masken FFP2 \u00e4quivalent - Audacieuse-Galerie\" \/>\n<meta property=\"og:description\" content=\"Packung mit 10 KN95-Masken FFP2 \u00e4quivalent - Audacieuse-Galerie\" \/>\n<meta property=\"og:url\" content=\"https:\/\/www.audacieuse-galerie.ch\/de\/produit\/maske-n95\/\" \/>\n<meta property=\"og:site_name\" content=\"Audacieuse-Galerie\" \/>\n<meta property=\"article:publisher\" content=\"https:\/\/www.facebook.com\/audacieuse.galerie\" \/>\n<meta property=\"article:modified_time\" content=\"2024-06-07T14:58:24+00:00\" \/>\n<meta property=\"og:image\" content=\"https:\/\/www.audacieuse-galerie.ch\/wp-content\/uploads\/2021\/03\/808-Masque-N95.jpg\" \/>\n\t<meta property=\"og:image:width\" content=\"1000\" \/>\n\t<meta property=\"og:image:height\" content=\"1000\" \/>\n\t<meta property=\"og:image:type\" content=\"image\/jpeg\" \/>\n<meta name=\"twitter:card\" content=\"summary_large_image\" \/>\n<meta name=\"twitter:label1\" content=\"Gesch\u00e4tzte Lesezeit\" \/>\n\t<meta name=\"twitter:data1\" content=\"1 Minute\" \/>\n<script type=\"application\/ld+json\" class=\"yoast-schema-graph\">{\"@context\":\"https:\\\/\\\/schema.org\",\"@graph\":[{\"@type\":\"WebPage\",\"@id\":\"https:\\\/\\\/www.audacieuse-galerie.ch\\\/de\\\/produit\\\/maske-n95\\\/\",\"url\":\"https:\\\/\\\/www.audacieuse-galerie.ch\\\/de\\\/produit\\\/maske-n95\\\/\",\"name\":\"Packung mit 10 KN95-Masken FFP2 \u00e4quivalent - Audacieuse-Galerie\",\"isPartOf\":{\"@id\":\"https:\\\/\\\/www.audacieuse-galerie.ch\\\/de\\\/#website\"},\"primaryImageOfPage\":{\"@id\":\"https:\\\/\\\/www.audacieuse-galerie.ch\\\/de\\\/produit\\\/maske-n95\\\/#primaryimage\"},\"image\":{\"@id\":\"https:\\\/\\\/www.audacieuse-galerie.ch\\\/de\\\/produit\\\/maske-n95\\\/#primaryimage\"},\"thumbnailUrl\":\"https:\\\/\\\/www.audacieuse-galerie.ch\\\/wp-content\\\/uploads\\\/2021\\\/03\\\/808-Masque-N95.jpg\",\"datePublished\":\"2021-03-29T12:32:20+00:00\",\"dateModified\":\"2024-06-07T14:58:24+00:00\",\"description\":\"Packung mit 10 KN95-Masken FFP2 \u00e4quivalent - Audacieuse-Galerie\",\"breadcrumb\":{\"@id\":\"https:\\\/\\\/www.audacieuse-galerie.ch\\\/de\\\/produit\\\/maske-n95\\\/#breadcrumb\"},\"inLanguage\":\"de\",\"potentialAction\":[{\"@type\":\"ReadAction\",\"target\":[\"https:\\\/\\\/www.audacieuse-galerie.ch\\\/de\\\/produit\\\/maske-n95\\\/\"]}]},{\"@type\":\"ImageObject\",\"inLanguage\":\"de\",\"@id\":\"https:\\\/\\\/www.audacieuse-galerie.ch\\\/de\\\/produit\\\/maske-n95\\\/#primaryimage\",\"url\":\"https:\\\/\\\/www.audacieuse-galerie.ch\\\/wp-content\\\/uploads\\\/2021\\\/03\\\/808-Masque-N95.jpg\",\"contentUrl\":\"https:\\\/\\\/www.audacieuse-galerie.ch\\\/wp-content\\\/uploads\\\/2021\\\/03\\\/808-Masque-N95.jpg\",\"width\":1000,\"height\":1000,\"caption\":\"N95 Maske\"},{\"@type\":\"BreadcrumbList\",\"@id\":\"https:\\\/\\\/www.audacieuse-galerie.ch\\\/de\\\/produit\\\/maske-n95\\\/#breadcrumb\",\"itemListElement\":[{\"@type\":\"ListItem\",\"position\":1,\"name\":\"Heim\",\"item\":\"https:\\\/\\\/www.audacieuse-galerie.ch\\\/de\\\/\"},{\"@type\":\"ListItem\",\"position\":2,\"name\":\"Laden\",\"item\":\"https:\\\/\\\/www.audacieuse-galerie.ch\\\/de\\\/laden\\\/\"},{\"@type\":\"ListItem\",\"position\":3,\"name\":\"Packung mit 10 KN95-Masken FFP2 \u00e4quivalent\"}]},{\"@type\":\"WebSite\",\"@id\":\"https:\\\/\\\/www.audacieuse-galerie.ch\\\/de\\\/#website\",\"url\":\"https:\\\/\\\/www.audacieuse-galerie.ch\\\/de\\\/\",\"name\":\"Audacieuse-Galerie\",\"description\":\"Mode et Images\",\"potentialAction\":[{\"@type\":\"SearchAction\",\"target\":{\"@type\":\"EntryPoint\",\"urlTemplate\":\"https:\\\/\\\/www.audacieuse-galerie.ch\\\/de\\\/?s={search_term_string}\"},\"query-input\":{\"@type\":\"PropertyValueSpecification\",\"valueRequired\":true,\"valueName\":\"search_term_string\"}}],\"inLanguage\":\"de\"}]}<\/script>\n<!-- \/ Yoast SEO plugin. -->","yoast_head_json":{"title":"Packung mit 10 KN95-Masken FFP2 \u00e4quivalent - Audacieuse-Galerie","description":"Packung mit 10 KN95-Masken FFP2 \u00e4quivalent - Audacieuse-Galerie","robots":{"index":"index","follow":"follow","max-snippet":"max-snippet:-1","max-image-preview":"max-image-preview:large","max-video-preview":"max-video-preview:-1"},"canonical":"https:\/\/www.audacieuse-galerie.ch\/de\/produit\/maske-n95\/","og_locale":"de_DE","og_type":"article","og_title":"Packung mit 10 KN95-Masken FFP2 \u00e4quivalent - Audacieuse-Galerie","og_description":"Packung mit 10 KN95-Masken FFP2 \u00e4quivalent - Audacieuse-Galerie","og_url":"https:\/\/www.audacieuse-galerie.ch\/de\/produit\/maske-n95\/","og_site_name":"Audacieuse-Galerie","article_publisher":"https:\/\/www.facebook.com\/audacieuse.galerie","article_modified_time":"2024-06-07T14:58:24+00:00","og_image":[{"width":1000,"height":1000,"url":"https:\/\/www.audacieuse-galerie.ch\/wp-content\/uploads\/2021\/03\/808-Masque-N95.jpg","type":"image\/jpeg"}],"twitter_card":"summary_large_image","twitter_misc":{"Gesch\u00e4tzte Lesezeit":"1 Minute"},"schema":{"@context":"https:\/\/schema.org","@graph":[{"@type":"WebPage","@id":"https:\/\/www.audacieuse-galerie.ch\/de\/produit\/maske-n95\/","url":"https:\/\/www.audacieuse-galerie.ch\/de\/produit\/maske-n95\/","name":"Packung mit 10 KN95-Masken FFP2 \u00e4quivalent - Audacieuse-Galerie","isPartOf":{"@id":"https:\/\/www.audacieuse-galerie.ch\/de\/#website"},"primaryImageOfPage":{"@id":"https:\/\/www.audacieuse-galerie.ch\/de\/produit\/maske-n95\/#primaryimage"},"image":{"@id":"https:\/\/www.audacieuse-galerie.ch\/de\/produit\/maske-n95\/#primaryimage"},"thumbnailUrl":"https:\/\/www.audacieuse-galerie.ch\/wp-content\/uploads\/2021\/03\/808-Masque-N95.jpg","datePublished":"2021-03-29T12:32:20+00:00","dateModified":"2024-06-07T14:58:24+00:00","description":"Packung mit 10 KN95-Masken FFP2 \u00e4quivalent - Audacieuse-Galerie","breadcrumb":{"@id":"https:\/\/www.audacieuse-galerie.ch\/de\/produit\/maske-n95\/#breadcrumb"},"inLanguage":"de","potentialAction":[{"@type":"ReadAction","target":["https:\/\/www.audacieuse-galerie.ch\/de\/produit\/maske-n95\/"]}]},{"@type":"ImageObject","inLanguage":"de","@id":"https:\/\/www.audacieuse-galerie.ch\/de\/produit\/maske-n95\/#primaryimage","url":"https:\/\/www.audacieuse-galerie.ch\/wp-content\/uploads\/2021\/03\/808-Masque-N95.jpg","contentUrl":"https:\/\/www.audacieuse-galerie.ch\/wp-content\/uploads\/2021\/03\/808-Masque-N95.jpg","width":1000,"height":1000,"caption":"N95 Maske"},{"@type":"BreadcrumbList","@id":"https:\/\/www.audacieuse-galerie.ch\/de\/produit\/maske-n95\/#breadcrumb","itemListElement":[{"@type":"ListItem","position":1,"name":"Heim","item":"https:\/\/www.audacieuse-galerie.ch\/de\/"},{"@type":"ListItem","position":2,"name":"Laden","item":"https:\/\/www.audacieuse-galerie.ch\/de\/laden\/"},{"@type":"ListItem","position":3,"name":"Packung mit 10 KN95-Masken FFP2 \u00e4quivalent"}]},{"@type":"WebSite","@id":"https:\/\/www.audacieuse-galerie.ch\/de\/#website","url":"https:\/\/www.audacieuse-galerie.ch\/de\/","name":"Audacieuse-Galerie","description":"Mode et Images","potentialAction":[{"@type":"SearchAction","target":{"@type":"EntryPoint","urlTemplate":"https:\/\/www.audacieuse-galerie.ch\/de\/?s={search_term_string}"},"query-input":{"@type":"PropertyValueSpecification","valueRequired":true,"valueName":"search_term_string"}}],"inLanguage":"de"}]}},"jetpack_publicize_connections":[],"_links":{"self":[{"href":"https:\/\/www.audacieuse-galerie.ch\/de\/wp-json\/wp\/v2\/product\/56569","targetHints":{"allow":["GET"]}}],"collection":[{"href":"https:\/\/www.audacieuse-galerie.ch\/de\/wp-json\/wp\/v2\/product"}],"about":[{"href":"https:\/\/www.audacieuse-galerie.ch\/de\/wp-json\/wp\/v2\/types\/product"}],"replies":[{"embeddable":true,"href":"https:\/\/www.audacieuse-galerie.ch\/de\/wp-json\/wp\/v2\/comments?post=56569"}],"version-history":[{"count":0,"href":"https:\/\/www.audacieuse-galerie.ch\/de\/wp-json\/wp\/v2\/product\/56569\/revisions"}],"wp:featuredmedia":[{"embeddable":true,"href":"https:\/\/www.audacieuse-galerie.ch\/de\/wp-json\/wp\/v2\/media\/56549"}],"wp:attachment":[{"href":"https:\/\/www.audacieuse-galerie.ch\/de\/wp-json\/wp\/v2\/media?parent=56569"}],"wp:term":[{"taxonomy":"product_brand","embeddable":true,"href":"https:\/\/www.audacieuse-galerie.ch\/de\/wp-json\/wp\/v2\/product_brand?post=56569"},{"taxonomy":"product_cat","embeddable":true,"href":"https:\/\/www.audacieuse-galerie.ch\/de\/wp-json\/wp\/v2\/product_cat?post=56569"},{"taxonomy":"product_tag","embeddable":true,"href":"https:\/\/www.audacieuse-galerie.ch\/de\/wp-json\/wp\/v2\/product_tag?post=56569"}],"curies":[{"name":"wp","href":"https:\/\/api.w.org\/{rel}","templated":true}]}}

Packung mit 10 KN95-Masken FFP2 äquivalent

<h2>Eine Maske, die starken Schutz bietet.</h2>
<p>Diese Maske schützt Sie viel besser als eine gewöhnliche oder selbstgemachte Maske: Diese Maske mit der Norm KN95 GB2626-2006 (eine Norm, die der europäischen FFP2-Norm nahe kommt) schützt Sie besser als eine gewöhnliche Maske. Die Maske filtert viel besser als eine einfachere Maske. Wenn sie gut positioniert ist, liegt die Maske flacher an den Wangen an. Sie ist weniger undicht als eine gewöhnliche Maske. Diese Maske passt sehr gut um den Mund und die Nase. Sie besteht aus 5 Schichten PTFE-Schutz. Seine Vliesfasern können Partikel größer als 2 um mit einer Filtrationsrate von 95 % für eine effiziente Filterung blockieren.</p>
<h2>Eine atmungsaktivere, komfortablere Maske.</h2>
<p>Wenn Sie bei starker Anstrengung stark atmen möchten, oder wenn Sie einen noch weicheren Kontakt mit der Haut wünschen, aber mit weniger Schutz, laden wir Sie ein, unsere andere <a href="https://www.audacieuse-galerie.ch/pret-a-porter/de/schutzmasken/529-waschbare-maske.html">waschbare und atmungsaktive Maske</a> zu entdecken.</p>

<p>Maske KN95 (Ein Schutzstandard ähnlich dem FFP2 Norm).</p>

<!-- This site is optimized with the Yoast SEO plugin v28.3 - https://yoast.com/product/yoast-seo-wordpress/ -->
<title>Packung mit 10 KN95-Masken FFP2 äquivalent - Audacieuse-Galerie</title>
<meta name="description" content="Packung mit 10 KN95-Masken FFP2 äquivalent - Audacieuse-Galerie" />
<meta name="robots" content="index, follow, max-snippet:-1, max-image-preview:large, max-video-preview:-1" />
<link rel="canonical" href="https://www.audacieuse-galerie.ch/de/produit/maske-n95/" />
<meta property="og:locale" content="de_DE" />
<meta property="og:type" content="article" />
<meta property="og:title" content="Packung mit 10 KN95-Masken FFP2 äquivalent - Audacieuse-Galerie" />
<meta property="og:description" content="Packung mit 10 KN95-Masken FFP2 äquivalent - Audacieuse-Galerie" />
<meta property="og:url" content="https://www.audacieuse-galerie.ch/de/produit/maske-n95/" />
<meta property="og:site_name" content="Audacieuse-Galerie" />
<meta property="article:publisher" content="https://www.facebook.com/audacieuse.galerie" />
<meta property="article:modified_time" content="2024-06-07T14:58:24+00:00" />
<meta property="og:image" content="https://www.audacieuse-galerie.ch/wp-content/uploads/2021/03/808-Masque-N95.jpg" />
	<meta property="og:image:width" content="1000" />
	<meta property="og:image:height" content="1000" />
	<meta property="og:image:type" content="image/jpeg" />
<meta name="twitter:card" content="summary_large_image" />
<meta name="twitter:label1" content="Geschätzte Lesezeit" />
	<meta name="twitter:data1" content="1 Minute" />
<script type="application/ld+json" class="yoast-schema-graph">{"@context":"https:\/\/schema.org","@graph":[{"@type":"WebPage","@id":"https:\/\/www.audacieuse-galerie.ch\/de\/produit\/maske-n95\/","url":"https:\/\/www.audacieuse-galerie.ch\/de\/produit\/maske-n95\/","name":"Packung mit 10 KN95-Masken FFP2 äquivalent - Audacieuse-Galerie","isPartOf":{"@id":"https:\/\/www.audacieuse-galerie.ch\/de\/#website"},"primaryImageOfPage":{"@id":"https:\/\/www.audacieuse-galerie.ch\/de\/produit\/maske-n95\/#primaryimage"},"image":{"@id":"https:\/\/www.audacieuse-galerie.ch\/de\/produit\/maske-n95\/#primaryimage"},"thumbnailUrl":"https:\/\/www.audacieuse-galerie.ch\/wp-content\/uploads\/2021\/03\/808-Masque-N95.jpg","datePublished":"2021-03-29T12:32:20+00:00","dateModified":"2024-06-07T14:58:24+00:00","description":"Packung mit 10 KN95-Masken FFP2 äquivalent - Audacieuse-Galerie","breadcrumb":{"@id":"https:\/\/www.audacieuse-galerie.ch\/de\/produit\/maske-n95\/#breadcrumb"},"inLanguage":"de","potentialAction":[{"@type":"ReadAction","target":["https:\/\/www.audacieuse-galerie.ch\/de\/produit\/maske-n95\/"]}]},{"@type":"ImageObject","inLanguage":"de","@id":"https:\/\/www.audacieuse-galerie.ch\/de\/produit\/maske-n95\/#primaryimage","url":"https:\/\/www.audacieuse-galerie.ch\/wp-content\/uploads\/2021\/03\/808-Masque-N95.jpg","contentUrl":"https:\/\/www.audacieuse-galerie.ch\/wp-content\/uploads\/2021\/03\/808-Masque-N95.jpg","width":1000,"height":1000,"caption":"N95 Maske"},{"@type":"BreadcrumbList","@id":"https:\/\/www.audacieuse-galerie.ch\/de\/produit\/maske-n95\/#breadcrumb","itemListElement":[{"@type":"ListItem","position":1,"name":"Heim","item":"https:\/\/www.audacieuse-galerie.ch\/de\/"},{"@type":"ListItem","position":2,"name":"Laden","item":"https:\/\/www.audacieuse-galerie.ch\/de\/laden\/"},{"@type":"ListItem","position":3,"name":"Packung mit 10 KN95-Masken FFP2 äquivalent"}]},{"@type":"WebSite","@id":"https:\/\/www.audacieuse-galerie.ch\/de\/#website","url":"https:\/\/www.audacieuse-galerie.ch\/de\/","name":"Audacieuse-Galerie","description":"Mode et Images","potentialAction":[{"@type":"SearchAction","target":{"@type":"EntryPoint","urlTemplate":"https:\/\/www.audacieuse-galerie.ch\/de\/?s={search_term_string}"},"query-input":{"@type":"PropertyValueSpecification","valueRequired":true,"valueName":"search_term_string"}}],"inLanguage":"de"}]}</script>
<!-- / Yoast SEO plugin. -->

Packung mit 10 KN95-Masken FFP2 äquivalent - Audacieuse-Galerie
