{"id":63726,"date":"2022-04-25T17:02:35","date_gmt":"2022-04-25T15:02:35","guid":{"rendered":"https:\/\/woo.audacieuse-galerie.ch\/produit\/der-flughafen\/"},"modified":"2026-08-19T11:42:15","modified_gmt":"2026-08-19T09:42:15","slug":"der-flughafen","status":"publish","type":"product","link":"https:\/\/www.audacieuse-galerie.ch\/de\/produit\/der-flughafen\/","title":{"rendered":"Kunstfotografie: Der Flughafen"},"content":{"rendered":"<p>The Airport, ein zeitgen\u00f6ssisches Foto auf Hahnem\u00fchle-Papier, l\u00e4dt uns zu einer tiefgehenden Erkundung ein und versichert uns seine Echtheit mit einem Zertifikat und einer limitierten Auflage.<\/p>\n<p>Dieses Foto zeugt von k\u00fcnstlerischer Forschung, bei der jedes Detail zu einer koh\u00e4renten und einzigartigen Vision beitr\u00e4gt. Es versucht nicht, von Anfang an alle Bedeutungen zu offenbaren. Im Gegenteil, sie kultiviert eine Form von Tiefe, die uns einl\u00e4dt, immer wieder zu ihr zur\u00fcckzukehren. Hier liegt oft der wahre Reichtum eines Werks: in seiner F\u00e4higkeit, \u00fcber die Jahre hinweg lebendig zu bleiben.   <\/p>\n<p>Kunstfotografie aus der Serie &#8222;Arctic, a world on borrowed time&#8220; Dunkelheit und Nacht steigen aus den Tiefen des schieferfarbenen Ozeans auf. Zusammengesunken verleiht der Windsack dieser Landschaft einen Hauch von Offenheit und Blut. Wollstr\u00fcmpfe, durchbohrt auf einem Haufen wei\u00dfer Wolle&#8230; Das Inuit-Dorf Tinteqilaaq hat achtzig Seelen. Ein bescheidener Hubschrauberlandeplatz erm\u00f6glicht es, \u2013 wenn der Wind nicht zu stark weht \u2013 eine Verbindung zur Au\u00dfenwelt aufrechtzuerhalten \u2013 falls es eine solche Welt gibt, nat\u00fcrlich. Woran wir nach ein paar Tagen Isolation zweifeln.    <\/p>\n","protected":false},"excerpt":{"rendered":"<p>Kunstfotografie aus der Serie &#8222;Arctic, a world on borrowed time&#8220; Dunkelheit und Nacht steigen aus den Tiefen des schieferfarbenen Ozeans auf. Zusammengesunken verleiht der Windsack dieser Landschaft einen Hauch von Offenheit und Blut. Wollstr\u00fcmpfe, durchbohrt auf einem Haufen wei\u00dfer Wolle. Der Flughafen, zeitgen\u00f6ssisches Foto in limitierter Auflage, gedruckt auf Hahnem\u00fchle-Papier.   <\/p>\n","protected":false},"featured_media":63661,"comment_status":"open","ping_status":"closed","template":"","meta":{"_glsr_average":0,"_glsr_ranking":0,"_glsr_reviews":0,"jetpack_publicize_message":"","jetpack_publicize_feature_enabled":true,"jetpack_social_post_already_shared":true,"jetpack_social_options":{"image_generator_settings":{"template":"highway","default_image_id":0,"font":"","enabled":false},"version":2}},"product_brand":[],"product_cat":[63,111,2203,240,108],"product_tag":[],"class_list":["post-63726","product","type-product","status-publish","has-post-thumbnail","product_cat-auswahlkurator","product_cat-farben","product_cat-fotograf-thierry-vezon","product_cat-landschaftsbilder","product_cat-mensch","pa_dimensions-40x40cm-de","pa_dimensions-60x60cm-de","pa_dimensions-80x80cm-de","pa_encadrements-creme-de","pa_encadrements-dunklesholz-de","pa_encadrements-grau-de","pa_encadrements-hellesholz-de","pa_encadrements-keinen-de","pa_encadrements-schwarz-de","pa_encadrements-weiss-de","pa_oeuvresnumerotees_limitees-15exemplaren-de","pa_protectionfinitionsupport-druckunterglasacrylglass-de","pa_protectionfinitionsupport-e4-kunstpapieraufholzplatteu-de","pa_protectionfinitionsupport-20-kunstpapieraufdibondr_alu-de","pa_techniquesphotographiques-farbe-de","pa_themesphotographiques-landschaft-de","pa_themesphotographiques-mensch-de","pa_themesphotographiques-natur-de","first","instock","taxable","shipping-taxable","purchasable","product-type-variable","has-default-attributes"],"yoast_head":"<!-- This site is optimized with the Yoast SEO plugin v28.3 - https:\/\/yoast.com\/product\/yoast-seo-wordpress\/ -->\n<title>Kunstfotografie: Der Flughafen - Audacieuse-Galerie<\/title>\n<meta name=\"description\" content=\"Kunstfotografie: Der Flughafen - Audacieuse-Galerie\" \/>\n<meta name=\"robots\" content=\"index, follow, max-snippet:-1, max-image-preview:large, max-video-preview:-1\" \/>\n<link rel=\"canonical\" href=\"https:\/\/www.audacieuse-galerie.ch\/de\/produit\/der-flughafen\/\" \/>\n<meta property=\"og:locale\" content=\"de_DE\" \/>\n<meta property=\"og:type\" content=\"article\" \/>\n<meta property=\"og:title\" content=\"Kunstfotografie: Der Flughafen - Audacieuse-Galerie\" \/>\n<meta property=\"og:description\" content=\"Kunstfotografie: Der Flughafen - Audacieuse-Galerie\" \/>\n<meta property=\"og:url\" content=\"https:\/\/www.audacieuse-galerie.ch\/de\/produit\/der-flughafen\/\" \/>\n<meta property=\"og:site_name\" content=\"Audacieuse-Galerie\" \/>\n<meta property=\"article:publisher\" content=\"https:\/\/www.facebook.com\/audacieuse.galerie\" \/>\n<meta property=\"article:modified_time\" content=\"2026-08-19T09:42:15+00:00\" \/>\n<meta property=\"og:image\" content=\"https:\/\/www.audacieuse-galerie.ch\/wp-content\/uploads\/2022\/04\/1313-Laeroport.jpg\" \/>\n\t<meta property=\"og:image:width\" content=\"1000\" \/>\n\t<meta property=\"og:image:height\" content=\"1000\" \/>\n\t<meta property=\"og:image:type\" content=\"image\/jpeg\" \/>\n<meta name=\"twitter:card\" content=\"summary_large_image\" \/>\n<meta name=\"twitter:label1\" content=\"Gesch\u00e4tzte Lesezeit\" \/>\n\t<meta name=\"twitter:data1\" content=\"1 Minute\" \/>\n<script type=\"application\/ld+json\" class=\"yoast-schema-graph\">{\"@context\":\"https:\\\/\\\/schema.org\",\"@graph\":[{\"@type\":\"WebPage\",\"@id\":\"https:\\\/\\\/www.audacieuse-galerie.ch\\\/de\\\/produit\\\/der-flughafen\\\/\",\"url\":\"https:\\\/\\\/www.audacieuse-galerie.ch\\\/de\\\/produit\\\/der-flughafen\\\/\",\"name\":\"Kunstfotografie: Der Flughafen - Audacieuse-Galerie\",\"isPartOf\":{\"@id\":\"https:\\\/\\\/www.audacieuse-galerie.ch\\\/de\\\/#website\"},\"primaryImageOfPage\":{\"@id\":\"https:\\\/\\\/www.audacieuse-galerie.ch\\\/de\\\/produit\\\/der-flughafen\\\/#primaryimage\"},\"image\":{\"@id\":\"https:\\\/\\\/www.audacieuse-galerie.ch\\\/de\\\/produit\\\/der-flughafen\\\/#primaryimage\"},\"thumbnailUrl\":\"https:\\\/\\\/www.audacieuse-galerie.ch\\\/wp-content\\\/uploads\\\/2022\\\/04\\\/1313-Laeroport.jpg\",\"datePublished\":\"2022-04-25T15:02:35+00:00\",\"dateModified\":\"2026-08-19T09:42:15+00:00\",\"description\":\"Kunstfotografie: Der Flughafen - Audacieuse-Galerie\",\"breadcrumb\":{\"@id\":\"https:\\\/\\\/www.audacieuse-galerie.ch\\\/de\\\/produit\\\/der-flughafen\\\/#breadcrumb\"},\"inLanguage\":\"de\",\"potentialAction\":[{\"@type\":\"ReadAction\",\"target\":[\"https:\\\/\\\/www.audacieuse-galerie.ch\\\/de\\\/produit\\\/der-flughafen\\\/\"]}]},{\"@type\":\"ImageObject\",\"inLanguage\":\"de\",\"@id\":\"https:\\\/\\\/www.audacieuse-galerie.ch\\\/de\\\/produit\\\/der-flughafen\\\/#primaryimage\",\"url\":\"https:\\\/\\\/www.audacieuse-galerie.ch\\\/wp-content\\\/uploads\\\/2022\\\/04\\\/1313-Laeroport.jpg\",\"contentUrl\":\"https:\\\/\\\/www.audacieuse-galerie.ch\\\/wp-content\\\/uploads\\\/2022\\\/04\\\/1313-Laeroport.jpg\",\"width\":1000,\"height\":1000,\"caption\":\"Der Flughafen\"},{\"@type\":\"BreadcrumbList\",\"@id\":\"https:\\\/\\\/www.audacieuse-galerie.ch\\\/de\\\/produit\\\/der-flughafen\\\/#breadcrumb\",\"itemListElement\":[{\"@type\":\"ListItem\",\"position\":1,\"name\":\"Heim\",\"item\":\"https:\\\/\\\/www.audacieuse-galerie.ch\\\/de\\\/\"},{\"@type\":\"ListItem\",\"position\":2,\"name\":\"Laden\",\"item\":\"https:\\\/\\\/www.audacieuse-galerie.ch\\\/de\\\/laden\\\/\"},{\"@type\":\"ListItem\",\"position\":3,\"name\":\"Kunstfotografie: Der Flughafen\"}]},{\"@type\":\"WebSite\",\"@id\":\"https:\\\/\\\/www.audacieuse-galerie.ch\\\/de\\\/#website\",\"url\":\"https:\\\/\\\/www.audacieuse-galerie.ch\\\/de\\\/\",\"name\":\"Audacieuse-Galerie\",\"description\":\"Mode et Images\",\"potentialAction\":[{\"@type\":\"SearchAction\",\"target\":{\"@type\":\"EntryPoint\",\"urlTemplate\":\"https:\\\/\\\/www.audacieuse-galerie.ch\\\/de\\\/?s={search_term_string}\"},\"query-input\":{\"@type\":\"PropertyValueSpecification\",\"valueRequired\":true,\"valueName\":\"search_term_string\"}}],\"inLanguage\":\"de\"}]}<\/script>\n<!-- \/ Yoast SEO plugin. -->","yoast_head_json":{"title":"Kunstfotografie: Der Flughafen - Audacieuse-Galerie","description":"Kunstfotografie: Der Flughafen - Audacieuse-Galerie","robots":{"index":"index","follow":"follow","max-snippet":"max-snippet:-1","max-image-preview":"max-image-preview:large","max-video-preview":"max-video-preview:-1"},"canonical":"https:\/\/www.audacieuse-galerie.ch\/de\/produit\/der-flughafen\/","og_locale":"de_DE","og_type":"article","og_title":"Kunstfotografie: Der Flughafen - Audacieuse-Galerie","og_description":"Kunstfotografie: Der Flughafen - Audacieuse-Galerie","og_url":"https:\/\/www.audacieuse-galerie.ch\/de\/produit\/der-flughafen\/","og_site_name":"Audacieuse-Galerie","article_publisher":"https:\/\/www.facebook.com\/audacieuse.galerie","article_modified_time":"2026-08-19T09:42:15+00:00","og_image":[{"width":1000,"height":1000,"url":"https:\/\/www.audacieuse-galerie.ch\/wp-content\/uploads\/2022\/04\/1313-Laeroport.jpg","type":"image\/jpeg"}],"twitter_card":"summary_large_image","twitter_misc":{"Gesch\u00e4tzte Lesezeit":"1 Minute"},"schema":{"@context":"https:\/\/schema.org","@graph":[{"@type":"WebPage","@id":"https:\/\/www.audacieuse-galerie.ch\/de\/produit\/der-flughafen\/","url":"https:\/\/www.audacieuse-galerie.ch\/de\/produit\/der-flughafen\/","name":"Kunstfotografie: Der Flughafen - Audacieuse-Galerie","isPartOf":{"@id":"https:\/\/www.audacieuse-galerie.ch\/de\/#website"},"primaryImageOfPage":{"@id":"https:\/\/www.audacieuse-galerie.ch\/de\/produit\/der-flughafen\/#primaryimage"},"image":{"@id":"https:\/\/www.audacieuse-galerie.ch\/de\/produit\/der-flughafen\/#primaryimage"},"thumbnailUrl":"https:\/\/www.audacieuse-galerie.ch\/wp-content\/uploads\/2022\/04\/1313-Laeroport.jpg","datePublished":"2022-04-25T15:02:35+00:00","dateModified":"2026-08-19T09:42:15+00:00","description":"Kunstfotografie: Der Flughafen - Audacieuse-Galerie","breadcrumb":{"@id":"https:\/\/www.audacieuse-galerie.ch\/de\/produit\/der-flughafen\/#breadcrumb"},"inLanguage":"de","potentialAction":[{"@type":"ReadAction","target":["https:\/\/www.audacieuse-galerie.ch\/de\/produit\/der-flughafen\/"]}]},{"@type":"ImageObject","inLanguage":"de","@id":"https:\/\/www.audacieuse-galerie.ch\/de\/produit\/der-flughafen\/#primaryimage","url":"https:\/\/www.audacieuse-galerie.ch\/wp-content\/uploads\/2022\/04\/1313-Laeroport.jpg","contentUrl":"https:\/\/www.audacieuse-galerie.ch\/wp-content\/uploads\/2022\/04\/1313-Laeroport.jpg","width":1000,"height":1000,"caption":"Der Flughafen"},{"@type":"BreadcrumbList","@id":"https:\/\/www.audacieuse-galerie.ch\/de\/produit\/der-flughafen\/#breadcrumb","itemListElement":[{"@type":"ListItem","position":1,"name":"Heim","item":"https:\/\/www.audacieuse-galerie.ch\/de\/"},{"@type":"ListItem","position":2,"name":"Laden","item":"https:\/\/www.audacieuse-galerie.ch\/de\/laden\/"},{"@type":"ListItem","position":3,"name":"Kunstfotografie: Der Flughafen"}]},{"@type":"WebSite","@id":"https:\/\/www.audacieuse-galerie.ch\/de\/#website","url":"https:\/\/www.audacieuse-galerie.ch\/de\/","name":"Audacieuse-Galerie","description":"Mode et Images","potentialAction":[{"@type":"SearchAction","target":{"@type":"EntryPoint","urlTemplate":"https:\/\/www.audacieuse-galerie.ch\/de\/?s={search_term_string}"},"query-input":{"@type":"PropertyValueSpecification","valueRequired":true,"valueName":"search_term_string"}}],"inLanguage":"de"}]}},"jetpack_publicize_connections":[],"_links":{"self":[{"href":"https:\/\/www.audacieuse-galerie.ch\/de\/wp-json\/wp\/v2\/product\/63726","targetHints":{"allow":["GET"]}}],"collection":[{"href":"https:\/\/www.audacieuse-galerie.ch\/de\/wp-json\/wp\/v2\/product"}],"about":[{"href":"https:\/\/www.audacieuse-galerie.ch\/de\/wp-json\/wp\/v2\/types\/product"}],"replies":[{"embeddable":true,"href":"https:\/\/www.audacieuse-galerie.ch\/de\/wp-json\/wp\/v2\/comments?post=63726"}],"version-history":[{"count":1,"href":"https:\/\/www.audacieuse-galerie.ch\/de\/wp-json\/wp\/v2\/product\/63726\/revisions"}],"predecessor-version":[{"id":166982,"href":"https:\/\/www.audacieuse-galerie.ch\/de\/wp-json\/wp\/v2\/product\/63726\/revisions\/166982"}],"wp:featuredmedia":[{"embeddable":true,"href":"https:\/\/www.audacieuse-galerie.ch\/de\/wp-json\/wp\/v2\/media\/63661"}],"wp:attachment":[{"href":"https:\/\/www.audacieuse-galerie.ch\/de\/wp-json\/wp\/v2\/media?parent=63726"}],"wp:term":[{"taxonomy":"product_brand","embeddable":true,"href":"https:\/\/www.audacieuse-galerie.ch\/de\/wp-json\/wp\/v2\/product_brand?post=63726"},{"taxonomy":"product_cat","embeddable":true,"href":"https:\/\/www.audacieuse-galerie.ch\/de\/wp-json\/wp\/v2\/product_cat?post=63726"},{"taxonomy":"product_tag","embeddable":true,"href":"https:\/\/www.audacieuse-galerie.ch\/de\/wp-json\/wp\/v2\/product_tag?post=63726"}],"curies":[{"name":"wp","href":"https:\/\/api.w.org\/{rel}","templated":true}]}}

<p>The Airport, ein zeitgenössisches Foto auf Hahnemühle-Papier, lädt uns zu einer tiefgehenden Erkundung ein und versichert uns seine Echtheit mit einem Zertifikat und einer limitierten Auflage.</p>
<p>Dieses Foto zeugt von künstlerischer Forschung, bei der jedes Detail zu einer kohärenten und einzigartigen Vision beiträgt. Es versucht nicht, von Anfang an alle Bedeutungen zu offenbaren. Im Gegenteil, sie kultiviert eine Form von Tiefe, die uns einlädt, immer wieder zu ihr zurückzukehren. Hier liegt oft der wahre Reichtum eines Werks: in seiner Fähigkeit, über die Jahre hinweg lebendig zu bleiben.   </p>
<p>Kunstfotografie aus der Serie &#8222;Arctic, a world on borrowed time&#8220; Dunkelheit und Nacht steigen aus den Tiefen des schieferfarbenen Ozeans auf. Zusammengesunken verleiht der Windsack dieser Landschaft einen Hauch von Offenheit und Blut. Wollstrümpfe, durchbohrt auf einem Haufen weißer Wolle&#8230; Das Inuit-Dorf Tinteqilaaq hat achtzig Seelen. Ein bescheidener Hubschrauberlandeplatz ermöglicht es, – wenn der Wind nicht zu stark weht – eine Verbindung zur Außenwelt aufrechtzuerhalten – falls es eine solche Welt gibt, natürlich. Woran wir nach ein paar Tagen Isolation zweifeln.    </p>

<p>Kunstfotografie aus der Serie &#8222;Arctic, a world on borrowed time&#8220; Dunkelheit und Nacht steigen aus den Tiefen des schieferfarbenen Ozeans auf. Zusammengesunken verleiht der Windsack dieser Landschaft einen Hauch von Offenheit und Blut. Wollstrümpfe, durchbohrt auf einem Haufen weißer Wolle. Der Flughafen, zeitgenössisches Foto in limitierter Auflage, gedruckt auf Hahnemühle-Papier.   </p>

<!-- This site is optimized with the Yoast SEO plugin v28.3 - https://yoast.com/product/yoast-seo-wordpress/ -->
<title>Kunstfotografie: Der Flughafen - Audacieuse-Galerie</title>
<meta name="description" content="Kunstfotografie: Der Flughafen - Audacieuse-Galerie" />
<meta name="robots" content="index, follow, max-snippet:-1, max-image-preview:large, max-video-preview:-1" />
<link rel="canonical" href="https://www.audacieuse-galerie.ch/de/produit/der-flughafen/" />
<meta property="og:locale" content="de_DE" />
<meta property="og:type" content="article" />
<meta property="og:title" content="Kunstfotografie: Der Flughafen - Audacieuse-Galerie" />
<meta property="og:description" content="Kunstfotografie: Der Flughafen - Audacieuse-Galerie" />
<meta property="og:url" content="https://www.audacieuse-galerie.ch/de/produit/der-flughafen/" />
<meta property="og:site_name" content="Audacieuse-Galerie" />
<meta property="article:publisher" content="https://www.facebook.com/audacieuse.galerie" />
<meta property="article:modified_time" content="2026-08-19T09:42:15+00:00" />
<meta property="og:image" content="https://www.audacieuse-galerie.ch/wp-content/uploads/2022/04/1313-Laeroport.jpg" />
	<meta property="og:image:width" content="1000" />
	<meta property="og:image:height" content="1000" />
	<meta property="og:image:type" content="image/jpeg" />
<meta name="twitter:card" content="summary_large_image" />
<meta name="twitter:label1" content="Geschätzte Lesezeit" />
	<meta name="twitter:data1" content="1 Minute" />
<script type="application/ld+json" class="yoast-schema-graph">{"@context":"https:\/\/schema.org","@graph":[{"@type":"WebPage","@id":"https:\/\/www.audacieuse-galerie.ch\/de\/produit\/der-flughafen\/","url":"https:\/\/www.audacieuse-galerie.ch\/de\/produit\/der-flughafen\/","name":"Kunstfotografie: Der Flughafen - Audacieuse-Galerie","isPartOf":{"@id":"https:\/\/www.audacieuse-galerie.ch\/de\/#website"},"primaryImageOfPage":{"@id":"https:\/\/www.audacieuse-galerie.ch\/de\/produit\/der-flughafen\/#primaryimage"},"image":{"@id":"https:\/\/www.audacieuse-galerie.ch\/de\/produit\/der-flughafen\/#primaryimage"},"thumbnailUrl":"https:\/\/www.audacieuse-galerie.ch\/wp-content\/uploads\/2022\/04\/1313-Laeroport.jpg","datePublished":"2022-04-25T15:02:35+00:00","dateModified":"2026-08-19T09:42:15+00:00","description":"Kunstfotografie: Der Flughafen - Audacieuse-Galerie","breadcrumb":{"@id":"https:\/\/www.audacieuse-galerie.ch\/de\/produit\/der-flughafen\/#breadcrumb"},"inLanguage":"de","potentialAction":[{"@type":"ReadAction","target":["https:\/\/www.audacieuse-galerie.ch\/de\/produit\/der-flughafen\/"]}]},{"@type":"ImageObject","inLanguage":"de","@id":"https:\/\/www.audacieuse-galerie.ch\/de\/produit\/der-flughafen\/#primaryimage","url":"https:\/\/www.audacieuse-galerie.ch\/wp-content\/uploads\/2022\/04\/1313-Laeroport.jpg","contentUrl":"https:\/\/www.audacieuse-galerie.ch\/wp-content\/uploads\/2022\/04\/1313-Laeroport.jpg","width":1000,"height":1000,"caption":"Der Flughafen"},{"@type":"BreadcrumbList","@id":"https:\/\/www.audacieuse-galerie.ch\/de\/produit\/der-flughafen\/#breadcrumb","itemListElement":[{"@type":"ListItem","position":1,"name":"Heim","item":"https:\/\/www.audacieuse-galerie.ch\/de\/"},{"@type":"ListItem","position":2,"name":"Laden","item":"https:\/\/www.audacieuse-galerie.ch\/de\/laden\/"},{"@type":"ListItem","position":3,"name":"Kunstfotografie: Der Flughafen"}]},{"@type":"WebSite","@id":"https:\/\/www.audacieuse-galerie.ch\/de\/#website","url":"https:\/\/www.audacieuse-galerie.ch\/de\/","name":"Audacieuse-Galerie","description":"Mode et Images","potentialAction":[{"@type":"SearchAction","target":{"@type":"EntryPoint","urlTemplate":"https:\/\/www.audacieuse-galerie.ch\/de\/?s={search_term_string}"},"query-input":{"@type":"PropertyValueSpecification","valueRequired":true,"valueName":"search_term_string"}}],"inLanguage":"de"}]}</script>
<!-- / Yoast SEO plugin. -->
