{"id":63921,"date":"2022-04-25T17:18:03","date_gmt":"2022-04-25T15:18:03","guid":{"rendered":"https:\/\/woo.audacieuse-galerie.ch\/produit\/der-rabe\/"},"modified":"2026-08-13T20:25:06","modified_gmt":"2026-08-13T18:25:06","slug":"der-rabe","status":"publish","type":"product","link":"https:\/\/www.audacieuse-galerie.ch\/de\/produit\/der-rabe\/","title":{"rendered":"Kunstfotografie: Der Rabe"},"content":{"rendered":"<p>Wir pr\u00e4sentieren &#8218;The Raven&#8216;, ein einzigartiges fotografisches Werk, das visuelle St\u00e4rke und Zartheit vereint, gedruckt auf Hahnem\u00fchle Fine Art Papier und optional in einer amerikanischen Kiste gerahmt. Der Rabe, ein einzigartiges fotografisches Werk, vereint visuelle St\u00e4rke und Zartheit; jeder nummerierte Abzug, signiert vom Fotografen, garantiert den authentisch gesammelten Wert. <\/p>\n<p>An der Schnittstelle technischer Meisterschaft und k\u00fcnstlerischer Absicht wurde dieses fotografische Werk wegen seiner F\u00e4higkeit, eine aufrichtige und nachhaltige Emotion hervorzurufen, ausgew\u00e4hlt. Es bietet eine seltene Balance zwischen visueller St\u00e4rke und Zartheit, sodass jeder seine eigene Geschichte darauf \u00fcbertragen kann.  Jedes Exemplar geh\u00f6rt zu einer limitierten und nummerierten Edition, deren Verbreitung streng kontrolliert wird. Ein vom K\u00fcnstlerfotograf unterschriebenes Echtheitszertifikat liegt jedem Foto bei. <\/p>\n<p>Die Lagune J\u00f6kuls\u00e1rl\u00f3n, Es gibt Lagunen in Island. Gefangen im Eis k\u00f6nnten sie ein wei\u00dfes Paradies heraufbeschw\u00f6ren, wenn nicht die Anwesenheit eines kleinen Lebens, in diesem Fall eines Raben, der Szene ein wenig Rhythmus und Geheimnis verleihen w\u00fcrde, wie eine Art ernster Akzent.  Man denkt an die Eisschollen im Debakel, gemalt von Caspar David Friedrich, und an Edgard Allan Poes Rabe \u2013 so wahr ist es, dass dieses schwarze Biest das Bild, die Erinnerung, an Tod und Angst hinter sich tr\u00e4gt.<\/p>\n","protected":false},"excerpt":{"rendered":"<p>Wir pr\u00e4sentieren &#8218;The Raven&#8216;, ein einzigartiges und zartes fotografisches Werk, eine Kunstfotografie, in der Schatten und Licht aufeinandertreffen. Die Jokulsarlon-Lagune, es gibt Lagunen in Island. Im Eis gefangen, k\u00f6nnten sie ein wei\u00dfes Paradies heraufbeschw\u00f6ren, wenn die Anwesenheit eines kleinen Lebens, in diesem Fall eines Raben, der Szene nicht ein wenig Rhythmus und Geheimnis verlieh, wie ein ernster Akzent. Dieses signierte und nummerierte Kunstfoto ist Teil einer limitierten Auflage, die verschiedene Arten von R\u00e4umen und k\u00fcnstlerischen Sensibilit\u00e4ten begleitet. Zeitgen\u00f6ssische visuelle Werke, signiert vom K\u00fcnstler.    <\/p>\n<p>&nbsp;<\/p>\n<p>&nbsp;<\/p>\n","protected":false},"featured_media":63856,"comment_status":"open","ping_status":"closed","template":"","meta":{"_glsr_average":0,"_glsr_ranking":0,"_glsr_reviews":0,"jetpack_publicize_message":"","jetpack_publicize_feature_enabled":true,"jetpack_social_post_already_shared":true,"jetpack_social_options":{"image_generator_settings":{"template":"highway","default_image_id":0,"font":"","enabled":false},"version":2}},"product_brand":[],"product_cat":[63,111,2203,240,237,243],"product_tag":[],"class_list":["post-63921","product","type-product","status-publish","has-post-thumbnail","product_cat-auswahlkurator","product_cat-farben","product_cat-fotograf-thierry-vezon","product_cat-landschaftsbilder","product_cat-natur","product_cat-tierwelt","pa_dimensions-40x60cm-de","pa_dimensions-50x75cm-de","pa_dimensions-60x90cm-de","pa_encadrements-creme-de","pa_encadrements-dunklesholz-de","pa_encadrements-grau-de","pa_encadrements-hellesholz-de","pa_encadrements-keinen-de","pa_encadrements-schwarz-de","pa_encadrements-weiss-de","pa_oeuvresnumerotees_limitees-15exemplaren-de","pa_protectionfinitionsupport-druckunterglasacrylglass-de","pa_protectionfinitionsupport-e4-kunstpapieraufholzplatteu-de","pa_protectionfinitionsupport-20-kunstpapieraufdibondr_alu-de","pa_techniquesphotographiques-farbe-de","pa_themesphotographiques-landschaft-de","pa_themesphotographiques-natur-de","pa_themesphotographiques-tierwelt-de","first","instock","taxable","shipping-taxable","purchasable","product-type-variable","has-default-attributes"],"yoast_head":"<!-- This site is optimized with the Yoast SEO plugin v28.3 - https:\/\/yoast.com\/product\/yoast-seo-wordpress\/ -->\n<title>Kunstfotografie: Der Rabe - Audacieuse-Galerie<\/title>\n<meta name=\"description\" content=\"Kunstfotografie: Der Rabe - Audacieuse-Galerie\" \/>\n<meta name=\"robots\" content=\"index, follow, max-snippet:-1, max-image-preview:large, max-video-preview:-1\" \/>\n<link rel=\"canonical\" href=\"https:\/\/www.audacieuse-galerie.ch\/de\/produit\/der-rabe\/\" \/>\n<meta property=\"og:locale\" content=\"de_DE\" \/>\n<meta property=\"og:type\" content=\"article\" \/>\n<meta property=\"og:title\" content=\"Kunstfotografie: Der Rabe - Audacieuse-Galerie\" \/>\n<meta property=\"og:description\" content=\"Kunstfotografie: Der Rabe - Audacieuse-Galerie\" \/>\n<meta property=\"og:url\" content=\"https:\/\/www.audacieuse-galerie.ch\/de\/produit\/der-rabe\/\" \/>\n<meta property=\"og:site_name\" content=\"Audacieuse-Galerie\" \/>\n<meta property=\"article:publisher\" content=\"https:\/\/www.facebook.com\/audacieuse.galerie\" \/>\n<meta property=\"article:modified_time\" content=\"2026-08-13T18:25:06+00:00\" \/>\n<meta property=\"og:image\" content=\"https:\/\/www.audacieuse-galerie.ch\/wp-content\/uploads\/2022\/04\/1315-Le-corbeau.jpg\" \/>\n\t<meta property=\"og:image:width\" content=\"1000\" \/>\n\t<meta property=\"og:image:height\" content=\"571\" \/>\n\t<meta property=\"og:image:type\" content=\"image\/jpeg\" \/>\n<meta name=\"twitter:card\" content=\"summary_large_image\" \/>\n<meta name=\"twitter:label1\" content=\"Gesch\u00e4tzte Lesezeit\" \/>\n\t<meta name=\"twitter:data1\" content=\"1 Minute\" \/>\n<script type=\"application\/ld+json\" class=\"yoast-schema-graph\">{\"@context\":\"https:\\\/\\\/schema.org\",\"@graph\":[{\"@type\":\"WebPage\",\"@id\":\"https:\\\/\\\/www.audacieuse-galerie.ch\\\/de\\\/produit\\\/der-rabe\\\/\",\"url\":\"https:\\\/\\\/www.audacieuse-galerie.ch\\\/de\\\/produit\\\/der-rabe\\\/\",\"name\":\"Kunstfotografie: Der Rabe - Audacieuse-Galerie\",\"isPartOf\":{\"@id\":\"https:\\\/\\\/www.audacieuse-galerie.ch\\\/de\\\/#website\"},\"primaryImageOfPage\":{\"@id\":\"https:\\\/\\\/www.audacieuse-galerie.ch\\\/de\\\/produit\\\/der-rabe\\\/#primaryimage\"},\"image\":{\"@id\":\"https:\\\/\\\/www.audacieuse-galerie.ch\\\/de\\\/produit\\\/der-rabe\\\/#primaryimage\"},\"thumbnailUrl\":\"https:\\\/\\\/www.audacieuse-galerie.ch\\\/wp-content\\\/uploads\\\/2022\\\/04\\\/1315-Le-corbeau.jpg\",\"datePublished\":\"2022-04-25T15:18:03+00:00\",\"dateModified\":\"2026-08-13T18:25:06+00:00\",\"description\":\"Kunstfotografie: Der Rabe - Audacieuse-Galerie\",\"breadcrumb\":{\"@id\":\"https:\\\/\\\/www.audacieuse-galerie.ch\\\/de\\\/produit\\\/der-rabe\\\/#breadcrumb\"},\"inLanguage\":\"de\",\"potentialAction\":[{\"@type\":\"ReadAction\",\"target\":[\"https:\\\/\\\/www.audacieuse-galerie.ch\\\/de\\\/produit\\\/der-rabe\\\/\"]}]},{\"@type\":\"ImageObject\",\"inLanguage\":\"de\",\"@id\":\"https:\\\/\\\/www.audacieuse-galerie.ch\\\/de\\\/produit\\\/der-rabe\\\/#primaryimage\",\"url\":\"https:\\\/\\\/www.audacieuse-galerie.ch\\\/wp-content\\\/uploads\\\/2022\\\/04\\\/1315-Le-corbeau.jpg\",\"contentUrl\":\"https:\\\/\\\/www.audacieuse-galerie.ch\\\/wp-content\\\/uploads\\\/2022\\\/04\\\/1315-Le-corbeau.jpg\",\"width\":1000,\"height\":571,\"caption\":\"Der Rabe\"},{\"@type\":\"BreadcrumbList\",\"@id\":\"https:\\\/\\\/www.audacieuse-galerie.ch\\\/de\\\/produit\\\/der-rabe\\\/#breadcrumb\",\"itemListElement\":[{\"@type\":\"ListItem\",\"position\":1,\"name\":\"Heim\",\"item\":\"https:\\\/\\\/www.audacieuse-galerie.ch\\\/de\\\/\"},{\"@type\":\"ListItem\",\"position\":2,\"name\":\"Laden\",\"item\":\"https:\\\/\\\/www.audacieuse-galerie.ch\\\/de\\\/laden\\\/\"},{\"@type\":\"ListItem\",\"position\":3,\"name\":\"Kunstfotografie: Der Rabe\"}]},{\"@type\":\"WebSite\",\"@id\":\"https:\\\/\\\/www.audacieuse-galerie.ch\\\/de\\\/#website\",\"url\":\"https:\\\/\\\/www.audacieuse-galerie.ch\\\/de\\\/\",\"name\":\"Audacieuse-Galerie\",\"description\":\"Mode et Images\",\"potentialAction\":[{\"@type\":\"SearchAction\",\"target\":{\"@type\":\"EntryPoint\",\"urlTemplate\":\"https:\\\/\\\/www.audacieuse-galerie.ch\\\/de\\\/?s={search_term_string}\"},\"query-input\":{\"@type\":\"PropertyValueSpecification\",\"valueRequired\":true,\"valueName\":\"search_term_string\"}}],\"inLanguage\":\"de\"}]}<\/script>\n<!-- \/ Yoast SEO plugin. -->","yoast_head_json":{"title":"Kunstfotografie: Der Rabe - Audacieuse-Galerie","description":"Kunstfotografie: Der Rabe - Audacieuse-Galerie","robots":{"index":"index","follow":"follow","max-snippet":"max-snippet:-1","max-image-preview":"max-image-preview:large","max-video-preview":"max-video-preview:-1"},"canonical":"https:\/\/www.audacieuse-galerie.ch\/de\/produit\/der-rabe\/","og_locale":"de_DE","og_type":"article","og_title":"Kunstfotografie: Der Rabe - Audacieuse-Galerie","og_description":"Kunstfotografie: Der Rabe - Audacieuse-Galerie","og_url":"https:\/\/www.audacieuse-galerie.ch\/de\/produit\/der-rabe\/","og_site_name":"Audacieuse-Galerie","article_publisher":"https:\/\/www.facebook.com\/audacieuse.galerie","article_modified_time":"2026-08-13T18:25:06+00:00","og_image":[{"width":1000,"height":571,"url":"https:\/\/www.audacieuse-galerie.ch\/wp-content\/uploads\/2022\/04\/1315-Le-corbeau.jpg","type":"image\/jpeg"}],"twitter_card":"summary_large_image","twitter_misc":{"Gesch\u00e4tzte Lesezeit":"1 Minute"},"schema":{"@context":"https:\/\/schema.org","@graph":[{"@type":"WebPage","@id":"https:\/\/www.audacieuse-galerie.ch\/de\/produit\/der-rabe\/","url":"https:\/\/www.audacieuse-galerie.ch\/de\/produit\/der-rabe\/","name":"Kunstfotografie: Der Rabe - Audacieuse-Galerie","isPartOf":{"@id":"https:\/\/www.audacieuse-galerie.ch\/de\/#website"},"primaryImageOfPage":{"@id":"https:\/\/www.audacieuse-galerie.ch\/de\/produit\/der-rabe\/#primaryimage"},"image":{"@id":"https:\/\/www.audacieuse-galerie.ch\/de\/produit\/der-rabe\/#primaryimage"},"thumbnailUrl":"https:\/\/www.audacieuse-galerie.ch\/wp-content\/uploads\/2022\/04\/1315-Le-corbeau.jpg","datePublished":"2022-04-25T15:18:03+00:00","dateModified":"2026-08-13T18:25:06+00:00","description":"Kunstfotografie: Der Rabe - Audacieuse-Galerie","breadcrumb":{"@id":"https:\/\/www.audacieuse-galerie.ch\/de\/produit\/der-rabe\/#breadcrumb"},"inLanguage":"de","potentialAction":[{"@type":"ReadAction","target":["https:\/\/www.audacieuse-galerie.ch\/de\/produit\/der-rabe\/"]}]},{"@type":"ImageObject","inLanguage":"de","@id":"https:\/\/www.audacieuse-galerie.ch\/de\/produit\/der-rabe\/#primaryimage","url":"https:\/\/www.audacieuse-galerie.ch\/wp-content\/uploads\/2022\/04\/1315-Le-corbeau.jpg","contentUrl":"https:\/\/www.audacieuse-galerie.ch\/wp-content\/uploads\/2022\/04\/1315-Le-corbeau.jpg","width":1000,"height":571,"caption":"Der Rabe"},{"@type":"BreadcrumbList","@id":"https:\/\/www.audacieuse-galerie.ch\/de\/produit\/der-rabe\/#breadcrumb","itemListElement":[{"@type":"ListItem","position":1,"name":"Heim","item":"https:\/\/www.audacieuse-galerie.ch\/de\/"},{"@type":"ListItem","position":2,"name":"Laden","item":"https:\/\/www.audacieuse-galerie.ch\/de\/laden\/"},{"@type":"ListItem","position":3,"name":"Kunstfotografie: Der Rabe"}]},{"@type":"WebSite","@id":"https:\/\/www.audacieuse-galerie.ch\/de\/#website","url":"https:\/\/www.audacieuse-galerie.ch\/de\/","name":"Audacieuse-Galerie","description":"Mode et Images","potentialAction":[{"@type":"SearchAction","target":{"@type":"EntryPoint","urlTemplate":"https:\/\/www.audacieuse-galerie.ch\/de\/?s={search_term_string}"},"query-input":{"@type":"PropertyValueSpecification","valueRequired":true,"valueName":"search_term_string"}}],"inLanguage":"de"}]}},"jetpack_publicize_connections":[],"_links":{"self":[{"href":"https:\/\/www.audacieuse-galerie.ch\/de\/wp-json\/wp\/v2\/product\/63921","targetHints":{"allow":["GET"]}}],"collection":[{"href":"https:\/\/www.audacieuse-galerie.ch\/de\/wp-json\/wp\/v2\/product"}],"about":[{"href":"https:\/\/www.audacieuse-galerie.ch\/de\/wp-json\/wp\/v2\/types\/product"}],"replies":[{"embeddable":true,"href":"https:\/\/www.audacieuse-galerie.ch\/de\/wp-json\/wp\/v2\/comments?post=63921"}],"version-history":[{"count":1,"href":"https:\/\/www.audacieuse-galerie.ch\/de\/wp-json\/wp\/v2\/product\/63921\/revisions"}],"predecessor-version":[{"id":166770,"href":"https:\/\/www.audacieuse-galerie.ch\/de\/wp-json\/wp\/v2\/product\/63921\/revisions\/166770"}],"wp:featuredmedia":[{"embeddable":true,"href":"https:\/\/www.audacieuse-galerie.ch\/de\/wp-json\/wp\/v2\/media\/63856"}],"wp:attachment":[{"href":"https:\/\/www.audacieuse-galerie.ch\/de\/wp-json\/wp\/v2\/media?parent=63921"}],"wp:term":[{"taxonomy":"product_brand","embeddable":true,"href":"https:\/\/www.audacieuse-galerie.ch\/de\/wp-json\/wp\/v2\/product_brand?post=63921"},{"taxonomy":"product_cat","embeddable":true,"href":"https:\/\/www.audacieuse-galerie.ch\/de\/wp-json\/wp\/v2\/product_cat?post=63921"},{"taxonomy":"product_tag","embeddable":true,"href":"https:\/\/www.audacieuse-galerie.ch\/de\/wp-json\/wp\/v2\/product_tag?post=63921"}],"curies":[{"name":"wp","href":"https:\/\/api.w.org\/{rel}","templated":true}]}}

<p>Wir präsentieren &#8218;The Raven&#8216;, ein einzigartiges fotografisches Werk, das visuelle Stärke und Zartheit vereint, gedruckt auf Hahnemühle Fine Art Papier und optional in einer amerikanischen Kiste gerahmt. Der Rabe, ein einzigartiges fotografisches Werk, vereint visuelle Stärke und Zartheit; jeder nummerierte Abzug, signiert vom Fotografen, garantiert den authentisch gesammelten Wert. </p>
<p>An der Schnittstelle technischer Meisterschaft und künstlerischer Absicht wurde dieses fotografische Werk wegen seiner Fähigkeit, eine aufrichtige und nachhaltige Emotion hervorzurufen, ausgewählt. Es bietet eine seltene Balance zwischen visueller Stärke und Zartheit, sodass jeder seine eigene Geschichte darauf übertragen kann.  Jedes Exemplar gehört zu einer limitierten und nummerierten Edition, deren Verbreitung streng kontrolliert wird. Ein vom Künstlerfotograf unterschriebenes Echtheitszertifikat liegt jedem Foto bei. </p>
<p>Die Lagune Jökulsárlón, Es gibt Lagunen in Island. Gefangen im Eis könnten sie ein weißes Paradies heraufbeschwören, wenn nicht die Anwesenheit eines kleinen Lebens, in diesem Fall eines Raben, der Szene ein wenig Rhythmus und Geheimnis verleihen würde, wie eine Art ernster Akzent.  Man denkt an die Eisschollen im Debakel, gemalt von Caspar David Friedrich, und an Edgard Allan Poes Rabe – so wahr ist es, dass dieses schwarze Biest das Bild, die Erinnerung, an Tod und Angst hinter sich trägt.</p>

<p>Wir präsentieren &#8218;The Raven&#8216;, ein einzigartiges und zartes fotografisches Werk, eine Kunstfotografie, in der Schatten und Licht aufeinandertreffen. Die Jokulsarlon-Lagune, es gibt Lagunen in Island. Im Eis gefangen, könnten sie ein weißes Paradies heraufbeschwören, wenn die Anwesenheit eines kleinen Lebens, in diesem Fall eines Raben, der Szene nicht ein wenig Rhythmus und Geheimnis verlieh, wie ein ernster Akzent. Dieses signierte und nummerierte Kunstfoto ist Teil einer limitierten Auflage, die verschiedene Arten von Räumen und künstlerischen Sensibilitäten begleitet. Zeitgenössische visuelle Werke, signiert vom Künstler.    </p>
<p>&nbsp;</p>
<p>&nbsp;</p>

<!-- This site is optimized with the Yoast SEO plugin v28.3 - https://yoast.com/product/yoast-seo-wordpress/ -->
<title>Kunstfotografie: Der Rabe - Audacieuse-Galerie</title>
<meta name="description" content="Kunstfotografie: Der Rabe - Audacieuse-Galerie" />
<meta name="robots" content="index, follow, max-snippet:-1, max-image-preview:large, max-video-preview:-1" />
<link rel="canonical" href="https://www.audacieuse-galerie.ch/de/produit/der-rabe/" />
<meta property="og:locale" content="de_DE" />
<meta property="og:type" content="article" />
<meta property="og:title" content="Kunstfotografie: Der Rabe - Audacieuse-Galerie" />
<meta property="og:description" content="Kunstfotografie: Der Rabe - Audacieuse-Galerie" />
<meta property="og:url" content="https://www.audacieuse-galerie.ch/de/produit/der-rabe/" />
<meta property="og:site_name" content="Audacieuse-Galerie" />
<meta property="article:publisher" content="https://www.facebook.com/audacieuse.galerie" />
<meta property="article:modified_time" content="2026-08-13T18:25:06+00:00" />
<meta property="og:image" content="https://www.audacieuse-galerie.ch/wp-content/uploads/2022/04/1315-Le-corbeau.jpg" />
	<meta property="og:image:width" content="1000" />
	<meta property="og:image:height" content="571" />
	<meta property="og:image:type" content="image/jpeg" />
<meta name="twitter:card" content="summary_large_image" />
<meta name="twitter:label1" content="Geschätzte Lesezeit" />
	<meta name="twitter:data1" content="1 Minute" />
<script type="application/ld+json" class="yoast-schema-graph">{"@context":"https:\/\/schema.org","@graph":[{"@type":"WebPage","@id":"https:\/\/www.audacieuse-galerie.ch\/de\/produit\/der-rabe\/","url":"https:\/\/www.audacieuse-galerie.ch\/de\/produit\/der-rabe\/","name":"Kunstfotografie: Der Rabe - Audacieuse-Galerie","isPartOf":{"@id":"https:\/\/www.audacieuse-galerie.ch\/de\/#website"},"primaryImageOfPage":{"@id":"https:\/\/www.audacieuse-galerie.ch\/de\/produit\/der-rabe\/#primaryimage"},"image":{"@id":"https:\/\/www.audacieuse-galerie.ch\/de\/produit\/der-rabe\/#primaryimage"},"thumbnailUrl":"https:\/\/www.audacieuse-galerie.ch\/wp-content\/uploads\/2022\/04\/1315-Le-corbeau.jpg","datePublished":"2022-04-25T15:18:03+00:00","dateModified":"2026-08-13T18:25:06+00:00","description":"Kunstfotografie: Der Rabe - Audacieuse-Galerie","breadcrumb":{"@id":"https:\/\/www.audacieuse-galerie.ch\/de\/produit\/der-rabe\/#breadcrumb"},"inLanguage":"de","potentialAction":[{"@type":"ReadAction","target":["https:\/\/www.audacieuse-galerie.ch\/de\/produit\/der-rabe\/"]}]},{"@type":"ImageObject","inLanguage":"de","@id":"https:\/\/www.audacieuse-galerie.ch\/de\/produit\/der-rabe\/#primaryimage","url":"https:\/\/www.audacieuse-galerie.ch\/wp-content\/uploads\/2022\/04\/1315-Le-corbeau.jpg","contentUrl":"https:\/\/www.audacieuse-galerie.ch\/wp-content\/uploads\/2022\/04\/1315-Le-corbeau.jpg","width":1000,"height":571,"caption":"Der Rabe"},{"@type":"BreadcrumbList","@id":"https:\/\/www.audacieuse-galerie.ch\/de\/produit\/der-rabe\/#breadcrumb","itemListElement":[{"@type":"ListItem","position":1,"name":"Heim","item":"https:\/\/www.audacieuse-galerie.ch\/de\/"},{"@type":"ListItem","position":2,"name":"Laden","item":"https:\/\/www.audacieuse-galerie.ch\/de\/laden\/"},{"@type":"ListItem","position":3,"name":"Kunstfotografie: Der Rabe"}]},{"@type":"WebSite","@id":"https:\/\/www.audacieuse-galerie.ch\/de\/#website","url":"https:\/\/www.audacieuse-galerie.ch\/de\/","name":"Audacieuse-Galerie","description":"Mode et Images","potentialAction":[{"@type":"SearchAction","target":{"@type":"EntryPoint","urlTemplate":"https:\/\/www.audacieuse-galerie.ch\/de\/?s={search_term_string}"},"query-input":{"@type":"PropertyValueSpecification","valueRequired":true,"valueName":"search_term_string"}}],"inLanguage":"de"}]}</script>
<!-- / Yoast SEO plugin. -->
