{"id":64506,"date":"2022-04-25T20:36:07","date_gmt":"2022-04-25T18:36:07","guid":{"rendered":"https:\/\/woo.audacieuse-galerie.ch\/produit\/die-eiderenten\/"},"modified":"2026-08-13T00:01:59","modified_gmt":"2026-08-12T22:01:59","slug":"die-eiderenten","status":"publish","type":"product","link":"https:\/\/www.audacieuse-galerie.ch\/de\/produit\/die-eiderenten\/","title":{"rendered":"Bildende Kunstfotografie: Eidereier"},"content":{"rendered":"<p>Wir bieten &#8218;Die Eider&#8216; an, ein einzigartiges fotografisches Werk, gedruckt auf Fine Art Hahnem\u00fchle-Papier, in limitierter Auflage mit Echtheitszertifikat, das den Wert eines Sammlers garantiert. Die Eiderei, ein einzigartiges fotografisches Werk, f\u00e4ngt die subtile Emotion der V\u00f6gel in einer nat\u00fcrlichen Umgebung ein, pr\u00e4sentiert in nummerierten, vom Fotografen signierten Abz\u00fcgen, die den Wert eines Sammlers garantieren. <\/p>\n<p>Diese Arbeit ist Teil eines Ansatzes, bei dem die Fotografie zu einer eigenen Sprache wird, die mehr andeuten kann, als sie beschreibt. Ihre Kraft liegt in dieser empfindlichen Spannung zwischen Beweis und Geheimnis, zwischen unmittelbarer Pr\u00e4senz und fortschreitender Entdeckung. In einer limitierten und nummerierten Auflage angeboten, profitiert dieses Foto von einer kontrollierten Verbreitung, die darauf abzielt, seine Exklusivit\u00e4t zu bewahren. Jede Kopie wird mit einem Echtheitszertifikat geliefert, das vom K\u00fcnstlerfotografen unterschrieben ist. Dieses offizielle Dokument garantiert den Ursprung des Werks und unterstreicht seinen Wert in der Ausgabe, aus der es stammt.    <\/p>\n<p>Der schwarze Ozean schwankte einen Eiszapfen von der Farbe des Aquamarins; Der Schaum hingegen erhellt diese Dunkelheit; Ein Schwarm Eiderenten, wie ein Schwarm schwarzer Steine, kreuzt und zerkratzt das Bild&#8230; Was dieses Bild in meinen Augen so aufladbar macht, ist dieser Kontrast zwischen dem Rohen und dem Weichen, und diese Dynamik, die den Blick des Betrachters aufrechterh\u00e4lt und tr\u00e4gt. Das Bild erz\u00e4hlt in einer breiten und klaren Geste von der Gewalt der Elemente, der Geschwindigkeit des Windes, der exquisiten Zerbrechlichkeit des Lebens. <\/p>\n","protected":false},"excerpt":{"rendered":"<p>Der schwarze Ozean schwang einen Eiszapfen in der Farbe von Aquamarinen; Der Schaum hingegen beleuchtet diese Dunkelheit; Ein Schwarm Eider, wie ein Schwarm schwarzer Steine, kreuzt und kratzt das Bild.<\/p>\n<p>Die Eidereider, Kunstfoto in nummeriertem Druck und signiert<\/p>\n<p> mit &#8218;Die Eider&#8216;, einzigartiges fotografisches Werk, gedruckt Hahnem\u00fchle<\/p>\n","protected":false},"featured_media":64441,"comment_status":"open","ping_status":"closed","template":"","meta":{"_glsr_average":0,"_glsr_ranking":0,"_glsr_reviews":0,"jetpack_publicize_message":"","jetpack_publicize_feature_enabled":true,"jetpack_social_post_already_shared":true,"jetpack_social_options":{"image_generator_settings":{"template":"highway","default_image_id":0,"font":"","enabled":false},"version":2}},"product_brand":[],"product_cat":[111,2203,153,240,237,243],"product_tag":[],"class_list":["post-64506","product","type-product","status-publish","has-post-thumbnail","product_cat-farben","product_cat-fotograf-thierry-vezon","product_cat-grafik","product_cat-landschaftsbilder","product_cat-natur","product_cat-tierwelt","pa_dimensions-30x45cm-de","pa_dimensions-40x70cm-de","pa_dimensions-50x85cm-de","pa_encadrements-creme-de","pa_encadrements-dunklesholz-de","pa_encadrements-grau-de","pa_encadrements-hellesholz-de","pa_encadrements-keinen-de","pa_encadrements-schwarz-de","pa_encadrements-weiss-de","pa_oeuvresnumerotees_limitees-15exemplaren-de","pa_protectionfinitionsupport-druckunterglasacrylglass-de","pa_protectionfinitionsupport-e4-kunstpapieraufholzplatteu-de","pa_protectionfinitionsupport-20-kunstpapieraufdibondr_alu-de","pa_techniquesphotographiques-farbe-de","pa_themesphotographiques-grafik-de","pa_themesphotographiques-landschaft-de","pa_themesphotographiques-natur-de","pa_themesphotographiques-tierwelt-de","first","instock","taxable","shipping-taxable","purchasable","product-type-variable","has-default-attributes"],"yoast_head":"<!-- This site is optimized with the Yoast SEO plugin v28.3 - https:\/\/yoast.com\/product\/yoast-seo-wordpress\/ -->\n<title>Bildende Kunstfotografie: Eidereier - Audacieuse-Galerie<\/title>\n<meta name=\"description\" content=\"Bildende Kunstfotografie: Eidereier - Audacieuse-Galerie\" \/>\n<meta name=\"robots\" content=\"index, follow, max-snippet:-1, max-image-preview:large, max-video-preview:-1\" \/>\n<link rel=\"canonical\" href=\"https:\/\/www.audacieuse-galerie.ch\/de\/produit\/die-eiderenten\/\" \/>\n<meta property=\"og:locale\" content=\"de_DE\" \/>\n<meta property=\"og:type\" content=\"article\" \/>\n<meta property=\"og:title\" content=\"Bildende Kunstfotografie: Eidereier - Audacieuse-Galerie\" \/>\n<meta property=\"og:description\" content=\"Bildende Kunstfotografie: Eidereier - Audacieuse-Galerie\" \/>\n<meta property=\"og:url\" content=\"https:\/\/www.audacieuse-galerie.ch\/de\/produit\/die-eiderenten\/\" \/>\n<meta property=\"og:site_name\" content=\"Audacieuse-Galerie\" \/>\n<meta property=\"article:publisher\" content=\"https:\/\/www.facebook.com\/audacieuse.galerie\" \/>\n<meta property=\"article:modified_time\" content=\"2026-08-12T22:01:59+00:00\" \/>\n<meta property=\"og:image\" content=\"https:\/\/www.audacieuse-galerie.ch\/wp-content\/uploads\/2022\/04\/1314-Les-eiders.jpg\" \/>\n\t<meta property=\"og:image:width\" content=\"1000\" \/>\n\t<meta property=\"og:image:height\" content=\"571\" \/>\n\t<meta property=\"og:image:type\" content=\"image\/jpeg\" \/>\n<meta name=\"twitter:card\" content=\"summary_large_image\" \/>\n<meta name=\"twitter:label1\" content=\"Gesch\u00e4tzte Lesezeit\" \/>\n\t<meta name=\"twitter:data1\" content=\"1 Minute\" \/>\n<script type=\"application\/ld+json\" class=\"yoast-schema-graph\">{\"@context\":\"https:\\\/\\\/schema.org\",\"@graph\":[{\"@type\":\"WebPage\",\"@id\":\"https:\\\/\\\/www.audacieuse-galerie.ch\\\/de\\\/produit\\\/die-eiderenten\\\/\",\"url\":\"https:\\\/\\\/www.audacieuse-galerie.ch\\\/de\\\/produit\\\/die-eiderenten\\\/\",\"name\":\"Bildende Kunstfotografie: Eidereier - Audacieuse-Galerie\",\"isPartOf\":{\"@id\":\"https:\\\/\\\/www.audacieuse-galerie.ch\\\/de\\\/#website\"},\"primaryImageOfPage\":{\"@id\":\"https:\\\/\\\/www.audacieuse-galerie.ch\\\/de\\\/produit\\\/die-eiderenten\\\/#primaryimage\"},\"image\":{\"@id\":\"https:\\\/\\\/www.audacieuse-galerie.ch\\\/de\\\/produit\\\/die-eiderenten\\\/#primaryimage\"},\"thumbnailUrl\":\"https:\\\/\\\/www.audacieuse-galerie.ch\\\/wp-content\\\/uploads\\\/2022\\\/04\\\/1314-Les-eiders.jpg\",\"datePublished\":\"2022-04-25T18:36:07+00:00\",\"dateModified\":\"2026-08-12T22:01:59+00:00\",\"description\":\"Bildende Kunstfotografie: Eidereier - Audacieuse-Galerie\",\"breadcrumb\":{\"@id\":\"https:\\\/\\\/www.audacieuse-galerie.ch\\\/de\\\/produit\\\/die-eiderenten\\\/#breadcrumb\"},\"inLanguage\":\"de\",\"potentialAction\":[{\"@type\":\"ReadAction\",\"target\":[\"https:\\\/\\\/www.audacieuse-galerie.ch\\\/de\\\/produit\\\/die-eiderenten\\\/\"]}]},{\"@type\":\"ImageObject\",\"inLanguage\":\"de\",\"@id\":\"https:\\\/\\\/www.audacieuse-galerie.ch\\\/de\\\/produit\\\/die-eiderenten\\\/#primaryimage\",\"url\":\"https:\\\/\\\/www.audacieuse-galerie.ch\\\/wp-content\\\/uploads\\\/2022\\\/04\\\/1314-Les-eiders.jpg\",\"contentUrl\":\"https:\\\/\\\/www.audacieuse-galerie.ch\\\/wp-content\\\/uploads\\\/2022\\\/04\\\/1314-Les-eiders.jpg\",\"width\":1000,\"height\":571,\"caption\":\"Eiderenten\"},{\"@type\":\"BreadcrumbList\",\"@id\":\"https:\\\/\\\/www.audacieuse-galerie.ch\\\/de\\\/produit\\\/die-eiderenten\\\/#breadcrumb\",\"itemListElement\":[{\"@type\":\"ListItem\",\"position\":1,\"name\":\"Heim\",\"item\":\"https:\\\/\\\/www.audacieuse-galerie.ch\\\/de\\\/\"},{\"@type\":\"ListItem\",\"position\":2,\"name\":\"Laden\",\"item\":\"https:\\\/\\\/www.audacieuse-galerie.ch\\\/de\\\/laden\\\/\"},{\"@type\":\"ListItem\",\"position\":3,\"name\":\"Bildende Kunstfotografie: Eidereier\"}]},{\"@type\":\"WebSite\",\"@id\":\"https:\\\/\\\/www.audacieuse-galerie.ch\\\/de\\\/#website\",\"url\":\"https:\\\/\\\/www.audacieuse-galerie.ch\\\/de\\\/\",\"name\":\"Audacieuse-Galerie\",\"description\":\"Mode et Images\",\"potentialAction\":[{\"@type\":\"SearchAction\",\"target\":{\"@type\":\"EntryPoint\",\"urlTemplate\":\"https:\\\/\\\/www.audacieuse-galerie.ch\\\/de\\\/?s={search_term_string}\"},\"query-input\":{\"@type\":\"PropertyValueSpecification\",\"valueRequired\":true,\"valueName\":\"search_term_string\"}}],\"inLanguage\":\"de\"}]}<\/script>\n<!-- \/ Yoast SEO plugin. -->","yoast_head_json":{"title":"Bildende Kunstfotografie: Eidereier - Audacieuse-Galerie","description":"Bildende Kunstfotografie: Eidereier - Audacieuse-Galerie","robots":{"index":"index","follow":"follow","max-snippet":"max-snippet:-1","max-image-preview":"max-image-preview:large","max-video-preview":"max-video-preview:-1"},"canonical":"https:\/\/www.audacieuse-galerie.ch\/de\/produit\/die-eiderenten\/","og_locale":"de_DE","og_type":"article","og_title":"Bildende Kunstfotografie: Eidereier - Audacieuse-Galerie","og_description":"Bildende Kunstfotografie: Eidereier - Audacieuse-Galerie","og_url":"https:\/\/www.audacieuse-galerie.ch\/de\/produit\/die-eiderenten\/","og_site_name":"Audacieuse-Galerie","article_publisher":"https:\/\/www.facebook.com\/audacieuse.galerie","article_modified_time":"2026-08-12T22:01:59+00:00","og_image":[{"width":1000,"height":571,"url":"https:\/\/www.audacieuse-galerie.ch\/wp-content\/uploads\/2022\/04\/1314-Les-eiders.jpg","type":"image\/jpeg"}],"twitter_card":"summary_large_image","twitter_misc":{"Gesch\u00e4tzte Lesezeit":"1 Minute"},"schema":{"@context":"https:\/\/schema.org","@graph":[{"@type":"WebPage","@id":"https:\/\/www.audacieuse-galerie.ch\/de\/produit\/die-eiderenten\/","url":"https:\/\/www.audacieuse-galerie.ch\/de\/produit\/die-eiderenten\/","name":"Bildende Kunstfotografie: Eidereier - Audacieuse-Galerie","isPartOf":{"@id":"https:\/\/www.audacieuse-galerie.ch\/de\/#website"},"primaryImageOfPage":{"@id":"https:\/\/www.audacieuse-galerie.ch\/de\/produit\/die-eiderenten\/#primaryimage"},"image":{"@id":"https:\/\/www.audacieuse-galerie.ch\/de\/produit\/die-eiderenten\/#primaryimage"},"thumbnailUrl":"https:\/\/www.audacieuse-galerie.ch\/wp-content\/uploads\/2022\/04\/1314-Les-eiders.jpg","datePublished":"2022-04-25T18:36:07+00:00","dateModified":"2026-08-12T22:01:59+00:00","description":"Bildende Kunstfotografie: Eidereier - Audacieuse-Galerie","breadcrumb":{"@id":"https:\/\/www.audacieuse-galerie.ch\/de\/produit\/die-eiderenten\/#breadcrumb"},"inLanguage":"de","potentialAction":[{"@type":"ReadAction","target":["https:\/\/www.audacieuse-galerie.ch\/de\/produit\/die-eiderenten\/"]}]},{"@type":"ImageObject","inLanguage":"de","@id":"https:\/\/www.audacieuse-galerie.ch\/de\/produit\/die-eiderenten\/#primaryimage","url":"https:\/\/www.audacieuse-galerie.ch\/wp-content\/uploads\/2022\/04\/1314-Les-eiders.jpg","contentUrl":"https:\/\/www.audacieuse-galerie.ch\/wp-content\/uploads\/2022\/04\/1314-Les-eiders.jpg","width":1000,"height":571,"caption":"Eiderenten"},{"@type":"BreadcrumbList","@id":"https:\/\/www.audacieuse-galerie.ch\/de\/produit\/die-eiderenten\/#breadcrumb","itemListElement":[{"@type":"ListItem","position":1,"name":"Heim","item":"https:\/\/www.audacieuse-galerie.ch\/de\/"},{"@type":"ListItem","position":2,"name":"Laden","item":"https:\/\/www.audacieuse-galerie.ch\/de\/laden\/"},{"@type":"ListItem","position":3,"name":"Bildende Kunstfotografie: Eidereier"}]},{"@type":"WebSite","@id":"https:\/\/www.audacieuse-galerie.ch\/de\/#website","url":"https:\/\/www.audacieuse-galerie.ch\/de\/","name":"Audacieuse-Galerie","description":"Mode et Images","potentialAction":[{"@type":"SearchAction","target":{"@type":"EntryPoint","urlTemplate":"https:\/\/www.audacieuse-galerie.ch\/de\/?s={search_term_string}"},"query-input":{"@type":"PropertyValueSpecification","valueRequired":true,"valueName":"search_term_string"}}],"inLanguage":"de"}]}},"jetpack_publicize_connections":[],"_links":{"self":[{"href":"https:\/\/www.audacieuse-galerie.ch\/de\/wp-json\/wp\/v2\/product\/64506","targetHints":{"allow":["GET"]}}],"collection":[{"href":"https:\/\/www.audacieuse-galerie.ch\/de\/wp-json\/wp\/v2\/product"}],"about":[{"href":"https:\/\/www.audacieuse-galerie.ch\/de\/wp-json\/wp\/v2\/types\/product"}],"replies":[{"embeddable":true,"href":"https:\/\/www.audacieuse-galerie.ch\/de\/wp-json\/wp\/v2\/comments?post=64506"}],"version-history":[{"count":0,"href":"https:\/\/www.audacieuse-galerie.ch\/de\/wp-json\/wp\/v2\/product\/64506\/revisions"}],"wp:featuredmedia":[{"embeddable":true,"href":"https:\/\/www.audacieuse-galerie.ch\/de\/wp-json\/wp\/v2\/media\/64441"}],"wp:attachment":[{"href":"https:\/\/www.audacieuse-galerie.ch\/de\/wp-json\/wp\/v2\/media?parent=64506"}],"wp:term":[{"taxonomy":"product_brand","embeddable":true,"href":"https:\/\/www.audacieuse-galerie.ch\/de\/wp-json\/wp\/v2\/product_brand?post=64506"},{"taxonomy":"product_cat","embeddable":true,"href":"https:\/\/www.audacieuse-galerie.ch\/de\/wp-json\/wp\/v2\/product_cat?post=64506"},{"taxonomy":"product_tag","embeddable":true,"href":"https:\/\/www.audacieuse-galerie.ch\/de\/wp-json\/wp\/v2\/product_tag?post=64506"}],"curies":[{"name":"wp","href":"https:\/\/api.w.org\/{rel}","templated":true}]}}

<p>Wir bieten &#8218;Die Eider&#8216; an, ein einzigartiges fotografisches Werk, gedruckt auf Fine Art Hahnemühle-Papier, in limitierter Auflage mit Echtheitszertifikat, das den Wert eines Sammlers garantiert. Die Eiderei, ein einzigartiges fotografisches Werk, fängt die subtile Emotion der Vögel in einer natürlichen Umgebung ein, präsentiert in nummerierten, vom Fotografen signierten Abzügen, die den Wert eines Sammlers garantieren. </p>
<p>Diese Arbeit ist Teil eines Ansatzes, bei dem die Fotografie zu einer eigenen Sprache wird, die mehr andeuten kann, als sie beschreibt. Ihre Kraft liegt in dieser empfindlichen Spannung zwischen Beweis und Geheimnis, zwischen unmittelbarer Präsenz und fortschreitender Entdeckung. In einer limitierten und nummerierten Auflage angeboten, profitiert dieses Foto von einer kontrollierten Verbreitung, die darauf abzielt, seine Exklusivität zu bewahren. Jede Kopie wird mit einem Echtheitszertifikat geliefert, das vom Künstlerfotografen unterschrieben ist. Dieses offizielle Dokument garantiert den Ursprung des Werks und unterstreicht seinen Wert in der Ausgabe, aus der es stammt.    </p>
<p>Der schwarze Ozean schwankte einen Eiszapfen von der Farbe des Aquamarins; Der Schaum hingegen erhellt diese Dunkelheit; Ein Schwarm Eiderenten, wie ein Schwarm schwarzer Steine, kreuzt und zerkratzt das Bild&#8230; Was dieses Bild in meinen Augen so aufladbar macht, ist dieser Kontrast zwischen dem Rohen und dem Weichen, und diese Dynamik, die den Blick des Betrachters aufrechterhält und trägt. Das Bild erzählt in einer breiten und klaren Geste von der Gewalt der Elemente, der Geschwindigkeit des Windes, der exquisiten Zerbrechlichkeit des Lebens. </p>

<p>Der schwarze Ozean schwang einen Eiszapfen in der Farbe von Aquamarinen; Der Schaum hingegen beleuchtet diese Dunkelheit; Ein Schwarm Eider, wie ein Schwarm schwarzer Steine, kreuzt und kratzt das Bild.</p>
<p>Die Eidereider, Kunstfoto in nummeriertem Druck und signiert</p>
<p> mit &#8218;Die Eider&#8216;, einzigartiges fotografisches Werk, gedruckt Hahnemühle</p>

<!-- This site is optimized with the Yoast SEO plugin v28.3 - https://yoast.com/product/yoast-seo-wordpress/ -->
<title>Bildende Kunstfotografie: Eidereier - Audacieuse-Galerie</title>
<meta name="description" content="Bildende Kunstfotografie: Eidereier - Audacieuse-Galerie" />
<meta name="robots" content="index, follow, max-snippet:-1, max-image-preview:large, max-video-preview:-1" />
<link rel="canonical" href="https://www.audacieuse-galerie.ch/de/produit/die-eiderenten/" />
<meta property="og:locale" content="de_DE" />
<meta property="og:type" content="article" />
<meta property="og:title" content="Bildende Kunstfotografie: Eidereier - Audacieuse-Galerie" />
<meta property="og:description" content="Bildende Kunstfotografie: Eidereier - Audacieuse-Galerie" />
<meta property="og:url" content="https://www.audacieuse-galerie.ch/de/produit/die-eiderenten/" />
<meta property="og:site_name" content="Audacieuse-Galerie" />
<meta property="article:publisher" content="https://www.facebook.com/audacieuse.galerie" />
<meta property="article:modified_time" content="2026-08-12T22:01:59+00:00" />
<meta property="og:image" content="https://www.audacieuse-galerie.ch/wp-content/uploads/2022/04/1314-Les-eiders.jpg" />
	<meta property="og:image:width" content="1000" />
	<meta property="og:image:height" content="571" />
	<meta property="og:image:type" content="image/jpeg" />
<meta name="twitter:card" content="summary_large_image" />
<meta name="twitter:label1" content="Geschätzte Lesezeit" />
	<meta name="twitter:data1" content="1 Minute" />
<script type="application/ld+json" class="yoast-schema-graph">{"@context":"https:\/\/schema.org","@graph":[{"@type":"WebPage","@id":"https:\/\/www.audacieuse-galerie.ch\/de\/produit\/die-eiderenten\/","url":"https:\/\/www.audacieuse-galerie.ch\/de\/produit\/die-eiderenten\/","name":"Bildende Kunstfotografie: Eidereier - Audacieuse-Galerie","isPartOf":{"@id":"https:\/\/www.audacieuse-galerie.ch\/de\/#website"},"primaryImageOfPage":{"@id":"https:\/\/www.audacieuse-galerie.ch\/de\/produit\/die-eiderenten\/#primaryimage"},"image":{"@id":"https:\/\/www.audacieuse-galerie.ch\/de\/produit\/die-eiderenten\/#primaryimage"},"thumbnailUrl":"https:\/\/www.audacieuse-galerie.ch\/wp-content\/uploads\/2022\/04\/1314-Les-eiders.jpg","datePublished":"2022-04-25T18:36:07+00:00","dateModified":"2026-08-12T22:01:59+00:00","description":"Bildende Kunstfotografie: Eidereier - Audacieuse-Galerie","breadcrumb":{"@id":"https:\/\/www.audacieuse-galerie.ch\/de\/produit\/die-eiderenten\/#breadcrumb"},"inLanguage":"de","potentialAction":[{"@type":"ReadAction","target":["https:\/\/www.audacieuse-galerie.ch\/de\/produit\/die-eiderenten\/"]}]},{"@type":"ImageObject","inLanguage":"de","@id":"https:\/\/www.audacieuse-galerie.ch\/de\/produit\/die-eiderenten\/#primaryimage","url":"https:\/\/www.audacieuse-galerie.ch\/wp-content\/uploads\/2022\/04\/1314-Les-eiders.jpg","contentUrl":"https:\/\/www.audacieuse-galerie.ch\/wp-content\/uploads\/2022\/04\/1314-Les-eiders.jpg","width":1000,"height":571,"caption":"Eiderenten"},{"@type":"BreadcrumbList","@id":"https:\/\/www.audacieuse-galerie.ch\/de\/produit\/die-eiderenten\/#breadcrumb","itemListElement":[{"@type":"ListItem","position":1,"name":"Heim","item":"https:\/\/www.audacieuse-galerie.ch\/de\/"},{"@type":"ListItem","position":2,"name":"Laden","item":"https:\/\/www.audacieuse-galerie.ch\/de\/laden\/"},{"@type":"ListItem","position":3,"name":"Bildende Kunstfotografie: Eidereier"}]},{"@type":"WebSite","@id":"https:\/\/www.audacieuse-galerie.ch\/de\/#website","url":"https:\/\/www.audacieuse-galerie.ch\/de\/","name":"Audacieuse-Galerie","description":"Mode et Images","potentialAction":[{"@type":"SearchAction","target":{"@type":"EntryPoint","urlTemplate":"https:\/\/www.audacieuse-galerie.ch\/de\/?s={search_term_string}"},"query-input":{"@type":"PropertyValueSpecification","valueRequired":true,"valueName":"search_term_string"}}],"inLanguage":"de"}]}</script>
<!-- / Yoast SEO plugin. -->
