{"id":64896,"date":"2022-04-28T16:38:09","date_gmt":"2022-04-28T14:38:09","guid":{"rendered":"https:\/\/woo.audacieuse-galerie.ch\/produit\/die-drei-pyramiden\/"},"modified":"2026-08-12T16:58:11","modified_gmt":"2026-08-12T14:58:11","slug":"die-drei-pyramiden","status":"publish","type":"product","link":"https:\/\/www.audacieuse-galerie.ch\/de\/produit\/die-drei-pyramiden\/","title":{"rendered":"Kunstfotografie: Die drei Pyramiden"},"content":{"rendered":"<p>Wir bieten &#8218;Die drei Pyramiden&#8216; an, ein Foto mit leuchtenden Schattierungen, gedruckt auf Hahnem\u00fchle Fine Art Papier, in limitierter Auflage und sorgf\u00e4ltig gerahmt. Die drei Pyramiden, ein Foto mit leuchtenden Schattierungen, laden einen ein, die Emotion eines mythischen Ortes mit diskreter Eleganz zu sp\u00fcren. <\/p>\n<p>Von einer W\u00fcste zur n\u00e4chsten: Eine Sonne eines Grabes beleuchtet schwach diese H\u00f6hen, die unweigerlich an Gizeh, die Pyramiden, erinnern. Etwas ein bisschen fantastisch und vielleicht bedr\u00fcckend. Das Geheimnis entsteht auch aus dieser Pr\u00e4senz, in diesem Debakel, diesem chaotischen und ungel\u00f6sten Universum aus Geometrie, Numeration und Rhythmus. Was haben diese Dreiecke, diese Dreierregel, damit zu tun? Im S\u00fcden Islands erinnern uns drei Pyramiden aus schwarzer Erde an jene, die die \u00c4gypter in Afrika errichteten.    <\/p>\n<p>Dieses Foto zeichnet sich durch die Finesse seiner visuellen Sprache und die Tiefe der Emotionen aus, die es suggeriert. Dadurch versucht der K\u00fcnstler nicht nur zu zeigen, sondern uns zum F\u00fchlen einzuladen. Jeder Blick auf das Werk er\u00f6ffnet einen neuen Raum der Interpretation, in dem Erinnerung, Vorstellungskraft und pers\u00f6nliche Sensibilit\u00e4t ganz nat\u00fcrlich ihren Platz finden. Ihre Pr\u00e4senz begleitet den Ort mit einer diskreten Eleganz und einer Intensit\u00e4t, die nie vergeht.   <\/p>\n<p>Diese zeitgen\u00f6ssische fotografische Produktion wird in einer limitierten und nummerierten Auflage angeboten. Die begrenzte Anzahl an Exemplaren tr\u00e4gt dazu bei, die Seltenheit des Werks und seinen exklusiven Charakter zu bewahren. Jeder Abzug wird von einem Echtheitszertifikat begleitet, das vom Fotografen unterschrieben ist und seine Herkunft garantiert.  <\/p>\n<p>&nbsp;<\/p>\n","protected":false},"excerpt":{"rendered":"<p>Von einer W\u00fcste in die n\u00e4chste: Die Sonne eines Grabes erhellt schwach diese H\u00f6hen, die unweigerlich an Gizeh, die Pyramiden, erinnern. Etwas Fantastisches und vielleicht Beklemmendes. Au\u00dfergew\u00f6hnliche fotografische Arbeit in nummerierten Serien. &#8222;Die drei Pyramiden&#8220;, ein elegantes Foto, gedruckt auf der Hahnem\u00fchle.   <\/p>\n","protected":false},"featured_media":64831,"comment_status":"open","ping_status":"closed","template":"","meta":{"_glsr_average":0,"_glsr_ranking":0,"_glsr_reviews":0,"jetpack_publicize_message":"","jetpack_publicize_feature_enabled":true,"jetpack_social_post_already_shared":true,"jetpack_social_options":{"image_generator_settings":{"template":"highway","default_image_id":0,"font":"","enabled":false},"version":2}},"product_brand":[],"product_cat":[63,111,2203,153,240,237],"product_tag":[],"class_list":["post-64896","product","type-product","status-publish","has-post-thumbnail","product_cat-auswahlkurator","product_cat-farben","product_cat-fotograf-thierry-vezon","product_cat-grafik","product_cat-landschaftsbilder","product_cat-natur","pa_dimensions-40x40cm-de","pa_dimensions-60x60cm-de","pa_dimensions-80x80cm-de","pa_encadrements-creme-de","pa_encadrements-dunklesholz-de","pa_encadrements-grau-de","pa_encadrements-hellesholz-de","pa_encadrements-keinen-de","pa_encadrements-schwarz-de","pa_encadrements-weiss-de","pa_oeuvresnumerotees_limitees-15exemplaren-de","pa_protectionfinitionsupport-druckunterglasacrylglass-de","pa_protectionfinitionsupport-e4-kunstpapieraufholzplatteu-de","pa_protectionfinitionsupport-20-kunstpapieraufdibondr_alu-de","pa_techniquesphotographiques-farbe-de","pa_themesphotographiques-landschaft-de","pa_themesphotographiques-mystisch-de","pa_themesphotographiques-natur-de","first","instock","taxable","shipping-taxable","purchasable","product-type-variable","has-default-attributes"],"yoast_head":"<!-- This site is optimized with the Yoast SEO plugin v28.3 - https:\/\/yoast.com\/product\/yoast-seo-wordpress\/ -->\n<title>Kunstfotografie: Die drei Pyramiden - Audacieuse-Galerie<\/title>\n<meta name=\"description\" content=\"Kunstfotografie: Die drei Pyramiden - Audacieuse-Galerie\" \/>\n<meta name=\"robots\" content=\"index, follow, max-snippet:-1, max-image-preview:large, max-video-preview:-1\" \/>\n<link rel=\"canonical\" href=\"https:\/\/www.audacieuse-galerie.ch\/de\/produit\/die-drei-pyramiden\/\" \/>\n<meta property=\"og:locale\" content=\"de_DE\" \/>\n<meta property=\"og:type\" content=\"article\" \/>\n<meta property=\"og:title\" content=\"Kunstfotografie: Die drei Pyramiden - Audacieuse-Galerie\" \/>\n<meta property=\"og:description\" content=\"Kunstfotografie: Die drei Pyramiden - Audacieuse-Galerie\" \/>\n<meta property=\"og:url\" content=\"https:\/\/www.audacieuse-galerie.ch\/de\/produit\/die-drei-pyramiden\/\" \/>\n<meta property=\"og:site_name\" content=\"Audacieuse-Galerie\" \/>\n<meta property=\"article:publisher\" content=\"https:\/\/www.facebook.com\/audacieuse.galerie\" \/>\n<meta property=\"article:modified_time\" content=\"2026-08-12T14:58:11+00:00\" \/>\n<meta property=\"og:image\" content=\"https:\/\/www.audacieuse-galerie.ch\/wp-content\/uploads\/2022\/04\/1311-Les-trois-pyramides.jpg\" \/>\n\t<meta property=\"og:image:width\" content=\"1000\" \/>\n\t<meta property=\"og:image:height\" content=\"1000\" \/>\n\t<meta property=\"og:image:type\" content=\"image\/jpeg\" \/>\n<meta name=\"twitter:card\" content=\"summary_large_image\" \/>\n<meta name=\"twitter:label1\" content=\"Gesch\u00e4tzte Lesezeit\" \/>\n\t<meta name=\"twitter:data1\" content=\"1 Minute\" \/>\n<script type=\"application\/ld+json\" class=\"yoast-schema-graph\">{\"@context\":\"https:\\\/\\\/schema.org\",\"@graph\":[{\"@type\":\"WebPage\",\"@id\":\"https:\\\/\\\/www.audacieuse-galerie.ch\\\/de\\\/produit\\\/die-drei-pyramiden\\\/\",\"url\":\"https:\\\/\\\/www.audacieuse-galerie.ch\\\/de\\\/produit\\\/die-drei-pyramiden\\\/\",\"name\":\"Kunstfotografie: Die drei Pyramiden - Audacieuse-Galerie\",\"isPartOf\":{\"@id\":\"https:\\\/\\\/www.audacieuse-galerie.ch\\\/de\\\/#website\"},\"primaryImageOfPage\":{\"@id\":\"https:\\\/\\\/www.audacieuse-galerie.ch\\\/de\\\/produit\\\/die-drei-pyramiden\\\/#primaryimage\"},\"image\":{\"@id\":\"https:\\\/\\\/www.audacieuse-galerie.ch\\\/de\\\/produit\\\/die-drei-pyramiden\\\/#primaryimage\"},\"thumbnailUrl\":\"https:\\\/\\\/www.audacieuse-galerie.ch\\\/wp-content\\\/uploads\\\/2022\\\/04\\\/1311-Les-trois-pyramides.jpg\",\"datePublished\":\"2022-04-28T14:38:09+00:00\",\"dateModified\":\"2026-08-12T14:58:11+00:00\",\"description\":\"Kunstfotografie: Die drei Pyramiden - Audacieuse-Galerie\",\"breadcrumb\":{\"@id\":\"https:\\\/\\\/www.audacieuse-galerie.ch\\\/de\\\/produit\\\/die-drei-pyramiden\\\/#breadcrumb\"},\"inLanguage\":\"de\",\"potentialAction\":[{\"@type\":\"ReadAction\",\"target\":[\"https:\\\/\\\/www.audacieuse-galerie.ch\\\/de\\\/produit\\\/die-drei-pyramiden\\\/\"]}]},{\"@type\":\"ImageObject\",\"inLanguage\":\"de\",\"@id\":\"https:\\\/\\\/www.audacieuse-galerie.ch\\\/de\\\/produit\\\/die-drei-pyramiden\\\/#primaryimage\",\"url\":\"https:\\\/\\\/www.audacieuse-galerie.ch\\\/wp-content\\\/uploads\\\/2022\\\/04\\\/1311-Les-trois-pyramides.jpg\",\"contentUrl\":\"https:\\\/\\\/www.audacieuse-galerie.ch\\\/wp-content\\\/uploads\\\/2022\\\/04\\\/1311-Les-trois-pyramides.jpg\",\"width\":1000,\"height\":1000,\"caption\":\"Die drei Pyramiden\"},{\"@type\":\"BreadcrumbList\",\"@id\":\"https:\\\/\\\/www.audacieuse-galerie.ch\\\/de\\\/produit\\\/die-drei-pyramiden\\\/#breadcrumb\",\"itemListElement\":[{\"@type\":\"ListItem\",\"position\":1,\"name\":\"Heim\",\"item\":\"https:\\\/\\\/www.audacieuse-galerie.ch\\\/de\\\/\"},{\"@type\":\"ListItem\",\"position\":2,\"name\":\"Laden\",\"item\":\"https:\\\/\\\/www.audacieuse-galerie.ch\\\/de\\\/laden\\\/\"},{\"@type\":\"ListItem\",\"position\":3,\"name\":\"Kunstfotografie: Die drei Pyramiden\"}]},{\"@type\":\"WebSite\",\"@id\":\"https:\\\/\\\/www.audacieuse-galerie.ch\\\/de\\\/#website\",\"url\":\"https:\\\/\\\/www.audacieuse-galerie.ch\\\/de\\\/\",\"name\":\"Audacieuse-Galerie\",\"description\":\"Mode et Images\",\"potentialAction\":[{\"@type\":\"SearchAction\",\"target\":{\"@type\":\"EntryPoint\",\"urlTemplate\":\"https:\\\/\\\/www.audacieuse-galerie.ch\\\/de\\\/?s={search_term_string}\"},\"query-input\":{\"@type\":\"PropertyValueSpecification\",\"valueRequired\":true,\"valueName\":\"search_term_string\"}}],\"inLanguage\":\"de\"}]}<\/script>\n<!-- \/ Yoast SEO plugin. -->","yoast_head_json":{"title":"Kunstfotografie: Die drei Pyramiden - Audacieuse-Galerie","description":"Kunstfotografie: Die drei Pyramiden - Audacieuse-Galerie","robots":{"index":"index","follow":"follow","max-snippet":"max-snippet:-1","max-image-preview":"max-image-preview:large","max-video-preview":"max-video-preview:-1"},"canonical":"https:\/\/www.audacieuse-galerie.ch\/de\/produit\/die-drei-pyramiden\/","og_locale":"de_DE","og_type":"article","og_title":"Kunstfotografie: Die drei Pyramiden - Audacieuse-Galerie","og_description":"Kunstfotografie: Die drei Pyramiden - Audacieuse-Galerie","og_url":"https:\/\/www.audacieuse-galerie.ch\/de\/produit\/die-drei-pyramiden\/","og_site_name":"Audacieuse-Galerie","article_publisher":"https:\/\/www.facebook.com\/audacieuse.galerie","article_modified_time":"2026-08-12T14:58:11+00:00","og_image":[{"width":1000,"height":1000,"url":"https:\/\/www.audacieuse-galerie.ch\/wp-content\/uploads\/2022\/04\/1311-Les-trois-pyramides.jpg","type":"image\/jpeg"}],"twitter_card":"summary_large_image","twitter_misc":{"Gesch\u00e4tzte Lesezeit":"1 Minute"},"schema":{"@context":"https:\/\/schema.org","@graph":[{"@type":"WebPage","@id":"https:\/\/www.audacieuse-galerie.ch\/de\/produit\/die-drei-pyramiden\/","url":"https:\/\/www.audacieuse-galerie.ch\/de\/produit\/die-drei-pyramiden\/","name":"Kunstfotografie: Die drei Pyramiden - Audacieuse-Galerie","isPartOf":{"@id":"https:\/\/www.audacieuse-galerie.ch\/de\/#website"},"primaryImageOfPage":{"@id":"https:\/\/www.audacieuse-galerie.ch\/de\/produit\/die-drei-pyramiden\/#primaryimage"},"image":{"@id":"https:\/\/www.audacieuse-galerie.ch\/de\/produit\/die-drei-pyramiden\/#primaryimage"},"thumbnailUrl":"https:\/\/www.audacieuse-galerie.ch\/wp-content\/uploads\/2022\/04\/1311-Les-trois-pyramides.jpg","datePublished":"2022-04-28T14:38:09+00:00","dateModified":"2026-08-12T14:58:11+00:00","description":"Kunstfotografie: Die drei Pyramiden - Audacieuse-Galerie","breadcrumb":{"@id":"https:\/\/www.audacieuse-galerie.ch\/de\/produit\/die-drei-pyramiden\/#breadcrumb"},"inLanguage":"de","potentialAction":[{"@type":"ReadAction","target":["https:\/\/www.audacieuse-galerie.ch\/de\/produit\/die-drei-pyramiden\/"]}]},{"@type":"ImageObject","inLanguage":"de","@id":"https:\/\/www.audacieuse-galerie.ch\/de\/produit\/die-drei-pyramiden\/#primaryimage","url":"https:\/\/www.audacieuse-galerie.ch\/wp-content\/uploads\/2022\/04\/1311-Les-trois-pyramides.jpg","contentUrl":"https:\/\/www.audacieuse-galerie.ch\/wp-content\/uploads\/2022\/04\/1311-Les-trois-pyramides.jpg","width":1000,"height":1000,"caption":"Die drei Pyramiden"},{"@type":"BreadcrumbList","@id":"https:\/\/www.audacieuse-galerie.ch\/de\/produit\/die-drei-pyramiden\/#breadcrumb","itemListElement":[{"@type":"ListItem","position":1,"name":"Heim","item":"https:\/\/www.audacieuse-galerie.ch\/de\/"},{"@type":"ListItem","position":2,"name":"Laden","item":"https:\/\/www.audacieuse-galerie.ch\/de\/laden\/"},{"@type":"ListItem","position":3,"name":"Kunstfotografie: Die drei Pyramiden"}]},{"@type":"WebSite","@id":"https:\/\/www.audacieuse-galerie.ch\/de\/#website","url":"https:\/\/www.audacieuse-galerie.ch\/de\/","name":"Audacieuse-Galerie","description":"Mode et Images","potentialAction":[{"@type":"SearchAction","target":{"@type":"EntryPoint","urlTemplate":"https:\/\/www.audacieuse-galerie.ch\/de\/?s={search_term_string}"},"query-input":{"@type":"PropertyValueSpecification","valueRequired":true,"valueName":"search_term_string"}}],"inLanguage":"de"}]}},"jetpack_publicize_connections":[],"_links":{"self":[{"href":"https:\/\/www.audacieuse-galerie.ch\/de\/wp-json\/wp\/v2\/product\/64896","targetHints":{"allow":["GET"]}}],"collection":[{"href":"https:\/\/www.audacieuse-galerie.ch\/de\/wp-json\/wp\/v2\/product"}],"about":[{"href":"https:\/\/www.audacieuse-galerie.ch\/de\/wp-json\/wp\/v2\/types\/product"}],"replies":[{"embeddable":true,"href":"https:\/\/www.audacieuse-galerie.ch\/de\/wp-json\/wp\/v2\/comments?post=64896"}],"version-history":[{"count":0,"href":"https:\/\/www.audacieuse-galerie.ch\/de\/wp-json\/wp\/v2\/product\/64896\/revisions"}],"wp:featuredmedia":[{"embeddable":true,"href":"https:\/\/www.audacieuse-galerie.ch\/de\/wp-json\/wp\/v2\/media\/64831"}],"wp:attachment":[{"href":"https:\/\/www.audacieuse-galerie.ch\/de\/wp-json\/wp\/v2\/media?parent=64896"}],"wp:term":[{"taxonomy":"product_brand","embeddable":true,"href":"https:\/\/www.audacieuse-galerie.ch\/de\/wp-json\/wp\/v2\/product_brand?post=64896"},{"taxonomy":"product_cat","embeddable":true,"href":"https:\/\/www.audacieuse-galerie.ch\/de\/wp-json\/wp\/v2\/product_cat?post=64896"},{"taxonomy":"product_tag","embeddable":true,"href":"https:\/\/www.audacieuse-galerie.ch\/de\/wp-json\/wp\/v2\/product_tag?post=64896"}],"curies":[{"name":"wp","href":"https:\/\/api.w.org\/{rel}","templated":true}]}}

<p>Wir bieten &#8218;Die drei Pyramiden&#8216; an, ein Foto mit leuchtenden Schattierungen, gedruckt auf Hahnemühle Fine Art Papier, in limitierter Auflage und sorgfältig gerahmt. Die drei Pyramiden, ein Foto mit leuchtenden Schattierungen, laden einen ein, die Emotion eines mythischen Ortes mit diskreter Eleganz zu spüren. </p>
<p>Von einer Wüste zur nächsten: Eine Sonne eines Grabes beleuchtet schwach diese Höhen, die unweigerlich an Gizeh, die Pyramiden, erinnern. Etwas ein bisschen fantastisch und vielleicht bedrückend. Das Geheimnis entsteht auch aus dieser Präsenz, in diesem Debakel, diesem chaotischen und ungelösten Universum aus Geometrie, Numeration und Rhythmus. Was haben diese Dreiecke, diese Dreierregel, damit zu tun? Im Süden Islands erinnern uns drei Pyramiden aus schwarzer Erde an jene, die die Ägypter in Afrika errichteten.    </p>
<p>Dieses Foto zeichnet sich durch die Finesse seiner visuellen Sprache und die Tiefe der Emotionen aus, die es suggeriert. Dadurch versucht der Künstler nicht nur zu zeigen, sondern uns zum Fühlen einzuladen. Jeder Blick auf das Werk eröffnet einen neuen Raum der Interpretation, in dem Erinnerung, Vorstellungskraft und persönliche Sensibilität ganz natürlich ihren Platz finden. Ihre Präsenz begleitet den Ort mit einer diskreten Eleganz und einer Intensität, die nie vergeht.   </p>
<p>Diese zeitgenössische fotografische Produktion wird in einer limitierten und nummerierten Auflage angeboten. Die begrenzte Anzahl an Exemplaren trägt dazu bei, die Seltenheit des Werks und seinen exklusiven Charakter zu bewahren. Jeder Abzug wird von einem Echtheitszertifikat begleitet, das vom Fotografen unterschrieben ist und seine Herkunft garantiert.  </p>
<p>&nbsp;</p>

<p>Von einer Wüste in die nächste: Die Sonne eines Grabes erhellt schwach diese Höhen, die unweigerlich an Gizeh, die Pyramiden, erinnern. Etwas Fantastisches und vielleicht Beklemmendes. Außergewöhnliche fotografische Arbeit in nummerierten Serien. &#8222;Die drei Pyramiden&#8220;, ein elegantes Foto, gedruckt auf der Hahnemühle.   </p>

<!-- This site is optimized with the Yoast SEO plugin v28.3 - https://yoast.com/product/yoast-seo-wordpress/ -->
<title>Kunstfotografie: Die drei Pyramiden - Audacieuse-Galerie</title>
<meta name="description" content="Kunstfotografie: Die drei Pyramiden - Audacieuse-Galerie" />
<meta name="robots" content="index, follow, max-snippet:-1, max-image-preview:large, max-video-preview:-1" />
<link rel="canonical" href="https://www.audacieuse-galerie.ch/de/produit/die-drei-pyramiden/" />
<meta property="og:locale" content="de_DE" />
<meta property="og:type" content="article" />
<meta property="og:title" content="Kunstfotografie: Die drei Pyramiden - Audacieuse-Galerie" />
<meta property="og:description" content="Kunstfotografie: Die drei Pyramiden - Audacieuse-Galerie" />
<meta property="og:url" content="https://www.audacieuse-galerie.ch/de/produit/die-drei-pyramiden/" />
<meta property="og:site_name" content="Audacieuse-Galerie" />
<meta property="article:publisher" content="https://www.facebook.com/audacieuse.galerie" />
<meta property="article:modified_time" content="2026-08-12T14:58:11+00:00" />
<meta property="og:image" content="https://www.audacieuse-galerie.ch/wp-content/uploads/2022/04/1311-Les-trois-pyramides.jpg" />
	<meta property="og:image:width" content="1000" />
	<meta property="og:image:height" content="1000" />
	<meta property="og:image:type" content="image/jpeg" />
<meta name="twitter:card" content="summary_large_image" />
<meta name="twitter:label1" content="Geschätzte Lesezeit" />
	<meta name="twitter:data1" content="1 Minute" />
<script type="application/ld+json" class="yoast-schema-graph">{"@context":"https:\/\/schema.org","@graph":[{"@type":"WebPage","@id":"https:\/\/www.audacieuse-galerie.ch\/de\/produit\/die-drei-pyramiden\/","url":"https:\/\/www.audacieuse-galerie.ch\/de\/produit\/die-drei-pyramiden\/","name":"Kunstfotografie: Die drei Pyramiden - Audacieuse-Galerie","isPartOf":{"@id":"https:\/\/www.audacieuse-galerie.ch\/de\/#website"},"primaryImageOfPage":{"@id":"https:\/\/www.audacieuse-galerie.ch\/de\/produit\/die-drei-pyramiden\/#primaryimage"},"image":{"@id":"https:\/\/www.audacieuse-galerie.ch\/de\/produit\/die-drei-pyramiden\/#primaryimage"},"thumbnailUrl":"https:\/\/www.audacieuse-galerie.ch\/wp-content\/uploads\/2022\/04\/1311-Les-trois-pyramides.jpg","datePublished":"2022-04-28T14:38:09+00:00","dateModified":"2026-08-12T14:58:11+00:00","description":"Kunstfotografie: Die drei Pyramiden - Audacieuse-Galerie","breadcrumb":{"@id":"https:\/\/www.audacieuse-galerie.ch\/de\/produit\/die-drei-pyramiden\/#breadcrumb"},"inLanguage":"de","potentialAction":[{"@type":"ReadAction","target":["https:\/\/www.audacieuse-galerie.ch\/de\/produit\/die-drei-pyramiden\/"]}]},{"@type":"ImageObject","inLanguage":"de","@id":"https:\/\/www.audacieuse-galerie.ch\/de\/produit\/die-drei-pyramiden\/#primaryimage","url":"https:\/\/www.audacieuse-galerie.ch\/wp-content\/uploads\/2022\/04\/1311-Les-trois-pyramides.jpg","contentUrl":"https:\/\/www.audacieuse-galerie.ch\/wp-content\/uploads\/2022\/04\/1311-Les-trois-pyramides.jpg","width":1000,"height":1000,"caption":"Die drei Pyramiden"},{"@type":"BreadcrumbList","@id":"https:\/\/www.audacieuse-galerie.ch\/de\/produit\/die-drei-pyramiden\/#breadcrumb","itemListElement":[{"@type":"ListItem","position":1,"name":"Heim","item":"https:\/\/www.audacieuse-galerie.ch\/de\/"},{"@type":"ListItem","position":2,"name":"Laden","item":"https:\/\/www.audacieuse-galerie.ch\/de\/laden\/"},{"@type":"ListItem","position":3,"name":"Kunstfotografie: Die drei Pyramiden"}]},{"@type":"WebSite","@id":"https:\/\/www.audacieuse-galerie.ch\/de\/#website","url":"https:\/\/www.audacieuse-galerie.ch\/de\/","name":"Audacieuse-Galerie","description":"Mode et Images","potentialAction":[{"@type":"SearchAction","target":{"@type":"EntryPoint","urlTemplate":"https:\/\/www.audacieuse-galerie.ch\/de\/?s={search_term_string}"},"query-input":{"@type":"PropertyValueSpecification","valueRequired":true,"valueName":"search_term_string"}}],"inLanguage":"de"}]}</script>
<!-- / Yoast SEO plugin. -->
