{"id":17741,"date":"2017-06-19T11:12:32","date_gmt":"2017-06-19T09:12:32","guid":{"rendered":"https:\/\/woo.audacieuse-galerie.ch\/produit\/neissenee-2\/"},"modified":"2026-08-13T20:22:44","modified_gmt":"2026-08-13T18:22:44","slug":"neissenee-2","status":"publish","type":"product","link":"https:\/\/www.audacieuse-galerie.ch\/en\/produit\/neissenee-2\/","title":{"rendered":"Art photography: N\u00e9\u00efss\u00e9n\u00e9e"},"content":{"rendered":"<p>N\u00e9\u00efss\u00e9n\u00e9e, collector&#8217;s photography, combines moderation and consistency, printed on Fine Art Hahnem\u00fchle paper, in limited edition, with certificate of authenticity, we ensure the quality and authenticity of each print.<\/p>\n<p>Part of a limited series designed to accompany different environments and sensibilities, this collector&#8217;s photograph favours moderation, consistency and the quality of edition.<\/p>\n<p style=\"margin-bottom:0cm;font-style:normal;\">Acronym for various Egyptian deities evoking order and disorder, harmony and destruction, life and death! Nephthys, Isis, Seth, Nun, Nebethetepet etc&#8230; as a multiple and polymorphous deity bringing together the 4 fundamental elements of the Platonic tradition and evoking the 4 mythical sources of the Nile, the 4 cardinal points but also the 4 horsemen of the Apocalypse but also the 4 bases forming the strands of DNA illustrating Creation but also the included and programmed destruction. The aspiration to the divine to extract the lethal data from these building blocks of the living.<\/p>\n","protected":false},"excerpt":{"rendered":"<p>Acronym for various Egyptian deities evoking order and disorder, harmony and destruction, life and death! Nephthys, Isis, Seth, Nun, Nebethetepet etc&#8230; <\/p>\n<p>N\u00e9\u00efss\u00e9n\u00e9e, collectible photograph, printed on Hahnem\u00fchle, limited edition<\/p>\n","protected":false},"featured_media":17695,"comment_status":"open","ping_status":"closed","template":"","meta":{"_glsr_average":0,"_glsr_ranking":0,"_glsr_reviews":0,"jetpack_publicize_message":"","jetpack_publicize_feature_enabled":true,"jetpack_social_post_already_shared":true,"jetpack_social_options":{"image_generator_settings":{"template":"highway","default_image_id":0,"font":"","enabled":false},"version":2}},"product_brand":[],"product_cat":[112,178,154,2218,133],"product_tag":[],"class_list":["post-17741","product","type-product","status-publish","has-post-thumbnail","product_cat-color","product_cat-experimental-methods","product_cat-graphic","product_cat-photographer-maximilien-minsk","product_cat-portraits-en","pa_dimensions-120x120cm-en","pa_encadrements-black-en","pa_encadrements-clearwood-en","pa_encadrements-cream-en","pa_encadrements-darkwood-en","pa_encadrements-grey-en","pa_encadrements-none-en","pa_encadrements-white-en","pa_oeuvresnumerotees_limitees-10originals-en","pa_protectionfinitionsupport-6e-artpaperondibondraluminiu-en","pa_protectionfinitionsupport-high-quality-fine-art-paper","pa_protectionfinitionsupport-printunderacrylglass-en","pa_techniquesphotographiques-alternativeprocesses-en","pa_techniquesphotographiques-color-en","pa_themesphotographiques-graphic-en","pa_themesphotographiques-human-en","pa_themesphotographiques-portrait-en","first","instock","taxable","shipping-taxable","purchasable","product-type-variable","has-default-attributes"],"yoast_head":"<!-- This site is optimized with the Yoast SEO plugin v28.3 - https:\/\/yoast.com\/product\/yoast-seo-wordpress\/ -->\n<title>Art photography: N\u00e9\u00efss\u00e9n\u00e9e - Audacieuse-Galerie<\/title>\n<meta name=\"description\" content=\"Art photography: N\u00e9\u00efss\u00e9n\u00e9e - Audacieuse-Galerie\" \/>\n<meta name=\"robots\" content=\"index, follow, max-snippet:-1, max-image-preview:large, max-video-preview:-1\" \/>\n<link rel=\"canonical\" href=\"https:\/\/www.audacieuse-galerie.ch\/en\/produit\/neissenee-2\/\" \/>\n<meta property=\"og:locale\" content=\"en_US\" \/>\n<meta property=\"og:type\" content=\"article\" \/>\n<meta property=\"og:title\" content=\"Art photography: N\u00e9\u00efss\u00e9n\u00e9e - Audacieuse-Galerie\" \/>\n<meta property=\"og:description\" content=\"Art photography: N\u00e9\u00efss\u00e9n\u00e9e - Audacieuse-Galerie\" \/>\n<meta property=\"og:url\" content=\"https:\/\/www.audacieuse-galerie.ch\/en\/produit\/neissenee-2\/\" \/>\n<meta property=\"og:site_name\" content=\"Audacieuse-Galerie\" \/>\n<meta property=\"article:publisher\" content=\"https:\/\/www.facebook.com\/audacieuse.galerie\" \/>\n<meta property=\"article:modified_time\" content=\"2026-08-13T18:22:44+00:00\" \/>\n<meta property=\"og:image\" content=\"https:\/\/www.audacieuse-galerie.ch\/wp-content\/uploads\/2017\/06\/271-Neissenee.jpg\" \/>\n\t<meta property=\"og:image:width\" content=\"1000\" \/>\n\t<meta property=\"og:image:height\" content=\"1000\" \/>\n\t<meta property=\"og:image:type\" content=\"image\/jpeg\" \/>\n<meta name=\"twitter:card\" content=\"summary_large_image\" \/>\n<meta name=\"twitter:label1\" content=\"Est. reading time\" \/>\n\t<meta name=\"twitter:data1\" content=\"1 minute\" \/>\n<script type=\"application\/ld+json\" class=\"yoast-schema-graph\">{\"@context\":\"https:\\\/\\\/schema.org\",\"@graph\":[{\"@type\":\"WebPage\",\"@id\":\"https:\\\/\\\/www.audacieuse-galerie.ch\\\/en\\\/produit\\\/neissenee-2\\\/\",\"url\":\"https:\\\/\\\/www.audacieuse-galerie.ch\\\/en\\\/produit\\\/neissenee-2\\\/\",\"name\":\"Art photography: N\u00e9\u00efss\u00e9n\u00e9e - Audacieuse-Galerie\",\"isPartOf\":{\"@id\":\"https:\\\/\\\/www.audacieuse-galerie.ch\\\/en\\\/#website\"},\"primaryImageOfPage\":{\"@id\":\"https:\\\/\\\/www.audacieuse-galerie.ch\\\/en\\\/produit\\\/neissenee-2\\\/#primaryimage\"},\"image\":{\"@id\":\"https:\\\/\\\/www.audacieuse-galerie.ch\\\/en\\\/produit\\\/neissenee-2\\\/#primaryimage\"},\"thumbnailUrl\":\"https:\\\/\\\/www.audacieuse-galerie.ch\\\/wp-content\\\/uploads\\\/2017\\\/06\\\/271-Neissenee.jpg\",\"datePublished\":\"2017-06-19T09:12:32+00:00\",\"dateModified\":\"2026-08-13T18:22:44+00:00\",\"description\":\"Art photography: N\u00e9\u00efss\u00e9n\u00e9e - Audacieuse-Galerie\",\"breadcrumb\":{\"@id\":\"https:\\\/\\\/www.audacieuse-galerie.ch\\\/en\\\/produit\\\/neissenee-2\\\/#breadcrumb\"},\"inLanguage\":\"en-US\",\"potentialAction\":[{\"@type\":\"ReadAction\",\"target\":[\"https:\\\/\\\/www.audacieuse-galerie.ch\\\/en\\\/produit\\\/neissenee-2\\\/\"]}]},{\"@type\":\"ImageObject\",\"inLanguage\":\"en-US\",\"@id\":\"https:\\\/\\\/www.audacieuse-galerie.ch\\\/en\\\/produit\\\/neissenee-2\\\/#primaryimage\",\"url\":\"https:\\\/\\\/www.audacieuse-galerie.ch\\\/wp-content\\\/uploads\\\/2017\\\/06\\\/271-Neissenee.jpg\",\"contentUrl\":\"https:\\\/\\\/www.audacieuse-galerie.ch\\\/wp-content\\\/uploads\\\/2017\\\/06\\\/271-Neissenee.jpg\",\"width\":1000,\"height\":1000,\"caption\":\"Ne\u00efss\u00e9n\u00e9e\"},{\"@type\":\"BreadcrumbList\",\"@id\":\"https:\\\/\\\/www.audacieuse-galerie.ch\\\/en\\\/produit\\\/neissenee-2\\\/#breadcrumb\",\"itemListElement\":[{\"@type\":\"ListItem\",\"position\":1,\"name\":\"Home\",\"item\":\"https:\\\/\\\/www.audacieuse-galerie.ch\\\/en\\\/\"},{\"@type\":\"ListItem\",\"position\":2,\"name\":\"Shop\",\"item\":\"https:\\\/\\\/www.audacieuse-galerie.ch\\\/en\\\/shop\\\/\"},{\"@type\":\"ListItem\",\"position\":3,\"name\":\"Art photography: N\u00e9\u00efss\u00e9n\u00e9e\"}]},{\"@type\":\"WebSite\",\"@id\":\"https:\\\/\\\/www.audacieuse-galerie.ch\\\/en\\\/#website\",\"url\":\"https:\\\/\\\/www.audacieuse-galerie.ch\\\/en\\\/\",\"name\":\"Audacieuse-Galerie\",\"description\":\"Mode et Images\",\"potentialAction\":[{\"@type\":\"SearchAction\",\"target\":{\"@type\":\"EntryPoint\",\"urlTemplate\":\"https:\\\/\\\/www.audacieuse-galerie.ch\\\/en\\\/?s={search_term_string}\"},\"query-input\":{\"@type\":\"PropertyValueSpecification\",\"valueRequired\":true,\"valueName\":\"search_term_string\"}}],\"inLanguage\":\"en-US\"}]}<\/script>\n<!-- \/ Yoast SEO plugin. -->","yoast_head_json":{"title":"Art photography: N\u00e9\u00efss\u00e9n\u00e9e - Audacieuse-Galerie","description":"Art photography: N\u00e9\u00efss\u00e9n\u00e9e - Audacieuse-Galerie","robots":{"index":"index","follow":"follow","max-snippet":"max-snippet:-1","max-image-preview":"max-image-preview:large","max-video-preview":"max-video-preview:-1"},"canonical":"https:\/\/www.audacieuse-galerie.ch\/en\/produit\/neissenee-2\/","og_locale":"en_US","og_type":"article","og_title":"Art photography: N\u00e9\u00efss\u00e9n\u00e9e - Audacieuse-Galerie","og_description":"Art photography: N\u00e9\u00efss\u00e9n\u00e9e - Audacieuse-Galerie","og_url":"https:\/\/www.audacieuse-galerie.ch\/en\/produit\/neissenee-2\/","og_site_name":"Audacieuse-Galerie","article_publisher":"https:\/\/www.facebook.com\/audacieuse.galerie","article_modified_time":"2026-08-13T18:22:44+00:00","og_image":[{"width":1000,"height":1000,"url":"https:\/\/www.audacieuse-galerie.ch\/wp-content\/uploads\/2017\/06\/271-Neissenee.jpg","type":"image\/jpeg"}],"twitter_card":"summary_large_image","twitter_misc":{"Est. reading time":"1 minute"},"schema":{"@context":"https:\/\/schema.org","@graph":[{"@type":"WebPage","@id":"https:\/\/www.audacieuse-galerie.ch\/en\/produit\/neissenee-2\/","url":"https:\/\/www.audacieuse-galerie.ch\/en\/produit\/neissenee-2\/","name":"Art photography: N\u00e9\u00efss\u00e9n\u00e9e - Audacieuse-Galerie","isPartOf":{"@id":"https:\/\/www.audacieuse-galerie.ch\/en\/#website"},"primaryImageOfPage":{"@id":"https:\/\/www.audacieuse-galerie.ch\/en\/produit\/neissenee-2\/#primaryimage"},"image":{"@id":"https:\/\/www.audacieuse-galerie.ch\/en\/produit\/neissenee-2\/#primaryimage"},"thumbnailUrl":"https:\/\/www.audacieuse-galerie.ch\/wp-content\/uploads\/2017\/06\/271-Neissenee.jpg","datePublished":"2017-06-19T09:12:32+00:00","dateModified":"2026-08-13T18:22:44+00:00","description":"Art photography: N\u00e9\u00efss\u00e9n\u00e9e - Audacieuse-Galerie","breadcrumb":{"@id":"https:\/\/www.audacieuse-galerie.ch\/en\/produit\/neissenee-2\/#breadcrumb"},"inLanguage":"en-US","potentialAction":[{"@type":"ReadAction","target":["https:\/\/www.audacieuse-galerie.ch\/en\/produit\/neissenee-2\/"]}]},{"@type":"ImageObject","inLanguage":"en-US","@id":"https:\/\/www.audacieuse-galerie.ch\/en\/produit\/neissenee-2\/#primaryimage","url":"https:\/\/www.audacieuse-galerie.ch\/wp-content\/uploads\/2017\/06\/271-Neissenee.jpg","contentUrl":"https:\/\/www.audacieuse-galerie.ch\/wp-content\/uploads\/2017\/06\/271-Neissenee.jpg","width":1000,"height":1000,"caption":"Ne\u00efss\u00e9n\u00e9e"},{"@type":"BreadcrumbList","@id":"https:\/\/www.audacieuse-galerie.ch\/en\/produit\/neissenee-2\/#breadcrumb","itemListElement":[{"@type":"ListItem","position":1,"name":"Home","item":"https:\/\/www.audacieuse-galerie.ch\/en\/"},{"@type":"ListItem","position":2,"name":"Shop","item":"https:\/\/www.audacieuse-galerie.ch\/en\/shop\/"},{"@type":"ListItem","position":3,"name":"Art photography: N\u00e9\u00efss\u00e9n\u00e9e"}]},{"@type":"WebSite","@id":"https:\/\/www.audacieuse-galerie.ch\/en\/#website","url":"https:\/\/www.audacieuse-galerie.ch\/en\/","name":"Audacieuse-Galerie","description":"Mode et Images","potentialAction":[{"@type":"SearchAction","target":{"@type":"EntryPoint","urlTemplate":"https:\/\/www.audacieuse-galerie.ch\/en\/?s={search_term_string}"},"query-input":{"@type":"PropertyValueSpecification","valueRequired":true,"valueName":"search_term_string"}}],"inLanguage":"en-US"}]}},"jetpack_publicize_connections":[],"_links":{"self":[{"href":"https:\/\/www.audacieuse-galerie.ch\/en\/wp-json\/wp\/v2\/product\/17741","targetHints":{"allow":["GET"]}}],"collection":[{"href":"https:\/\/www.audacieuse-galerie.ch\/en\/wp-json\/wp\/v2\/product"}],"about":[{"href":"https:\/\/www.audacieuse-galerie.ch\/en\/wp-json\/wp\/v2\/types\/product"}],"replies":[{"embeddable":true,"href":"https:\/\/www.audacieuse-galerie.ch\/en\/wp-json\/wp\/v2\/comments?post=17741"}],"version-history":[{"count":1,"href":"https:\/\/www.audacieuse-galerie.ch\/en\/wp-json\/wp\/v2\/product\/17741\/revisions"}],"predecessor-version":[{"id":166752,"href":"https:\/\/www.audacieuse-galerie.ch\/en\/wp-json\/wp\/v2\/product\/17741\/revisions\/166752"}],"wp:featuredmedia":[{"embeddable":true,"href":"https:\/\/www.audacieuse-galerie.ch\/en\/wp-json\/wp\/v2\/media\/17695"}],"wp:attachment":[{"href":"https:\/\/www.audacieuse-galerie.ch\/en\/wp-json\/wp\/v2\/media?parent=17741"}],"wp:term":[{"taxonomy":"product_brand","embeddable":true,"href":"https:\/\/www.audacieuse-galerie.ch\/en\/wp-json\/wp\/v2\/product_brand?post=17741"},{"taxonomy":"product_cat","embeddable":true,"href":"https:\/\/www.audacieuse-galerie.ch\/en\/wp-json\/wp\/v2\/product_cat?post=17741"},{"taxonomy":"product_tag","embeddable":true,"href":"https:\/\/www.audacieuse-galerie.ch\/en\/wp-json\/wp\/v2\/product_tag?post=17741"}],"curies":[{"name":"wp","href":"https:\/\/api.w.org\/{rel}","templated":true}]}}

Art photography: Néïssénée

<p>Néïssénée, collector&#8217;s photography, combines moderation and consistency, printed on Fine Art Hahnemühle paper, in limited edition, with certificate of authenticity, we ensure the quality and authenticity of each print.</p>
<p>Part of a limited series designed to accompany different environments and sensibilities, this collector&#8217;s photograph favours moderation, consistency and the quality of edition.</p>
<p style="margin-bottom:0cm;font-style:normal;">Acronym for various Egyptian deities evoking order and disorder, harmony and destruction, life and death! Nephthys, Isis, Seth, Nun, Nebethetepet etc&#8230; as a multiple and polymorphous deity bringing together the 4 fundamental elements of the Platonic tradition and evoking the 4 mythical sources of the Nile, the 4 cardinal points but also the 4 horsemen of the Apocalypse but also the 4 bases forming the strands of DNA illustrating Creation but also the included and programmed destruction. The aspiration to the divine to extract the lethal data from these building blocks of the living.</p>

<p>Acronym for various Egyptian deities evoking order and disorder, harmony and destruction, life and death! Nephthys, Isis, Seth, Nun, Nebethetepet etc&#8230; </p>
<p>Néïssénée, collectible photograph, printed on Hahnemühle, limited edition</p>

<!-- This site is optimized with the Yoast SEO plugin v28.3 - https://yoast.com/product/yoast-seo-wordpress/ -->
<title>Art photography: Néïssénée - Audacieuse-Galerie</title>
<meta name="description" content="Art photography: Néïssénée - Audacieuse-Galerie" />
<meta name="robots" content="index, follow, max-snippet:-1, max-image-preview:large, max-video-preview:-1" />
<link rel="canonical" href="https://www.audacieuse-galerie.ch/en/produit/neissenee-2/" />
<meta property="og:locale" content="en_US" />
<meta property="og:type" content="article" />
<meta property="og:title" content="Art photography: Néïssénée - Audacieuse-Galerie" />
<meta property="og:description" content="Art photography: Néïssénée - Audacieuse-Galerie" />
<meta property="og:url" content="https://www.audacieuse-galerie.ch/en/produit/neissenee-2/" />
<meta property="og:site_name" content="Audacieuse-Galerie" />
<meta property="article:publisher" content="https://www.facebook.com/audacieuse.galerie" />
<meta property="article:modified_time" content="2026-08-13T18:22:44+00:00" />
<meta property="og:image" content="https://www.audacieuse-galerie.ch/wp-content/uploads/2017/06/271-Neissenee.jpg" />
	<meta property="og:image:width" content="1000" />
	<meta property="og:image:height" content="1000" />
	<meta property="og:image:type" content="image/jpeg" />
<meta name="twitter:card" content="summary_large_image" />
<meta name="twitter:label1" content="Est. reading time" />
	<meta name="twitter:data1" content="1 minute" />
<script type="application/ld+json" class="yoast-schema-graph">{"@context":"https:\/\/schema.org","@graph":[{"@type":"WebPage","@id":"https:\/\/www.audacieuse-galerie.ch\/en\/produit\/neissenee-2\/","url":"https:\/\/www.audacieuse-galerie.ch\/en\/produit\/neissenee-2\/","name":"Art photography: Néïssénée - Audacieuse-Galerie","isPartOf":{"@id":"https:\/\/www.audacieuse-galerie.ch\/en\/#website"},"primaryImageOfPage":{"@id":"https:\/\/www.audacieuse-galerie.ch\/en\/produit\/neissenee-2\/#primaryimage"},"image":{"@id":"https:\/\/www.audacieuse-galerie.ch\/en\/produit\/neissenee-2\/#primaryimage"},"thumbnailUrl":"https:\/\/www.audacieuse-galerie.ch\/wp-content\/uploads\/2017\/06\/271-Neissenee.jpg","datePublished":"2017-06-19T09:12:32+00:00","dateModified":"2026-08-13T18:22:44+00:00","description":"Art photography: Néïssénée - Audacieuse-Galerie","breadcrumb":{"@id":"https:\/\/www.audacieuse-galerie.ch\/en\/produit\/neissenee-2\/#breadcrumb"},"inLanguage":"en-US","potentialAction":[{"@type":"ReadAction","target":["https:\/\/www.audacieuse-galerie.ch\/en\/produit\/neissenee-2\/"]}]},{"@type":"ImageObject","inLanguage":"en-US","@id":"https:\/\/www.audacieuse-galerie.ch\/en\/produit\/neissenee-2\/#primaryimage","url":"https:\/\/www.audacieuse-galerie.ch\/wp-content\/uploads\/2017\/06\/271-Neissenee.jpg","contentUrl":"https:\/\/www.audacieuse-galerie.ch\/wp-content\/uploads\/2017\/06\/271-Neissenee.jpg","width":1000,"height":1000,"caption":"Neïssénée"},{"@type":"BreadcrumbList","@id":"https:\/\/www.audacieuse-galerie.ch\/en\/produit\/neissenee-2\/#breadcrumb","itemListElement":[{"@type":"ListItem","position":1,"name":"Home","item":"https:\/\/www.audacieuse-galerie.ch\/en\/"},{"@type":"ListItem","position":2,"name":"Shop","item":"https:\/\/www.audacieuse-galerie.ch\/en\/shop\/"},{"@type":"ListItem","position":3,"name":"Art photography: Néïssénée"}]},{"@type":"WebSite","@id":"https:\/\/www.audacieuse-galerie.ch\/en\/#website","url":"https:\/\/www.audacieuse-galerie.ch\/en\/","name":"Audacieuse-Galerie","description":"Mode et Images","potentialAction":[{"@type":"SearchAction","target":{"@type":"EntryPoint","urlTemplate":"https:\/\/www.audacieuse-galerie.ch\/en\/?s={search_term_string}"},"query-input":{"@type":"PropertyValueSpecification","valueRequired":true,"valueName":"search_term_string"}}],"inLanguage":"en-US"}]}</script>
<!-- / Yoast SEO plugin. -->

Art photography: Néïssénée - Audacieuse-Galerie

Neïssénée
