{"id":17810,"date":"2017-06-19T22:31:56","date_gmt":"2017-06-19T20:31:56","guid":{"rendered":"https:\/\/woo.audacieuse-galerie.ch\/produit\/danaides-2\/"},"modified":"2026-08-13T20:22:40","modified_gmt":"2026-08-13T18:22:40","slug":"danaides-2","status":"publish","type":"product","link":"https:\/\/www.audacieuse-galerie.ch\/en\/produit\/danaides-2\/","title":{"rendered":"Art Photography: Dana\u00efdes"},"content":{"rendered":"<p>Dana\u00efdes, a limited edition piece, explores the theme of envy and desire, we print it on Fine Art Hahnem\u00fchle paper<\/p>\n<p>A limited edition author&#8217;s image, this piece fits naturally into a variety of environments.<\/p>\n<p style=\"margin-bottom:0cm;\">Thrown into Tartarus after their trial, the 50 sisters were condemned to fill a bottomless jar for eternity. Like the original fault, they pay for the mistake committed for eternity. Beyond the Greek tragedy from which they come, it is the philosophical and universal aspect of the Envy\/Desire seal that is at play, where envy proceeds from emptiness, while desire proceeds from fullness! One is collapse while the other is gushing. Treated here in the stellar mode of a solar gush immediately engulfed in the gaping hole of a black hole! Unbeknownst to them, they replay in each of them the trilogy of the Weaving Fates of the thread of human life, broken at its end by the implacable blade of Atropos and recovered by Clotos to create a new strand! The cycle again generated, the Astral Ouroboros as a solution to the Ying\/Yang duality.      <\/p>\n","protected":false},"excerpt":{"rendered":"<p>Thrown into Tartarus after their trial, the 50 sisters were condemned to fill a bottomless jar for eternity.<\/p>\n<p>Photographic work available in limited edition.<\/p>\n<p>Dana\u00efdes, limited edition, printed on Hahnem\u00fchle<\/p>\n","protected":false},"featured_media":17764,"comment_status":"open","ping_status":"closed","template":"","meta":{"_glsr_average":0,"_glsr_ranking":0,"_glsr_reviews":0,"jetpack_publicize_message":"","jetpack_publicize_feature_enabled":true,"jetpack_social_post_already_shared":true,"jetpack_social_options":{"image_generator_settings":{"template":"highway","default_image_id":0,"font":"","enabled":false},"version":2}},"product_brand":[],"product_cat":[112,178,154,2218],"product_tag":[],"class_list":["post-17810","product","type-product","status-publish","has-post-thumbnail","product_cat-color","product_cat-experimental-methods","product_cat-graphic","product_cat-photographer-maximilien-minsk","pa_dimensions-85x170cm-en","pa_encadrements-black-en","pa_encadrements-clearwood-en","pa_encadrements-cream-en","pa_encadrements-darkwood-en","pa_encadrements-grey-en","pa_encadrements-none-en","pa_encadrements-white-en","pa_oeuvresnumerotees_limitees-10originals-en","pa_protectionfinitionsupport-6e-artpaperondibondraluminiu-en","pa_protectionfinitionsupport-high-quality-fine-art-paper","pa_protectionfinitionsupport-printunderacrylglass-en","pa_techniquesphotographiques-alternativeprocesses-en","pa_techniquesphotographiques-color-en","pa_themesphotographiques-graphic-en","pa_themesphotographiques-human-en","first","instock","taxable","shipping-taxable","purchasable","product-type-variable","has-default-attributes"],"yoast_head":"<!-- This site is optimized with the Yoast SEO plugin v28.3 - https:\/\/yoast.com\/product\/yoast-seo-wordpress\/ -->\n<title>Art Photography: Dana\u00efdes - Audacieuse-Galerie<\/title>\n<meta name=\"description\" content=\"Art Photography: Dana\u00efdes - Audacieuse-Galerie\" \/>\n<meta name=\"robots\" content=\"index, follow, max-snippet:-1, max-image-preview:large, max-video-preview:-1\" \/>\n<link rel=\"canonical\" href=\"https:\/\/www.audacieuse-galerie.ch\/en\/produit\/danaides-2\/\" \/>\n<meta property=\"og:locale\" content=\"en_US\" \/>\n<meta property=\"og:type\" content=\"article\" \/>\n<meta property=\"og:title\" content=\"Art Photography: Dana\u00efdes - Audacieuse-Galerie\" \/>\n<meta property=\"og:description\" content=\"Art Photography: Dana\u00efdes - Audacieuse-Galerie\" \/>\n<meta property=\"og:url\" content=\"https:\/\/www.audacieuse-galerie.ch\/en\/produit\/danaides-2\/\" \/>\n<meta property=\"og:site_name\" content=\"Audacieuse-Galerie\" \/>\n<meta property=\"article:publisher\" content=\"https:\/\/www.facebook.com\/audacieuse.galerie\" \/>\n<meta property=\"article:modified_time\" content=\"2026-08-13T18:22:40+00:00\" \/>\n<meta property=\"og:image\" content=\"https:\/\/www.audacieuse-galerie.ch\/wp-content\/uploads\/2017\/06\/708-Danaides.jpg\" \/>\n\t<meta property=\"og:image:width\" content=\"500\" \/>\n\t<meta property=\"og:image:height\" content=\"1000\" \/>\n\t<meta property=\"og:image:type\" content=\"image\/jpeg\" \/>\n<meta name=\"twitter:card\" content=\"summary_large_image\" \/>\n<meta name=\"twitter:label1\" content=\"Est. reading time\" \/>\n\t<meta name=\"twitter:data1\" content=\"1 minute\" \/>\n<script type=\"application\/ld+json\" class=\"yoast-schema-graph\">{\"@context\":\"https:\\\/\\\/schema.org\",\"@graph\":[{\"@type\":\"WebPage\",\"@id\":\"https:\\\/\\\/www.audacieuse-galerie.ch\\\/en\\\/produit\\\/danaides-2\\\/\",\"url\":\"https:\\\/\\\/www.audacieuse-galerie.ch\\\/en\\\/produit\\\/danaides-2\\\/\",\"name\":\"Art Photography: Dana\u00efdes - Audacieuse-Galerie\",\"isPartOf\":{\"@id\":\"https:\\\/\\\/www.audacieuse-galerie.ch\\\/en\\\/#website\"},\"primaryImageOfPage\":{\"@id\":\"https:\\\/\\\/www.audacieuse-galerie.ch\\\/en\\\/produit\\\/danaides-2\\\/#primaryimage\"},\"image\":{\"@id\":\"https:\\\/\\\/www.audacieuse-galerie.ch\\\/en\\\/produit\\\/danaides-2\\\/#primaryimage\"},\"thumbnailUrl\":\"https:\\\/\\\/www.audacieuse-galerie.ch\\\/wp-content\\\/uploads\\\/2017\\\/06\\\/708-Danaides.jpg\",\"datePublished\":\"2017-06-19T20:31:56+00:00\",\"dateModified\":\"2026-08-13T18:22:40+00:00\",\"description\":\"Art Photography: Dana\u00efdes - Audacieuse-Galerie\",\"breadcrumb\":{\"@id\":\"https:\\\/\\\/www.audacieuse-galerie.ch\\\/en\\\/produit\\\/danaides-2\\\/#breadcrumb\"},\"inLanguage\":\"en-US\",\"potentialAction\":[{\"@type\":\"ReadAction\",\"target\":[\"https:\\\/\\\/www.audacieuse-galerie.ch\\\/en\\\/produit\\\/danaides-2\\\/\"]}]},{\"@type\":\"ImageObject\",\"inLanguage\":\"en-US\",\"@id\":\"https:\\\/\\\/www.audacieuse-galerie.ch\\\/en\\\/produit\\\/danaides-2\\\/#primaryimage\",\"url\":\"https:\\\/\\\/www.audacieuse-galerie.ch\\\/wp-content\\\/uploads\\\/2017\\\/06\\\/708-Danaides.jpg\",\"contentUrl\":\"https:\\\/\\\/www.audacieuse-galerie.ch\\\/wp-content\\\/uploads\\\/2017\\\/06\\\/708-Danaides.jpg\",\"width\":500,\"height\":1000,\"caption\":\"Dana\u00efdes\"},{\"@type\":\"BreadcrumbList\",\"@id\":\"https:\\\/\\\/www.audacieuse-galerie.ch\\\/en\\\/produit\\\/danaides-2\\\/#breadcrumb\",\"itemListElement\":[{\"@type\":\"ListItem\",\"position\":1,\"name\":\"Home\",\"item\":\"https:\\\/\\\/www.audacieuse-galerie.ch\\\/en\\\/\"},{\"@type\":\"ListItem\",\"position\":2,\"name\":\"Shop\",\"item\":\"https:\\\/\\\/www.audacieuse-galerie.ch\\\/en\\\/shop\\\/\"},{\"@type\":\"ListItem\",\"position\":3,\"name\":\"Art Photography: Dana\u00efdes\"}]},{\"@type\":\"WebSite\",\"@id\":\"https:\\\/\\\/www.audacieuse-galerie.ch\\\/en\\\/#website\",\"url\":\"https:\\\/\\\/www.audacieuse-galerie.ch\\\/en\\\/\",\"name\":\"Audacieuse-Galerie\",\"description\":\"Mode et Images\",\"potentialAction\":[{\"@type\":\"SearchAction\",\"target\":{\"@type\":\"EntryPoint\",\"urlTemplate\":\"https:\\\/\\\/www.audacieuse-galerie.ch\\\/en\\\/?s={search_term_string}\"},\"query-input\":{\"@type\":\"PropertyValueSpecification\",\"valueRequired\":true,\"valueName\":\"search_term_string\"}}],\"inLanguage\":\"en-US\"}]}<\/script>\n<!-- \/ Yoast SEO plugin. -->","yoast_head_json":{"title":"Art Photography: Dana\u00efdes - Audacieuse-Galerie","description":"Art Photography: Dana\u00efdes - Audacieuse-Galerie","robots":{"index":"index","follow":"follow","max-snippet":"max-snippet:-1","max-image-preview":"max-image-preview:large","max-video-preview":"max-video-preview:-1"},"canonical":"https:\/\/www.audacieuse-galerie.ch\/en\/produit\/danaides-2\/","og_locale":"en_US","og_type":"article","og_title":"Art Photography: Dana\u00efdes - Audacieuse-Galerie","og_description":"Art Photography: Dana\u00efdes - Audacieuse-Galerie","og_url":"https:\/\/www.audacieuse-galerie.ch\/en\/produit\/danaides-2\/","og_site_name":"Audacieuse-Galerie","article_publisher":"https:\/\/www.facebook.com\/audacieuse.galerie","article_modified_time":"2026-08-13T18:22:40+00:00","og_image":[{"width":500,"height":1000,"url":"https:\/\/www.audacieuse-galerie.ch\/wp-content\/uploads\/2017\/06\/708-Danaides.jpg","type":"image\/jpeg"}],"twitter_card":"summary_large_image","twitter_misc":{"Est. reading time":"1 minute"},"schema":{"@context":"https:\/\/schema.org","@graph":[{"@type":"WebPage","@id":"https:\/\/www.audacieuse-galerie.ch\/en\/produit\/danaides-2\/","url":"https:\/\/www.audacieuse-galerie.ch\/en\/produit\/danaides-2\/","name":"Art Photography: Dana\u00efdes - Audacieuse-Galerie","isPartOf":{"@id":"https:\/\/www.audacieuse-galerie.ch\/en\/#website"},"primaryImageOfPage":{"@id":"https:\/\/www.audacieuse-galerie.ch\/en\/produit\/danaides-2\/#primaryimage"},"image":{"@id":"https:\/\/www.audacieuse-galerie.ch\/en\/produit\/danaides-2\/#primaryimage"},"thumbnailUrl":"https:\/\/www.audacieuse-galerie.ch\/wp-content\/uploads\/2017\/06\/708-Danaides.jpg","datePublished":"2017-06-19T20:31:56+00:00","dateModified":"2026-08-13T18:22:40+00:00","description":"Art Photography: Dana\u00efdes - Audacieuse-Galerie","breadcrumb":{"@id":"https:\/\/www.audacieuse-galerie.ch\/en\/produit\/danaides-2\/#breadcrumb"},"inLanguage":"en-US","potentialAction":[{"@type":"ReadAction","target":["https:\/\/www.audacieuse-galerie.ch\/en\/produit\/danaides-2\/"]}]},{"@type":"ImageObject","inLanguage":"en-US","@id":"https:\/\/www.audacieuse-galerie.ch\/en\/produit\/danaides-2\/#primaryimage","url":"https:\/\/www.audacieuse-galerie.ch\/wp-content\/uploads\/2017\/06\/708-Danaides.jpg","contentUrl":"https:\/\/www.audacieuse-galerie.ch\/wp-content\/uploads\/2017\/06\/708-Danaides.jpg","width":500,"height":1000,"caption":"Dana\u00efdes"},{"@type":"BreadcrumbList","@id":"https:\/\/www.audacieuse-galerie.ch\/en\/produit\/danaides-2\/#breadcrumb","itemListElement":[{"@type":"ListItem","position":1,"name":"Home","item":"https:\/\/www.audacieuse-galerie.ch\/en\/"},{"@type":"ListItem","position":2,"name":"Shop","item":"https:\/\/www.audacieuse-galerie.ch\/en\/shop\/"},{"@type":"ListItem","position":3,"name":"Art Photography: Dana\u00efdes"}]},{"@type":"WebSite","@id":"https:\/\/www.audacieuse-galerie.ch\/en\/#website","url":"https:\/\/www.audacieuse-galerie.ch\/en\/","name":"Audacieuse-Galerie","description":"Mode et Images","potentialAction":[{"@type":"SearchAction","target":{"@type":"EntryPoint","urlTemplate":"https:\/\/www.audacieuse-galerie.ch\/en\/?s={search_term_string}"},"query-input":{"@type":"PropertyValueSpecification","valueRequired":true,"valueName":"search_term_string"}}],"inLanguage":"en-US"}]}},"jetpack_publicize_connections":[],"_links":{"self":[{"href":"https:\/\/www.audacieuse-galerie.ch\/en\/wp-json\/wp\/v2\/product\/17810","targetHints":{"allow":["GET"]}}],"collection":[{"href":"https:\/\/www.audacieuse-galerie.ch\/en\/wp-json\/wp\/v2\/product"}],"about":[{"href":"https:\/\/www.audacieuse-galerie.ch\/en\/wp-json\/wp\/v2\/types\/product"}],"replies":[{"embeddable":true,"href":"https:\/\/www.audacieuse-galerie.ch\/en\/wp-json\/wp\/v2\/comments?post=17810"}],"version-history":[{"count":1,"href":"https:\/\/www.audacieuse-galerie.ch\/en\/wp-json\/wp\/v2\/product\/17810\/revisions"}],"predecessor-version":[{"id":166749,"href":"https:\/\/www.audacieuse-galerie.ch\/en\/wp-json\/wp\/v2\/product\/17810\/revisions\/166749"}],"wp:featuredmedia":[{"embeddable":true,"href":"https:\/\/www.audacieuse-galerie.ch\/en\/wp-json\/wp\/v2\/media\/17764"}],"wp:attachment":[{"href":"https:\/\/www.audacieuse-galerie.ch\/en\/wp-json\/wp\/v2\/media?parent=17810"}],"wp:term":[{"taxonomy":"product_brand","embeddable":true,"href":"https:\/\/www.audacieuse-galerie.ch\/en\/wp-json\/wp\/v2\/product_brand?post=17810"},{"taxonomy":"product_cat","embeddable":true,"href":"https:\/\/www.audacieuse-galerie.ch\/en\/wp-json\/wp\/v2\/product_cat?post=17810"},{"taxonomy":"product_tag","embeddable":true,"href":"https:\/\/www.audacieuse-galerie.ch\/en\/wp-json\/wp\/v2\/product_tag?post=17810"}],"curies":[{"name":"wp","href":"https:\/\/api.w.org\/{rel}","templated":true}]}}

Art Photography: Danaïdes

<p>Danaïdes, a limited edition piece, explores the theme of envy and desire, we print it on Fine Art Hahnemühle paper</p>
<p>A limited edition author&#8217;s image, this piece fits naturally into a variety of environments.</p>
<p style="margin-bottom:0cm;">Thrown into Tartarus after their trial, the 50 sisters were condemned to fill a bottomless jar for eternity. Like the original fault, they pay for the mistake committed for eternity. Beyond the Greek tragedy from which they come, it is the philosophical and universal aspect of the Envy/Desire seal that is at play, where envy proceeds from emptiness, while desire proceeds from fullness! One is collapse while the other is gushing. Treated here in the stellar mode of a solar gush immediately engulfed in the gaping hole of a black hole! Unbeknownst to them, they replay in each of them the trilogy of the Weaving Fates of the thread of human life, broken at its end by the implacable blade of Atropos and recovered by Clotos to create a new strand! The cycle again generated, the Astral Ouroboros as a solution to the Ying/Yang duality.      </p>

<p>Thrown into Tartarus after their trial, the 50 sisters were condemned to fill a bottomless jar for eternity.</p>
<p>Photographic work available in limited edition.</p>
<p>Danaïdes, limited edition, printed on Hahnemühle</p>

<!-- This site is optimized with the Yoast SEO plugin v28.3 - https://yoast.com/product/yoast-seo-wordpress/ -->
<title>Art Photography: Danaïdes - Audacieuse-Galerie</title>
<meta name="description" content="Art Photography: Danaïdes - Audacieuse-Galerie" />
<meta name="robots" content="index, follow, max-snippet:-1, max-image-preview:large, max-video-preview:-1" />
<link rel="canonical" href="https://www.audacieuse-galerie.ch/en/produit/danaides-2/" />
<meta property="og:locale" content="en_US" />
<meta property="og:type" content="article" />
<meta property="og:title" content="Art Photography: Danaïdes - Audacieuse-Galerie" />
<meta property="og:description" content="Art Photography: Danaïdes - Audacieuse-Galerie" />
<meta property="og:url" content="https://www.audacieuse-galerie.ch/en/produit/danaides-2/" />
<meta property="og:site_name" content="Audacieuse-Galerie" />
<meta property="article:publisher" content="https://www.facebook.com/audacieuse.galerie" />
<meta property="article:modified_time" content="2026-08-13T18:22:40+00:00" />
<meta property="og:image" content="https://www.audacieuse-galerie.ch/wp-content/uploads/2017/06/708-Danaides.jpg" />
	<meta property="og:image:width" content="500" />
	<meta property="og:image:height" content="1000" />
	<meta property="og:image:type" content="image/jpeg" />
<meta name="twitter:card" content="summary_large_image" />
<meta name="twitter:label1" content="Est. reading time" />
	<meta name="twitter:data1" content="1 minute" />
<script type="application/ld+json" class="yoast-schema-graph">{"@context":"https:\/\/schema.org","@graph":[{"@type":"WebPage","@id":"https:\/\/www.audacieuse-galerie.ch\/en\/produit\/danaides-2\/","url":"https:\/\/www.audacieuse-galerie.ch\/en\/produit\/danaides-2\/","name":"Art Photography: Danaïdes - Audacieuse-Galerie","isPartOf":{"@id":"https:\/\/www.audacieuse-galerie.ch\/en\/#website"},"primaryImageOfPage":{"@id":"https:\/\/www.audacieuse-galerie.ch\/en\/produit\/danaides-2\/#primaryimage"},"image":{"@id":"https:\/\/www.audacieuse-galerie.ch\/en\/produit\/danaides-2\/#primaryimage"},"thumbnailUrl":"https:\/\/www.audacieuse-galerie.ch\/wp-content\/uploads\/2017\/06\/708-Danaides.jpg","datePublished":"2017-06-19T20:31:56+00:00","dateModified":"2026-08-13T18:22:40+00:00","description":"Art Photography: Danaïdes - Audacieuse-Galerie","breadcrumb":{"@id":"https:\/\/www.audacieuse-galerie.ch\/en\/produit\/danaides-2\/#breadcrumb"},"inLanguage":"en-US","potentialAction":[{"@type":"ReadAction","target":["https:\/\/www.audacieuse-galerie.ch\/en\/produit\/danaides-2\/"]}]},{"@type":"ImageObject","inLanguage":"en-US","@id":"https:\/\/www.audacieuse-galerie.ch\/en\/produit\/danaides-2\/#primaryimage","url":"https:\/\/www.audacieuse-galerie.ch\/wp-content\/uploads\/2017\/06\/708-Danaides.jpg","contentUrl":"https:\/\/www.audacieuse-galerie.ch\/wp-content\/uploads\/2017\/06\/708-Danaides.jpg","width":500,"height":1000,"caption":"Danaïdes"},{"@type":"BreadcrumbList","@id":"https:\/\/www.audacieuse-galerie.ch\/en\/produit\/danaides-2\/#breadcrumb","itemListElement":[{"@type":"ListItem","position":1,"name":"Home","item":"https:\/\/www.audacieuse-galerie.ch\/en\/"},{"@type":"ListItem","position":2,"name":"Shop","item":"https:\/\/www.audacieuse-galerie.ch\/en\/shop\/"},{"@type":"ListItem","position":3,"name":"Art Photography: Danaïdes"}]},{"@type":"WebSite","@id":"https:\/\/www.audacieuse-galerie.ch\/en\/#website","url":"https:\/\/www.audacieuse-galerie.ch\/en\/","name":"Audacieuse-Galerie","description":"Mode et Images","potentialAction":[{"@type":"SearchAction","target":{"@type":"EntryPoint","urlTemplate":"https:\/\/www.audacieuse-galerie.ch\/en\/?s={search_term_string}"},"query-input":{"@type":"PropertyValueSpecification","valueRequired":true,"valueName":"search_term_string"}}],"inLanguage":"en-US"}]}</script>
<!-- / Yoast SEO plugin. -->

Art Photography: Danaïdes - Audacieuse-Galerie

Danaïdes
